{"id":100,"date":"2020-06-10T13:44:09","date_gmt":"2020-06-10T16:44:09","guid":{"rendered":"https:\/\/gyro.ct.utfpr.edu.br\/?page_id=100"},"modified":"2024-04-22T16:39:34","modified_gmt":"2024-04-22T19:39:34","slug":"gyro-4-life","status":"publish","type":"page","link":"https:\/\/utfpr.curitiba.br\/gyro\/gyro-4-life\/","title":{"rendered":"4LIFE"},"content":{"rendered":"\n<p>Em 31 de dezembro de 2019 foi identificado um cluster de casos de pneumonia em Wuhan, China, tendo sido constatado mais tarde que foi causado por um v\u00edrus, o SARS-CoV-2. Desde ent\u00e3o, o n\u00famero de casos vem crescendo em todo o mundo. No Brasil, o primeiro caso confirmado foi registrado em 26 de fevereiro de 2020 em S\u00e3o Paulo.&nbsp;<\/p>\n\n\n\n<p>O projeto Gyro 4Life surgiu da necessidade de informa\u00e7\u00f5es regionalizadas e atualizadas para tomada de decis\u00e3o referente ao Covid-19, seja do poder p\u00fablico, seja da popula\u00e7\u00e3o e tem o apoio do Minist\u00e9rio da Educa\u00e7\u00e3o via UTFPR.<\/p>\n\n\n\n<p>Apesar de existirem estudos simulando \u00f3bitos para o Brasil, Estados e alguns munic\u00edpios, a disponibilidade atualizada e de forma regionalizada \u00e9 limitada. Assim sendo, al\u00e9m dos dados de casos e \u00f3bitos di\u00e1rios, acumulados e por milh\u00e3o de popula\u00e7\u00e3o da Covid-19, foram publicados gr\u00e1ficos din\u00e2micos comparativos e resultados de simula\u00e7\u00e3o para os pr\u00f3ximos 20 dias. <\/p>\n\n\n\n<p>Com isso, o Gyro contribuiu para os tomadores de decis\u00e3o, tendo sido uma das <a href=\"https:\/\/acao.utfpr.edu.br\/acao\/77\/\">a\u00e7\u00f5es da UTFPR<\/a> cadastrada e apoiada pelo <a href=\"http:\/\/portal.mec.gov.br\/coronavirus\/\">MEC<\/a> para enfrentar a pandemia. <\/p>\n\n\n\n<figure class=\"wp-block-image size-full\"><img fetchpriority=\"high\" decoding=\"async\" width=\"941\" height=\"696\" src=\"https:\/\/utfpr-ct-static-content.s3.amazonaws.com\/utfpr.curitiba.br\/wp-content\/uploads\/sites\/82\/2024\/04\/image.png\" alt=\"\" class=\"wp-image-842\" srcset=\"https:\/\/utfpr-ct-static-content.s3.amazonaws.com\/utfpr.curitiba.br\/wp-content\/uploads\/sites\/82\/2024\/04\/image.png 941w, https:\/\/utfpr-ct-static-content.s3.amazonaws.com\/utfpr.curitiba.br\/wp-content\/uploads\/sites\/82\/2024\/04\/image-300x222.png 300w, https:\/\/utfpr-ct-static-content.s3.amazonaws.com\/utfpr.curitiba.br\/wp-content\/uploads\/sites\/82\/2024\/04\/image-768x568.png 768w, https:\/\/utfpr-ct-static-content.s3.amazonaws.com\/utfpr.curitiba.br\/wp-content\/uploads\/sites\/82\/2024\/04\/image-81x60.png 81w\" sizes=\"(max-width: 941px) 100vw, 941px\" \/><\/figure>\n\n\n\n<p><\/p>\n","protected":false},"excerpt":{"rendered":"<p>Em 31 de dezembro de 2019 foi identificado um cluster de casos de pneumonia em Wuhan, China, tendo sido constatado mais tarde que foi causado por um v\u00edrus, o SARS-CoV-2. &hellip; <\/p>\n","protected":false},"author":4,"featured_media":0,"parent":0,"menu_order":0,"comment_status":"closed","ping_status":"closed","template":"","meta":{"footnotes":""},"class_list":["post-100","page","type-page","status-publish","hentry"],"_links":{"self":[{"href":"https:\/\/utfpr.curitiba.br\/gyro\/wp-json\/wp\/v2\/pages\/100","targetHints":{"allow":["GET"]}}],"collection":[{"href":"https:\/\/utfpr.curitiba.br\/gyro\/wp-json\/wp\/v2\/pages"}],"about":[{"href":"https:\/\/utfpr.curitiba.br\/gyro\/wp-json\/wp\/v2\/types\/page"}],"author":[{"embeddable":true,"href":"https:\/\/utfpr.curitiba.br\/gyro\/wp-json\/wp\/v2\/users\/4"}],"replies":[{"embeddable":true,"href":"https:\/\/utfpr.curitiba.br\/gyro\/wp-json\/wp\/v2\/comments?post=100"}],"version-history":[{"count":17,"href":"https:\/\/utfpr.curitiba.br\/gyro\/wp-json\/wp\/v2\/pages\/100\/revisions"}],"predecessor-version":[{"id":843,"href":"https:\/\/utfpr.curitiba.br\/gyro\/wp-json\/wp\/v2\/pages\/100\/revisions\/843"}],"wp:attachment":[{"href":"https:\/\/utfpr.curitiba.br\/gyro\/wp-json\/wp\/v2\/media?parent=100"}],"curies":[{"name":"wp","href":"https:\/\/api.w.org\/{rel}","templated":true}]}}