{"id":65,"date":"2023-08-31T14:31:15","date_gmt":"2023-08-31T17:31:15","guid":{"rendered":"https:\/\/utfpr.curitiba.br\/grupoxue\/?page_id=65"},"modified":"2024-11-28T22:30:38","modified_gmt":"2024-11-29T01:30:38","slug":"uma-decada-de-historia","status":"publish","type":"page","link":"https:\/\/utfpr.curitiba.br\/grupoxue\/?page_id=65","title":{"rendered":"uma d\u00e9cada de hist\u00f3ria"},"content":{"rendered":"\t\t<div data-elementor-type=\"wp-page\" data-elementor-id=\"65\" class=\"elementor elementor-65\">\n\t\t\t\t\t\t<section class=\"elementor-section elementor-top-section elementor-element elementor-element-a17525d elementor-section-boxed elementor-section-height-default elementor-section-height-default\" data-id=\"a17525d\" data-element_type=\"section\" data-e-type=\"section\">\n\t\t\t\t\t\t<div class=\"elementor-container elementor-column-gap-default\">\n\t\t\t\t\t<div class=\"elementor-column elementor-col-100 elementor-top-column elementor-element elementor-element-7cecf7c\" data-id=\"7cecf7c\" data-element_type=\"column\" data-e-type=\"column\">\n\t\t\t<div class=\"elementor-widget-wrap elementor-element-populated\">\n\t\t\t\t\t\t<div class=\"elementor-element elementor-element-566203a elementor-widget elementor-widget-image\" data-id=\"566203a\" data-element_type=\"widget\" data-e-type=\"widget\" data-widget_type=\"image.default\">\n\t\t\t\t<div class=\"elementor-widget-container\">\n\t\t\t\t\t\t\t\t\t\t\t\t<figure class=\"wp-caption\">\n\t\t\t\t\t\t\t\t\t\t\t<a href=\"https:\/\/nuvem.utfpr.edu.br\/index.php\/s\/k0aTU8plMvzaknv\" target=\"_blank\">\n\t\t\t\t\t\t\t<img fetchpriority=\"high\" decoding=\"async\" width=\"580\" height=\"821\" src=\"https:\/\/utfpr-ct-static-content.s3.amazonaws.com\/utfpr.curitiba.br\/wp-content\/uploads\/sites\/81\/2024\/11\/CapaLivroXue10anos-768x1087.jpeg\" class=\"attachment-medium_large size-medium_large wp-image-277\" alt=\"Capa do livro Xu\u00ea participa\u00e7\u00e3o intera\u00e7\u00e3o &amp; computa\u00e7\u00e3o - Reflex\u00f5es de uma d\u00e9cada.\" srcset=\"https:\/\/utfpr-ct-static-content.s3.amazonaws.com\/utfpr.curitiba.br\/wp-content\/uploads\/sites\/81\/2024\/11\/CapaLivroXue10anos-768x1087.jpeg 768w, https:\/\/utfpr-ct-static-content.s3.amazonaws.com\/utfpr.curitiba.br\/wp-content\/uploads\/sites\/81\/2024\/11\/CapaLivroXue10anos-212x300.jpeg 212w, https:\/\/utfpr-ct-static-content.s3.amazonaws.com\/utfpr.curitiba.br\/wp-content\/uploads\/sites\/81\/2024\/11\/CapaLivroXue10anos-724x1024.jpeg 724w, https:\/\/utfpr-ct-static-content.s3.amazonaws.com\/utfpr.curitiba.br\/wp-content\/uploads\/sites\/81\/2024\/11\/CapaLivroXue10anos-1086x1536.jpeg 1086w, https:\/\/utfpr-ct-static-content.s3.amazonaws.com\/utfpr.curitiba.br\/wp-content\/uploads\/sites\/81\/2024\/11\/CapaLivroXue10anos-1448x2048.jpeg 1448w, https:\/\/utfpr-ct-static-content.s3.amazonaws.com\/utfpr.curitiba.br\/wp-content\/uploads\/sites\/81\/2024\/11\/CapaLivroXue10anos-1200x1698.jpeg 1200w, https:\/\/utfpr-ct-static-content.s3.amazonaws.com\/utfpr.curitiba.br\/wp-content\/uploads\/sites\/81\/2024\/11\/CapaLivroXue10anos-scaled.jpeg 1809w\" sizes=\"(max-width: 580px) 100vw, 580px\" \/>\t\t\t\t\t\t\t\t<\/a>\n\t\t\t\t\t\t\t\t\t\t\t<figcaption class=\"widget-image-caption wp-caption-text\">Clique na imagem para baixar o arquivo PDF do livro.<\/figcaption>\n\t\t\t\t\t\t\t\t\t\t<\/figure>\n\t\t\t\t\t\t\t\t\t<\/div>\n\t\t\t\t<\/div>\n\t\t\t\t\t<\/div>\n\t\t<\/div>\n\t\t\t\t\t<\/div>\n\t\t<\/section>\n\t\t\t\t<section class=\"elementor-section elementor-top-section elementor-element elementor-element-72b9ef3 elementor-section-boxed elementor-section-height-default elementor-section-height-default\" data-id=\"72b9ef3\" data-element_type=\"section\" data-e-type=\"section\">\n\t\t\t\t\t\t<div class=\"elementor-container elementor-column-gap-default\">\n\t\t\t\t\t<div class=\"elementor-column elementor-col-100 elementor-top-column elementor-element elementor-element-b44a3f2\" data-id=\"b44a3f2\" data-element_type=\"column\" data-e-type=\"column\">\n\t\t\t<div class=\"elementor-widget-wrap elementor-element-populated\">\n\t\t\t\t\t\t<div class=\"elementor-element elementor-element-83e7581 elementor-widget elementor-widget-heading\" data-id=\"83e7581\" data-element_type=\"widget\" data-e-type=\"widget\" data-widget_type=\"heading.default\">\n\t\t\t\t<div class=\"elementor-widget-container\">\n\t\t\t\t\t<h2 class=\"elementor-heading-title elementor-size-default\">Dados da obra<\/h2>\t\t\t\t<\/div>\n\t\t\t\t<\/div>\n\t\t\t\t<div class=\"elementor-element elementor-element-bbc074c elementor-widget elementor-widget-text-editor\" data-id=\"bbc074c\" data-element_type=\"widget\" data-e-type=\"widget\" data-widget_type=\"text-editor.default\">\n\t\t\t\t<div class=\"elementor-widget-container\">\n\t\t\t\t\t\t\t\t\t<p><strong>T\u00edtulo<\/strong>: Xu\u00ea &#8211; Participa\u00e7\u00e3o, Intera\u00e7\u00e3o &amp; Computa\u00e7\u00e3o: Reflex\u00f5es de uma d\u00e9cada.<\/p><p><strong>Organiza\u00e7\u00e3o<\/strong>: Leander Cordeiro de Oliveira, Larissa Paschoalin, Mar\u00edlia Abrah\u00e3o Amaral e Leonelo Dell Anhol Almeida.<\/p><p><strong>Publica\u00e7\u00e3o<\/strong>: Novembro de 2024.<\/p><p><strong>Revis\u00e3o Geral<\/strong>: Cindy Gleyce Santos Luiz, Leonelo Dell Anhol Almeida e Mar\u00edlia Abrah\u00e3o Amaral.<\/p><p><strong>Projeto Gr\u00e1fico<\/strong>: Helen Vanessa Melezinski, Larissa Paschoalin, Leander Cordeiro de Oliveira, Let\u00edcia Gondo Chinen e Ma\u00edra Fernandes Costa.<\/p><p><strong>Projeto Editorial e Diagrama\u00e7\u00e3o<\/strong>: Larissa Paschoalin e Leander Cordeiro de Oliveira.<\/p><p><strong>Curadoria de Imagens<\/strong>: Pessoas participantes do Grupo Xu\u00ea.<\/p>\t\t\t\t\t\t\t\t<\/div>\n\t\t\t\t<\/div>\n\t\t\t\t<div class=\"elementor-element elementor-element-d4b49e0 elementor-widget elementor-widget-heading\" data-id=\"d4b49e0\" data-element_type=\"widget\" data-e-type=\"widget\" data-widget_type=\"heading.default\">\n\t\t\t\t<div class=\"elementor-widget-container\">\n\t\t\t\t\t<h2 class=\"elementor-heading-title elementor-size-default\">Apresenta\u00e7\u00e3o<\/h2>\t\t\t\t<\/div>\n\t\t\t\t<\/div>\n\t\t\t\t<div class=\"elementor-element elementor-element-981bbce elementor-widget elementor-widget-text-editor\" data-id=\"981bbce\" data-element_type=\"widget\" data-e-type=\"widget\" data-widget_type=\"text-editor.default\">\n\t\t\t\t<div class=\"elementor-widget-container\">\n\t\t\t\t\t\t\t\t\t<p>Durante esta d\u00e9cada de exist\u00eancia, o Grupo Xu\u00ea &#8211; Participa\u00e7\u00e3o, Intera\u00e7\u00e3o &amp; Computa\u00e7\u00e3o tem se envolvido em pesquisas de diversas naturezas e prop\u00f3sitos. Estas pesquisas acontecem em diferentes \u00e2mbitos, como a gradua\u00e7\u00e3o e a p\u00f3s- gradua\u00e7\u00e3o, e, tamb\u00e9m, considerando a indissociabilidade entre ensino, pesquisa e extens\u00e3o, tendo a Universidade Tecnol\u00f3gica Federal do Paran\u00e1 (UTFPR) como espa\u00e7o de sua sede-est\u00fadio.<\/p><div class=\"page\" title=\"Page 7\"><div class=\"layoutArea\"><div class=\"column\"><p>O Xue\u0302 tem como principais interesses os estudos das interac\u0327o\u0303es e participac\u0327o\u0303es mediadas por tecnologias, principalmente as computacionais e informacionais. Compreende-se, nestas concepc\u0327o\u0303es que os computares se da\u0303o sempre de maneira situada e circunstanciada em sociedade, o que exige abordagens diversas e interdisciplinares para a compreensa\u0303o da pluralidade destes contextos e destas implicac\u0327o\u0303es.<\/p><\/div><div class=\"page\" title=\"Page 7\"><div class=\"layoutArea\"><div class=\"column\"><p>Neste livro esta\u0303o contadas algumas das muitas histo\u0301rias que passaram pelo Xue\u0302. Tais histo\u0301rias jamais caberiam em sua completude nestas pa\u0301ginas e sa\u0303o contadas em um processo de construc\u0327a\u0303o coletiva que envolveu pessoas de diferentes comunidades, pessoas estudantes, pessoas pesquisadoras, pessoas extensionistas. Muitos desafios esta\u0303o colocados em uma construc\u0327a\u0303o coletiva nestas configurac\u0327o\u0303es, a comec\u0327ar pela reunia\u0303o de todos estes sujeitos e resultando tambe\u0301m em relatos que sa\u0303o contextualizados e concretizados justamente neste encontro.<\/p><\/div><\/div><div class=\"page\" title=\"Page 7\"><div class=\"layoutArea\"><div class=\"column\"><p>As pa\u0301ginas que seguem apresentam momentos do processo de construc\u0327a\u0303o do Xue\u0302.<\/p><\/div><div class=\"page\" title=\"Page 7\"><div class=\"layoutArea\"><div class=\"column\"><p>Inicialmente temos um resgate dos diferentes momentos do grupo com uma entrevista feita com o professor Luiz Ernesto Merkle e apresentada no Capi\u0301tulo 1 &#8211; Prolego\u0302menos ao Xue\u0302. Diversas participac\u0327o\u0303es ocorreram no a\u0302mbito do Xue\u0302, considerando grupos e intituic\u0327o\u0303es, e algumas delas sa\u0303o apresentadas no Capi\u0301tulo 2 &#8211; Dia\u0301logos com a Comunidade. Muitas pesquisas e formac\u0327o\u0303es se consolidaram durante estes 10 anos e esta\u0303o apresentadas no Capi\u0301tulo 3 &#8211; Coaxares. Registros fotogra\u0301ficos esta\u0303o presentes no decorrer de todo o livro, mas elaborada uma selec\u0327a\u0303o de um conjunto de imagens de reunio\u0303es, encontros, ac\u0327o\u0303es do grupo que esta\u0303o compiladas no Capi\u0301tulo 4 &#8211; Xue\u0302 Cenas. O livro se encerra com algumas reflexo\u0303es sobre os pro\u0301ximos momentos do Xue\u0302, com projetos, ac\u0327o\u0303es, colaborac\u0327o\u0303es e participac\u0327o\u0303es no texto escrito pela professora Mari\u0301lia Abraha\u0303o Amaral e professor Leonelo Dell Anhol Almeida no Capi\u0301tulo 5 &#8211; Esperanc\u0327ar.<\/p><\/div><\/div><\/div><\/div><\/div><\/div><\/div><\/div>\t\t\t\t\t\t\t\t<\/div>\n\t\t\t\t<\/div>\n\t\t\t\t\t<\/div>\n\t\t<\/div>\n\t\t\t\t\t<\/div>\n\t\t<\/section>\n\t\t\t\t<\/div>\n\t\t","protected":false},"excerpt":{"rendered":"<p>Clique na imagem para baixar o arquivo PDF do livro. Dados da obra T\u00edtulo: Xu\u00ea &#8211; Participa\u00e7\u00e3o, Intera\u00e7\u00e3o &amp; Computa\u00e7\u00e3o: Reflex\u00f5es de uma d\u00e9cada. Organiza\u00e7\u00e3o: Leander Cordeiro de Oliveira, Larissa Paschoalin, Mar\u00edlia Abrah\u00e3o Amaral e Leonelo Dell Anhol Almeida. Publica\u00e7\u00e3o: Novembro de 2024. Revis\u00e3o Geral: Cindy Gleyce Santos Luiz, Leonelo Dell Anhol Almeida e Mar\u00edlia [&hellip;]<\/p>\n","protected":false},"author":226,"featured_media":0,"parent":0,"menu_order":0,"comment_status":"closed","ping_status":"closed","template":"","meta":{"footnotes":""},"class_list":["post-65","page","type-page","status-publish","hentry"],"_links":{"self":[{"href":"https:\/\/utfpr.curitiba.br\/grupoxue\/index.php?rest_route=\/wp\/v2\/pages\/65","targetHints":{"allow":["GET"]}}],"collection":[{"href":"https:\/\/utfpr.curitiba.br\/grupoxue\/index.php?rest_route=\/wp\/v2\/pages"}],"about":[{"href":"https:\/\/utfpr.curitiba.br\/grupoxue\/index.php?rest_route=\/wp\/v2\/types\/page"}],"author":[{"embeddable":true,"href":"https:\/\/utfpr.curitiba.br\/grupoxue\/index.php?rest_route=\/wp\/v2\/users\/226"}],"replies":[{"embeddable":true,"href":"https:\/\/utfpr.curitiba.br\/grupoxue\/index.php?rest_route=%2Fwp%2Fv2%2Fcomments&post=65"}],"version-history":[{"count":22,"href":"https:\/\/utfpr.curitiba.br\/grupoxue\/index.php?rest_route=\/wp\/v2\/pages\/65\/revisions"}],"predecessor-version":[{"id":300,"href":"https:\/\/utfpr.curitiba.br\/grupoxue\/index.php?rest_route=\/wp\/v2\/pages\/65\/revisions\/300"}],"wp:attachment":[{"href":"https:\/\/utfpr.curitiba.br\/grupoxue\/index.php?rest_route=%2Fwp%2Fv2%2Fmedia&parent=65"}],"curies":[{"name":"wp","href":"https:\/\/api.w.org\/{rel}","templated":true}]}}