{"id":65,"date":"2015-08-12T22:27:37","date_gmt":"2015-08-12T22:27:37","guid":{"rendered":"https:\/\/discordgrupo.wordpress.com\/?page_id=65"},"modified":"2020-05-11T20:43:02","modified_gmt":"2020-05-11T20:43:02","slug":"discord-2","status":"publish","type":"page","link":"https:\/\/utfpr.curitiba.br\/grupodiscord\/discord-2-2\/discord-2\/","title":{"rendered":"Sobre"},"content":{"rendered":"<p>O Grupo de Pesquisa Discurso, Comunica\u00e7\u00e3o e Democracia (DISCORD) tem como objetivo discutir e investigar temas pertinentes \u00e0 interface entre a Comunica\u00e7\u00e3o e a Pol\u00edtica, com \u00eanfase nos discursos que perpassam as estrat\u00e9gias de atores e organiza\u00e7\u00f5es voltadas para a pr\u00e1tica democr\u00e1tica e que se utilizam das tecnologias e das linguagens da comunica\u00e7\u00e3o.<\/p>\n<p>Institucionalmente, o DISCORD est\u00e1 ligado ao Departamento Acad\u00eamico de Linguagem e Comunica\u00e7\u00e3o e ao Programa de P\u00f3s-Gradua\u00e7\u00e3o em Planejamento e Governan\u00e7a P\u00fablica da Universidade Tecnol\u00f3gica Federal do Paran\u00e1.<\/p>\n<h5>Linhas de Pesquisa<\/h5>\n<p>Comunica\u00e7\u00e3o pol\u00edtica<br \/>Governan\u00e7a P\u00fablica<\/p>\n<h5>Temas de pesquisa<\/h5>\n<p>Democracia digital;<br \/>Comunica\u00e7\u00e3o Governamental;<br \/>Delibera\u00e7\u00e3o p\u00fablica; <br \/>M\u00eddia e elei\u00e7\u00f5es;<br \/>Pol\u00edticas de comunica\u00e7\u00e3o.<\/p>\n<h5>Outros temas de interesse<\/h5>\n<p>A comunica\u00e7\u00e3o de Estado e de seus agentes por meio das plataformas de comunica\u00e7\u00e3o digital (a exemplo de portais governamentais e p\u00e1ginas em sites de redes sociais) e tamb\u00e9m nos media tradicionais;<br \/>Constru\u00e7\u00e3o da imagem p\u00fablica pol\u00edtica, campanhas pol\u00edticas, propaganda eleitoral;<br \/>Discursos pol\u00edtico-medi\u00e1ticos;<br \/>A opini\u00e3o p\u00fablica e a constru\u00e7\u00e3o do debate de quest\u00f5es de interesse comum em esferas institucionais, na esfera p\u00fablica e nos <em>media<\/em>.<\/p>\n<h5>Financiamentos recebidos<\/h5>\n<p>CAPES<br \/>CNPq<br \/>Funda\u00e7\u00e3o Arauc\u00e1ria<\/p>\n\n\n<div class=\"wp-block-buttons is-layout-flex wp-block-buttons-is-layout-flex\"><\/div>\n","protected":false},"excerpt":{"rendered":"<p>O Grupo de Pesquisa Discurso, Comunica\u00e7\u00e3o e Democracia (DISCORD) tem como objetivo discutir e investigar temas pertinentes \u00e0 interface entre a Comunica\u00e7\u00e3o e a Pol\u00edtica, com \u00eanfase nos discursos que perpassam as estrat\u00e9gias de atores e organiza\u00e7\u00f5es voltadas para a &hellip; <a href=\"https:\/\/utfpr.curitiba.br\/grupodiscord\/discord-2-2\/discord-2\/\">Continue lendo <span class=\"meta-nav\">&rarr;<\/span><\/a><\/p>\n","protected":false},"author":5,"featured_media":0,"parent":70,"menu_order":0,"comment_status":"closed","ping_status":"closed","template":"","meta":{"footnotes":""},"class_list":["post-65","page","type-page","status-publish","hentry"],"_links":{"self":[{"href":"https:\/\/utfpr.curitiba.br\/grupodiscord\/wp-json\/wp\/v2\/pages\/65","targetHints":{"allow":["GET"]}}],"collection":[{"href":"https:\/\/utfpr.curitiba.br\/grupodiscord\/wp-json\/wp\/v2\/pages"}],"about":[{"href":"https:\/\/utfpr.curitiba.br\/grupodiscord\/wp-json\/wp\/v2\/types\/page"}],"author":[{"embeddable":true,"href":"https:\/\/utfpr.curitiba.br\/grupodiscord\/wp-json\/wp\/v2\/users\/5"}],"replies":[{"embeddable":true,"href":"https:\/\/utfpr.curitiba.br\/grupodiscord\/wp-json\/wp\/v2\/comments?post=65"}],"version-history":[{"count":7,"href":"https:\/\/utfpr.curitiba.br\/grupodiscord\/wp-json\/wp\/v2\/pages\/65\/revisions"}],"predecessor-version":[{"id":321,"href":"https:\/\/utfpr.curitiba.br\/grupodiscord\/wp-json\/wp\/v2\/pages\/65\/revisions\/321"}],"up":[{"embeddable":true,"href":"https:\/\/utfpr.curitiba.br\/grupodiscord\/wp-json\/wp\/v2\/pages\/70"}],"wp:attachment":[{"href":"https:\/\/utfpr.curitiba.br\/grupodiscord\/wp-json\/wp\/v2\/media?parent=65"}],"curies":[{"name":"wp","href":"https:\/\/api.w.org\/{rel}","templated":true}]}}

<p>O Grupo de Pesquisa Discurso, Comunicação e Democracia (DISCORD) tem como objetivo discutir e investigar temas pertinentes à interface entre a Comunicação e a Política, com ênfase nos discursos que perpassam as estratégias de atores e organizações voltadas para a prática democrática e que se utilizam das tecnologias e das linguagens da comunicação.</p>
<p>Institucionalmente, o DISCORD está ligado ao Departamento Acadêmico de Linguagem e Comunicação e ao Programa de Pós-Graduação em Planejamento e Governança Pública da Universidade Tecnológica Federal do Paraná.</p>
<h5>Linhas de Pesquisa</h5>
<p>Comunicação política<br />Governança Pública</p>
<h5>Temas de pesquisa</h5>
<p>Democracia digital;<br />Comunicação Governamental;<br />Deliberação pública; <br />Mídia e eleições;<br />Políticas de comunicação.</p>
<h5>Outros temas de interesse</h5>
<p>A comunicação de Estado e de seus agentes por meio das plataformas de comunicação digital (a exemplo de portais governamentais e páginas em sites de redes sociais) e também nos media tradicionais;<br />Construção da imagem pública política, campanhas políticas, propaganda eleitoral;<br />Discursos político-mediáticos;<br />A opinião pública e a construção do debate de questões de interesse comum em esferas institucionais, na esfera pública e nos <em>media</em>.</p>
<h5>Financiamentos recebidos</h5>
<p>CAPES<br />CNPq<br />Fundação Araucária</p>


<div class="wp-block-buttons is-layout-flex wp-block-buttons-is-layout-flex"></div>

<p>O Grupo de Pesquisa Discurso, Comunicação e Democracia (DISCORD) tem como objetivo discutir e investigar temas pertinentes à interface entre a Comunicação e a Política, com ênfase nos discursos que perpassam as estratégias de atores e organizações voltadas para a &hellip; <a href="https://utfpr.curitiba.br/grupodiscord/discord-2-2/discord-2/">Continue lendo <span class="meta-nav">&rarr;</span></a></p>
