{"id":155,"date":"2018-12-20T23:53:16","date_gmt":"2018-12-20T23:53:16","guid":{"rendered":"http:\/\/grupodiscord.ct.utfpr.edu.br\/?page_id=155"},"modified":"2020-05-11T20:49:18","modified_gmt":"2020-05-11T20:49:18","slug":"extensao","status":"publish","type":"page","link":"https:\/\/utfpr.curitiba.br\/grupodiscord\/sobre\/extensao\/","title":{"rendered":"Extens\u00e3o"},"content":{"rendered":"<div class=\"layout-cell layout-cell-9\">\n<h2>Diz, mulher! Di\u00e1logos em Comunica\u00e7\u00e3o e Pol\u00edtica<\/h2>\n<p>In\u00edcio: 2020<\/p>\n<p>Descri\u00e7\u00e3o: O projeto \u201cDiz, mulher!: Di\u00e1logos em Comunica\u00e7\u00e3o e Pol\u00edtica\u201d \u00e9 uma live quinzenal com mulheres pesquisadoras em Comunica\u00e7\u00e3o e Pol\u00edtica, debatendo diversas quest\u00f5es da \u00e1rea. A transmiss\u00e3o acontece no canal do YouTube do Grupo de Pesquisa Discurso, Comunica\u00e7\u00e3o e Democracia (Discord).<\/p>\n<p><a href=\"http:\/\/grupodiscord.ct.utfpr.edu.br\/DIZMULHER\/\">http:\/\/grupodiscord.ct.utfpr.edu.br\/DIZMULHER\/<\/a><\/p>\n<h2 class=\"layout-cell-pad-5\">Comunica\u00e7\u00e3o P\u00fablica: Relatos de experi\u00eancias<\/h2>\n<\/div>\n<div class=\"layout-cell-pad-5 text-align-right\">\u00a0In\u00edcio: 2017<\/div>\n<div class=\"layout-cell layout-cell-9\">\n<p class=\"layout-cell-pad-5\">Descri\u00e7\u00e3o: A discuss\u00e3o te\u00f3rica sobre Comunica\u00e7\u00e3o P\u00fablica exprime as imprecis\u00f5es e hibridismos que caracterizam as pr\u00f3prias pr\u00e1ticas relacionadas \u00e0 comunica\u00e7\u00e3o de interesse p\u00fablico. Com o objetivo de contribuir com o conhecimento na \u00e1rea e estabelecer crit\u00e9rios fundados tamb\u00e9m nas experi\u00eancias existentes no contexto nacional, o projeto aciona os saberes te\u00f3ricos discutidos na disciplina de Comunica\u00e7\u00e3o Organizacional 3 do Curso de Comunica\u00e7\u00e3o Organizacional e insta os estudantes a sair a campo para coletar informa\u00e7\u00f5es e sistematizar um olhar acad\u00eamico sobre a Comunica\u00e7\u00e3o P\u00fablica. O resultado dessa iniciativa deve ser organizado e tornado dispon\u00edvel ao p\u00fablico em plataforma digital como forma de catalogar viv\u00eancias e tamb\u00e9m de promover a divulga\u00e7\u00e3o cient\u00edfica.<\/p>\n<p><a href=\"http:\/\/comunicacaopublica.ct.utfpr.edu.br\">http:\/\/comunicacaopublica.ct.utfpr.edu.br<\/a><\/p>\n<\/div>\n<h2>Almanaque da Cibercultura<\/h2>\n<p>In\u00edcio: 2017<\/p>\n<p>As inova\u00e7\u00f5es tecnol\u00f3gicas na \u00e1rea da comunica\u00e7\u00e3o e da cultura transformam os perfis de consumo informacional e tamb\u00e9m as rela\u00e7\u00f5es que os indiv\u00edduos estabelecem entre si e com o mundo. Por essa conviv\u00eancia com as tecnologias da informa\u00e7\u00e3o e da comunica\u00e7\u00e3o ser ub\u00edqua, e cada vez mais intensa, \u00e9 necess\u00e1rio que a academia desempenhe seu papel descritivo e reflexivo de fen\u00f4menos que ainda carecem de explica\u00e7\u00f5es acess\u00edveis. Com o intuito de contribuir com o conhecimento t\u00e9cnico especializado pertinente \u00e0 produ\u00e7\u00e3o simb\u00f3lica e \u00e0s rela\u00e7\u00f5es humanas mediadas pela tecnologia, o projeto ?Almanaque da Cibercultura? aciona os saberes te\u00f3ricos discutidos na disciplina de Cibercultura do Curso de Comunica\u00e7\u00e3o Organizacional e insta os estudantes a produzir textos e v\u00eddeos sobre esses temas. O resultado dessa iniciativa deve ser organizado e tornado dispon\u00edvel ao p\u00fablico em plataforma digital &#8211; utilizando a linguagem escrita e audiovisual &#8211; como forma de catalogar fen\u00f4menos pr\u00f3prios da comunica\u00e7\u00e3o digital em rede.<\/p>\n<p><a href=\"http:\/\/cibercultura.ct.utfpr.edu.br\">http:\/\/cibercultura.ct.utfpr.edu.br<\/a><\/p>\n","protected":false},"excerpt":{"rendered":"<p>Diz, mulher! Di\u00e1logos em Comunica\u00e7\u00e3o e Pol\u00edtica In\u00edcio: 2020 Descri\u00e7\u00e3o: O projeto \u201cDiz, mulher!: Di\u00e1logos em Comunica\u00e7\u00e3o e Pol\u00edtica\u201d \u00e9 uma live quinzenal com mulheres pesquisadoras em Comunica\u00e7\u00e3o e Pol\u00edtica, debatendo diversas quest\u00f5es da \u00e1rea. A transmiss\u00e3o acontece no canal &hellip; <a href=\"https:\/\/utfpr.curitiba.br\/grupodiscord\/sobre\/extensao\/\">Continue lendo <span class=\"meta-nav\">&rarr;<\/span><\/a><\/p>\n","protected":false},"author":5,"featured_media":0,"parent":6,"menu_order":0,"comment_status":"closed","ping_status":"closed","template":"","meta":{"footnotes":""},"class_list":["post-155","page","type-page","status-publish","hentry"],"_links":{"self":[{"href":"https:\/\/utfpr.curitiba.br\/grupodiscord\/wp-json\/wp\/v2\/pages\/155","targetHints":{"allow":["GET"]}}],"collection":[{"href":"https:\/\/utfpr.curitiba.br\/grupodiscord\/wp-json\/wp\/v2\/pages"}],"about":[{"href":"https:\/\/utfpr.curitiba.br\/grupodiscord\/wp-json\/wp\/v2\/types\/page"}],"author":[{"embeddable":true,"href":"https:\/\/utfpr.curitiba.br\/grupodiscord\/wp-json\/wp\/v2\/users\/5"}],"replies":[{"embeddable":true,"href":"https:\/\/utfpr.curitiba.br\/grupodiscord\/wp-json\/wp\/v2\/comments?post=155"}],"version-history":[{"count":4,"href":"https:\/\/utfpr.curitiba.br\/grupodiscord\/wp-json\/wp\/v2\/pages\/155\/revisions"}],"predecessor-version":[{"id":325,"href":"https:\/\/utfpr.curitiba.br\/grupodiscord\/wp-json\/wp\/v2\/pages\/155\/revisions\/325"}],"up":[{"embeddable":true,"href":"https:\/\/utfpr.curitiba.br\/grupodiscord\/wp-json\/wp\/v2\/pages\/6"}],"wp:attachment":[{"href":"https:\/\/utfpr.curitiba.br\/grupodiscord\/wp-json\/wp\/v2\/media?parent=155"}],"curies":[{"name":"wp","href":"https:\/\/api.w.org\/{rel}","templated":true}]}}

Extensão

<div class="layout-cell layout-cell-9">
<h2>Diz, mulher! Diálogos em Comunicação e Política</h2>
<p>Início: 2020</p>
<p>Descrição: O projeto “Diz, mulher!: Diálogos em Comunicação e Política” é uma live quinzenal com mulheres pesquisadoras em Comunicação e Política, debatendo diversas questões da área. A transmissão acontece no canal do YouTube do Grupo de Pesquisa Discurso, Comunicação e Democracia (Discord).</p>
<p><a href="http://grupodiscord.ct.utfpr.edu.br/DIZMULHER/">http://grupodiscord.ct.utfpr.edu.br/DIZMULHER/</a></p>
<h2 class="layout-cell-pad-5">Comunicação Pública: Relatos de experiências</h2>
</div>
<div class="layout-cell-pad-5 text-align-right"> Início: 2017</div>
<div class="layout-cell layout-cell-9">
<p class="layout-cell-pad-5">Descrição: A discussão teórica sobre Comunicação Pública exprime as imprecisões e hibridismos que caracterizam as próprias práticas relacionadas à comunicação de interesse público. Com o objetivo de contribuir com o conhecimento na área e estabelecer critérios fundados também nas experiências existentes no contexto nacional, o projeto aciona os saberes teóricos discutidos na disciplina de Comunicação Organizacional 3 do Curso de Comunicação Organizacional e insta os estudantes a sair a campo para coletar informações e sistematizar um olhar acadêmico sobre a Comunicação Pública. O resultado dessa iniciativa deve ser organizado e tornado disponível ao público em plataforma digital como forma de catalogar vivências e também de promover a divulgação científica.</p>
<p><a href="http://comunicacaopublica.ct.utfpr.edu.br">http://comunicacaopublica.ct.utfpr.edu.br</a></p>
</div>
<h2>Almanaque da Cibercultura</h2>
<p>Início: 2017</p>
<p>As inovações tecnológicas na área da comunicação e da cultura transformam os perfis de consumo informacional e também as relações que os indivíduos estabelecem entre si e com o mundo. Por essa convivência com as tecnologias da informação e da comunicação ser ubíqua, e cada vez mais intensa, é necessário que a academia desempenhe seu papel descritivo e reflexivo de fenômenos que ainda carecem de explicações acessíveis. Com o intuito de contribuir com o conhecimento técnico especializado pertinente à produção simbólica e às relações humanas mediadas pela tecnologia, o projeto ?Almanaque da Cibercultura? aciona os saberes teóricos discutidos na disciplina de Cibercultura do Curso de Comunicação Organizacional e insta os estudantes a produzir textos e vídeos sobre esses temas. O resultado dessa iniciativa deve ser organizado e tornado disponível ao público em plataforma digital &#8211; utilizando a linguagem escrita e audiovisual &#8211; como forma de catalogar fenômenos próprios da comunicação digital em rede.</p>
<p><a href="http://cibercultura.ct.utfpr.edu.br">http://cibercultura.ct.utfpr.edu.br</a></p>

<p>Diz, mulher! Diálogos em Comunicação e Política Início: 2020 Descrição: O projeto “Diz, mulher!: Diálogos em Comunicação e Política” é uma live quinzenal com mulheres pesquisadoras em Comunicação e Política, debatendo diversas questões da área. A transmissão acontece no canal &hellip; <a href="https://utfpr.curitiba.br/grupodiscord/sobre/extensao/">Continue lendo <span class="meta-nav">&rarr;</span></a></p>
