{"id":277,"date":"2016-05-19T16:44:15","date_gmt":"2016-05-19T16:44:15","guid":{"rendered":"http:\/\/fotonanobio.ct.utfpr.edu.br\/?page_id=277"},"modified":"2020-05-15T01:50:46","modified_gmt":"2020-05-15T01:50:46","slug":"equipamentos-e-detalhes-de-experimentos","status":"publish","type":"page","link":"https:\/\/utfpr.curitiba.br\/fotonanobio\/?page_id=277","title":{"rendered":"Equipamentos e detalhes de experimentos"},"content":{"rendered":"<figure id=\"attachment_509\" aria-describedby=\"caption-attachment-509\" style=\"width: 300px\" class=\"wp-caption aligncenter\"><a style=\"font-weight: bold; background-color: transparent; font-family: 'Noto Sans', sans-serif; text-align: inherit;\" href=\"http:\/\/utfpr-ct-static-content.s3.amazonaws.com\/utfpr.curitiba.br\/wp-content\/uploads\/sites\/78\/espectrometro.png\"><img decoding=\"async\" class=\"wp-image-509 size-medium\" src=\"http:\/\/utfpr-ct-static-content.s3.amazonaws.com\/utfpr.curitiba.br\/wp-content\/uploads\/sites\/78\/espectrometro-300x152.png\" alt=\"\" width=\"300\" height=\"152\" srcset=\"https:\/\/utfpr-ct-static-content.s3.amazonaws.com\/utfpr.curitiba.br\/wp-content\/uploads\/sites\/78\/espectrometro-300x152.png 300w, https:\/\/utfpr-ct-static-content.s3.amazonaws.com\/utfpr.curitiba.br\/wp-content\/uploads\/sites\/78\/espectrometro.png 494w\" sizes=\"(max-width: 300px) 100vw, 300px\" \/><\/a><figcaption id=\"caption-attachment-509\" class=\"wp-caption-text\">Espectr\u00f4metro Ocean Optics, incluindo fonte de luz UV-Vis<\/figcaption><\/figure>\n<p><a href=\"http:\/\/utfpr-ct-static-content.s3.amazonaws.com\/utfpr.curitiba.br\/wp-content\/uploads\/sites\/78\/UVvis.gif\"><img fetchpriority=\"high\" decoding=\"async\" class=\"alignright wp-image-576 size-full\" src=\"http:\/\/utfpr-ct-static-content.s3.amazonaws.com\/utfpr.curitiba.br\/wp-content\/uploads\/sites\/78\/UVvis.gif\" alt=\"\" width=\"707\" height=\"551\" \/><\/a><\/p>\n<figure id=\"attachment_512\" aria-describedby=\"caption-attachment-512\" style=\"width: 328px\" class=\"wp-caption aligncenter\"><a href=\"http:\/\/utfpr-ct-static-content.s3.amazonaws.com\/utfpr.curitiba.br\/wp-content\/uploads\/sites\/78\/dls.bmp\"><img decoding=\"async\" class=\"size-full wp-image-512\" src=\"http:\/\/utfpr-ct-static-content.s3.amazonaws.com\/utfpr.curitiba.br\/wp-content\/uploads\/sites\/78\/dls.bmp\" alt=\"\" width=\"328\" height=\"296\" \/><\/a><figcaption id=\"caption-attachment-512\" class=\"wp-caption-text\">Equipamento de Espalhamento Din\u00e2mico de Luz (DLS), para medidas de tamanho e dispers\u00e3o de nanopart\u00edculas<\/figcaption><\/figure>\n<figure id=\"attachment_511\" aria-describedby=\"caption-attachment-511\" style=\"width: 298px\" class=\"wp-caption aligncenter\"><a href=\"http:\/\/utfpr-ct-static-content.s3.amazonaws.com\/utfpr.curitiba.br\/wp-content\/uploads\/sites\/78\/ndyag.bmp\"><img loading=\"lazy\" decoding=\"async\" class=\"size-full wp-image-511\" src=\"http:\/\/utfpr-ct-static-content.s3.amazonaws.com\/utfpr.curitiba.br\/wp-content\/uploads\/sites\/78\/ndyag.bmp\" alt=\"\" width=\"298\" height=\"201\" \/><\/a><figcaption id=\"caption-attachment-511\" class=\"wp-caption-text\">Laser de Nd:YAG da Quantronix<\/figcaption><\/figure>\n<figure id=\"attachment_513\" aria-describedby=\"caption-attachment-513\" style=\"width: 300px\" class=\"wp-caption aligncenter\"><a href=\"http:\/\/utfpr-ct-static-content.s3.amazonaws.com\/utfpr.curitiba.br\/wp-content\/uploads\/sites\/78\/Ablacao_1.jpg\"><img loading=\"lazy\" decoding=\"async\" class=\"size-medium wp-image-513\" src=\"http:\/\/utfpr-ct-static-content.s3.amazonaws.com\/utfpr.curitiba.br\/wp-content\/uploads\/sites\/78\/Ablacao_1-300x225.jpg\" alt=\"\" width=\"300\" height=\"225\" \/><\/a><figcaption id=\"caption-attachment-513\" class=\"wp-caption-text\">Detalhe da luz do laser sendo focalizada em um dos alvos, para s\u00edntese de nanopart\u00edculas<\/figcaption><\/figure>\n<figure id=\"attachment_515\" aria-describedby=\"caption-attachment-515\" style=\"width: 311px\" class=\"wp-caption aligncenter\"><a href=\"http:\/\/utfpr-ct-static-content.s3.amazonaws.com\/utfpr.curitiba.br\/wp-content\/uploads\/sites\/78\/laserN.bmp\"><img loading=\"lazy\" decoding=\"async\" class=\"size-full wp-image-515\" src=\"http:\/\/utfpr-ct-static-content.s3.amazonaws.com\/utfpr.curitiba.br\/wp-content\/uploads\/sites\/78\/laserN.bmp\" alt=\"\" width=\"311\" height=\"232\" \/><\/a><figcaption id=\"caption-attachment-515\" class=\"wp-caption-text\">Laser de Nitrog\u00eanio \u2013 utilizado como fonte de excita\u00e7\u00e3o para experimentos de fotoluminesc\u00eancia e para a produ\u00e7\u00e3o de canais microflu\u00eddicos em substratos polim\u00e9ricos<\/figcaption><\/figure>\n<figure id=\"attachment_517\" aria-describedby=\"caption-attachment-517\" style=\"width: 378px\" class=\"wp-caption aligncenter\"><a href=\"http:\/\/utfpr-ct-static-content.s3.amazonaws.com\/utfpr.curitiba.br\/wp-content\/uploads\/sites\/78\/brilliantB.jpg\"><img loading=\"lazy\" decoding=\"async\" class=\" wp-image-517\" src=\"http:\/\/utfpr-ct-static-content.s3.amazonaws.com\/utfpr.curitiba.br\/wp-content\/uploads\/sites\/78\/brilliantB-300x215.jpg\" alt=\"\" width=\"378\" height=\"271\" srcset=\"https:\/\/utfpr-ct-static-content.s3.amazonaws.com\/utfpr.curitiba.br\/wp-content\/uploads\/sites\/78\/brilliantB-300x215.jpg 300w, https:\/\/utfpr-ct-static-content.s3.amazonaws.com\/utfpr.curitiba.br\/wp-content\/uploads\/sites\/78\/brilliantB.jpg 480w\" sizes=\"(max-width: 378px) 100vw, 378px\" \/><\/a><figcaption id=\"caption-attachment-517\" class=\"wp-caption-text\">Laser de Nd:YAG &#8211; Brilliant B<\/figcaption><\/figure>\n<p style=\"text-align: left;\"><a href=\"http:\/\/utfpr-ct-static-content.s3.amazonaws.com\/utfpr.curitiba.br\/wp-content\/uploads\/sites\/78\/especificacoesbrilliantB.gif\"><img loading=\"lazy\" decoding=\"async\" class=\"wp-image-651 aligncenter\" src=\"http:\/\/utfpr-ct-static-content.s3.amazonaws.com\/utfpr.curitiba.br\/wp-content\/uploads\/sites\/78\/especificacoesbrilliantB-300x102.gif\" alt=\"\" width=\"455\" height=\"155\" \/><\/a><\/p>\n","protected":false},"excerpt":{"rendered":"","protected":false},"author":111,"featured_media":0,"parent":0,"menu_order":0,"comment_status":"closed","ping_status":"closed","template":"","meta":{"footnotes":""},"class_list":["post-277","page","type-page","status-publish","hentry"],"_links":{"self":[{"href":"https:\/\/utfpr.curitiba.br\/fotonanobio\/index.php?rest_route=\/wp\/v2\/pages\/277","targetHints":{"allow":["GET"]}}],"collection":[{"href":"https:\/\/utfpr.curitiba.br\/fotonanobio\/index.php?rest_route=\/wp\/v2\/pages"}],"about":[{"href":"https:\/\/utfpr.curitiba.br\/fotonanobio\/index.php?rest_route=\/wp\/v2\/types\/page"}],"author":[{"embeddable":true,"href":"https:\/\/utfpr.curitiba.br\/fotonanobio\/index.php?rest_route=\/wp\/v2\/users\/111"}],"replies":[{"embeddable":true,"href":"https:\/\/utfpr.curitiba.br\/fotonanobio\/index.php?rest_route=%2Fwp%2Fv2%2Fcomments&post=277"}],"version-history":[{"count":17,"href":"https:\/\/utfpr.curitiba.br\/fotonanobio\/index.php?rest_route=\/wp\/v2\/pages\/277\/revisions"}],"predecessor-version":[{"id":510,"href":"https:\/\/utfpr.curitiba.br\/fotonanobio\/index.php?rest_route=\/wp\/v2\/pages\/277\/revisions\/510"}],"wp:attachment":[{"href":"https:\/\/utfpr.curitiba.br\/fotonanobio\/index.php?rest_route=%2Fwp%2Fv2%2Fmedia&parent=277"}],"curies":[{"name":"wp","href":"https:\/\/api.w.org\/{rel}","templated":true}]}}

<figure id="attachment_509" aria-describedby="caption-attachment-509" style="width: 300px" class="wp-caption aligncenter"><a style="font-weight: bold; background-color: transparent; font-family: 'Noto Sans', sans-serif; text-align: inherit;" href="http://utfpr-ct-static-content.s3.amazonaws.com/utfpr.curitiba.br/wp-content/uploads/sites/78/espectrometro.png"><img decoding="async" class="wp-image-509 size-medium" src="http://utfpr-ct-static-content.s3.amazonaws.com/utfpr.curitiba.br/wp-content/uploads/sites/78/espectrometro-300x152.png" alt="" width="300" height="152" srcset="https://utfpr-ct-static-content.s3.amazonaws.com/utfpr.curitiba.br/wp-content/uploads/sites/78/espectrometro-300x152.png 300w, https://utfpr-ct-static-content.s3.amazonaws.com/utfpr.curitiba.br/wp-content/uploads/sites/78/espectrometro.png 494w" sizes="(max-width: 300px) 100vw, 300px" /></a><figcaption id="caption-attachment-509" class="wp-caption-text">Espectrômetro Ocean Optics, incluindo fonte de luz UV-Vis</figcaption></figure>
<p><a href="http://utfpr-ct-static-content.s3.amazonaws.com/utfpr.curitiba.br/wp-content/uploads/sites/78/UVvis.gif"><img fetchpriority="high" decoding="async" class="alignright wp-image-576 size-full" src="http://utfpr-ct-static-content.s3.amazonaws.com/utfpr.curitiba.br/wp-content/uploads/sites/78/UVvis.gif" alt="" width="707" height="551" /></a></p>
<figure id="attachment_512" aria-describedby="caption-attachment-512" style="width: 328px" class="wp-caption aligncenter"><a href="http://utfpr-ct-static-content.s3.amazonaws.com/utfpr.curitiba.br/wp-content/uploads/sites/78/dls.bmp"><img decoding="async" class="size-full wp-image-512" src="http://utfpr-ct-static-content.s3.amazonaws.com/utfpr.curitiba.br/wp-content/uploads/sites/78/dls.bmp" alt="" width="328" height="296" /></a><figcaption id="caption-attachment-512" class="wp-caption-text">Equipamento de Espalhamento Dinâmico de Luz (DLS), para medidas de tamanho e dispersão de nanopartículas</figcaption></figure>
<figure id="attachment_511" aria-describedby="caption-attachment-511" style="width: 298px" class="wp-caption aligncenter"><a href="http://utfpr-ct-static-content.s3.amazonaws.com/utfpr.curitiba.br/wp-content/uploads/sites/78/ndyag.bmp"><img loading="lazy" decoding="async" class="size-full wp-image-511" src="http://utfpr-ct-static-content.s3.amazonaws.com/utfpr.curitiba.br/wp-content/uploads/sites/78/ndyag.bmp" alt="" width="298" height="201" /></a><figcaption id="caption-attachment-511" class="wp-caption-text">Laser de Nd:YAG da Quantronix</figcaption></figure>
<figure id="attachment_513" aria-describedby="caption-attachment-513" style="width: 300px" class="wp-caption aligncenter"><a href="http://utfpr-ct-static-content.s3.amazonaws.com/utfpr.curitiba.br/wp-content/uploads/sites/78/Ablacao_1.jpg"><img loading="lazy" decoding="async" class="size-medium wp-image-513" src="http://utfpr-ct-static-content.s3.amazonaws.com/utfpr.curitiba.br/wp-content/uploads/sites/78/Ablacao_1-300x225.jpg" alt="" width="300" height="225" /></a><figcaption id="caption-attachment-513" class="wp-caption-text">Detalhe da luz do laser sendo focalizada em um dos alvos, para síntese de nanopartículas</figcaption></figure>
<figure id="attachment_515" aria-describedby="caption-attachment-515" style="width: 311px" class="wp-caption aligncenter"><a href="http://utfpr-ct-static-content.s3.amazonaws.com/utfpr.curitiba.br/wp-content/uploads/sites/78/laserN.bmp"><img loading="lazy" decoding="async" class="size-full wp-image-515" src="http://utfpr-ct-static-content.s3.amazonaws.com/utfpr.curitiba.br/wp-content/uploads/sites/78/laserN.bmp" alt="" width="311" height="232" /></a><figcaption id="caption-attachment-515" class="wp-caption-text">Laser de Nitrogênio – utilizado como fonte de excitação para experimentos de fotoluminescência e para a produção de canais microfluídicos em substratos poliméricos</figcaption></figure>
<figure id="attachment_517" aria-describedby="caption-attachment-517" style="width: 378px" class="wp-caption aligncenter"><a href="http://utfpr-ct-static-content.s3.amazonaws.com/utfpr.curitiba.br/wp-content/uploads/sites/78/brilliantB.jpg"><img loading="lazy" decoding="async" class=" wp-image-517" src="http://utfpr-ct-static-content.s3.amazonaws.com/utfpr.curitiba.br/wp-content/uploads/sites/78/brilliantB-300x215.jpg" alt="" width="378" height="271" srcset="https://utfpr-ct-static-content.s3.amazonaws.com/utfpr.curitiba.br/wp-content/uploads/sites/78/brilliantB-300x215.jpg 300w, https://utfpr-ct-static-content.s3.amazonaws.com/utfpr.curitiba.br/wp-content/uploads/sites/78/brilliantB.jpg 480w" sizes="(max-width: 378px) 100vw, 378px" /></a><figcaption id="caption-attachment-517" class="wp-caption-text">Laser de Nd:YAG &#8211; Brilliant B</figcaption></figure>
<p style="text-align: left;"><a href="http://utfpr-ct-static-content.s3.amazonaws.com/utfpr.curitiba.br/wp-content/uploads/sites/78/especificacoesbrilliantB.gif"><img loading="lazy" decoding="async" class="wp-image-651 aligncenter" src="http://utfpr-ct-static-content.s3.amazonaws.com/utfpr.curitiba.br/wp-content/uploads/sites/78/especificacoesbrilliantB-300x102.gif" alt="" width="455" height="155" /></a></p>
