{"id":232,"date":"2016-05-13T13:42:27","date_gmt":"2016-05-13T13:42:27","guid":{"rendered":"http:\/\/fotonanobio.ct.utfpr.edu.br\/?page_id=232"},"modified":"2023-03-16T15:19:43","modified_gmt":"2023-03-16T18:19:43","slug":"fotonanobio","status":"publish","type":"page","link":"https:\/\/utfpr.curitiba.br\/fotonanobio\/","title":{"rendered":"Nanobiofot\u00f4nica"},"content":{"rendered":"\n<div class=\"wp-block-group\"><div class=\"wp-block-group__inner-container is-layout-flow wp-block-group-is-layout-flow\">\n<p><img fetchpriority=\"high\" decoding=\"async\" class=\"alignnone  wp-image-770 aligncenter\" src=\"https:\/\/utfpr-ct-static-content.s3.amazonaws.com\/utfpr.curitiba.br\/wp-content\/uploads\/sites\/78\/logo_fotonanobio_jul20-300x182.png\" alt=\"\" width=\"478\" height=\"290\" srcset=\"https:\/\/utfpr-ct-static-content.s3.amazonaws.com\/utfpr.curitiba.br\/wp-content\/uploads\/sites\/78\/logo_fotonanobio_jul20-300x182.png 300w, https:\/\/utfpr-ct-static-content.s3.amazonaws.com\/utfpr.curitiba.br\/wp-content\/uploads\/sites\/78\/logo_fotonanobio_jul20.png 631w\" sizes=\"(max-width: 478px) 100vw, 478px\" \/><\/p>\n<p style=\"direction: ltr; text-align: center;\"><span style=\"color: #339966;\">\u00c9 um laborat\u00f3rio de pesquisa lotado no Departamento Acad\u00eamico de F\u00edsica &#8211; DAFIS no Campus Curitiba da Universidade Tecnol\u00f3gica Federal do Paran\u00e1 &#8211; UTFPR em que Foto significa luz, Nano significa produ\u00e7\u00e3o e caracteriza\u00e7\u00e3o de nanopart\u00edculas e &nbsp;Bio significa que est\u00e1 voltado na aplica\u00e7\u00e3o das nanopart\u00edculas em biotecnologia. O foco de nosso trabalho \u00e9 a produ\u00e7\u00e3o de nanopart\u00edculas tendo em vista aplica\u00e7\u00f5es em biomedicina, em especial sensores e biodiagn\u00f3sticos. Al\u00e9m disso, tamb\u00e9m temos interesse em propriedades \u00f3pticas, especia<\/span><span style=\"color: #339966;\">lmente, n\u00e3o-lineares. Desde 2010, temos publicado trabalhos em revistas indexadas, bem como participado de diversos congressos nacionais e internacionais envolvendo nossas \u00e1reas de atua\u00e7\u00e3o. Diversos trabalhos de colabora\u00e7\u00e3o tem sido desenvolvidos, tanto no \u00e2mbito da UFPR-UTFPR, quanto na aproxima\u00e7\u00e3o com grupos de outras institui\u00e7\u00f5es, tais como: Hospital Pequeno Pr\u00edncipe, PUC-PR, UEPG e UFPE. Diversos estudantes de gradua\u00e7\u00e3o e de p\u00f3s-gradua\u00e7\u00e3o tem<\/span> <span style=\"color: #339966;\">realizado trabalhos em nosso laborat\u00f3rio, que tem se desenvolvido materialmente e na complexidade\/qualidade das atividades de pesquisa. Pode-se dizer que, atualmente, constitu\u00edmos um grupo de refer\u00eancia na \u00e1rea de produ\u00e7\u00e3o de nanopart\u00edculas baseada em abla\u00e7\u00e3o laser. Recentemente, tamb\u00e9m iniciamos a produ\u00e7\u00e3o de chips microflu\u00eddicos.<\/span><\/p>\n<p style=\"text-align: center;\"><span style=\"color: #339966;\"><a href=\"http:\/\/utfpr-ct-static-content.s3.amazonaws.com\/utfpr.curitiba.br\/wp-content\/uploads\/sites\/78\/fotonanbio.png\"><img decoding=\"async\" class=\"aligncenter wp-image-543 size-full\" src=\"http:\/\/utfpr-ct-static-content.s3.amazonaws.com\/utfpr.curitiba.br\/wp-content\/uploads\/sites\/78\/fotonanbio.png\" alt=\"\" width=\"538\" height=\"410\" srcset=\"https:\/\/utfpr-ct-static-content.s3.amazonaws.com\/utfpr.curitiba.br\/wp-content\/uploads\/sites\/78\/fotonanbio.png 538w, https:\/\/utfpr-ct-static-content.s3.amazonaws.com\/utfpr.curitiba.br\/wp-content\/uploads\/sites\/78\/fotonanbio-300x229.png 300w\" sizes=\"(max-width: 538px) 100vw, 538px\" \/><\/a><\/span><\/p>\n<\/div><\/div>\n","protected":false},"excerpt":{"rendered":"<p>\u00c9 um laborat\u00f3rio de pesquisa lotado no Departamento Acad\u00eamico de F\u00edsica &#8211; DAFIS no Campus Curitiba da Universidade Tecnol\u00f3gica Federal do Paran\u00e1 &#8211; UTFPR em que Foto significa luz, Nano significa produ\u00e7\u00e3o e caracteriza\u00e7\u00e3o de nanopart\u00edculas e &nbsp;Bio significa que est\u00e1 voltado na aplica\u00e7\u00e3o das nanopart\u00edculas em biotecnologia. O foco de nosso trabalho \u00e9 a [&hellip;]<\/p>\n","protected":false},"author":111,"featured_media":0,"parent":0,"menu_order":0,"comment_status":"closed","ping_status":"closed","template":"","meta":{"footnotes":""},"class_list":["post-232","page","type-page","status-publish","hentry"],"_links":{"self":[{"href":"https:\/\/utfpr.curitiba.br\/fotonanobio\/index.php?rest_route=\/wp\/v2\/pages\/232","targetHints":{"allow":["GET"]}}],"collection":[{"href":"https:\/\/utfpr.curitiba.br\/fotonanobio\/index.php?rest_route=\/wp\/v2\/pages"}],"about":[{"href":"https:\/\/utfpr.curitiba.br\/fotonanobio\/index.php?rest_route=\/wp\/v2\/types\/page"}],"author":[{"embeddable":true,"href":"https:\/\/utfpr.curitiba.br\/fotonanobio\/index.php?rest_route=\/wp\/v2\/users\/111"}],"replies":[{"embeddable":true,"href":"https:\/\/utfpr.curitiba.br\/fotonanobio\/index.php?rest_route=%2Fwp%2Fv2%2Fcomments&post=232"}],"version-history":[{"count":22,"href":"https:\/\/utfpr.curitiba.br\/fotonanobio\/index.php?rest_route=\/wp\/v2\/pages\/232\/revisions"}],"predecessor-version":[{"id":846,"href":"https:\/\/utfpr.curitiba.br\/fotonanobio\/index.php?rest_route=\/wp\/v2\/pages\/232\/revisions\/846"}],"wp:attachment":[{"href":"https:\/\/utfpr.curitiba.br\/fotonanobio\/index.php?rest_route=%2Fwp%2Fv2%2Fmedia&parent=232"}],"curies":[{"name":"wp","href":"https:\/\/api.w.org\/{rel}","templated":true}]}}

Nanobiofotônica

<div class="wp-block-group"><div class="wp-block-group__inner-container is-layout-flow wp-block-group-is-layout-flow">
<p><img fetchpriority="high" decoding="async" class="alignnone  wp-image-770 aligncenter" src="https://utfpr-ct-static-content.s3.amazonaws.com/utfpr.curitiba.br/wp-content/uploads/sites/78/logo_fotonanobio_jul20-300x182.png" alt="" width="478" height="290" srcset="https://utfpr-ct-static-content.s3.amazonaws.com/utfpr.curitiba.br/wp-content/uploads/sites/78/logo_fotonanobio_jul20-300x182.png 300w, https://utfpr-ct-static-content.s3.amazonaws.com/utfpr.curitiba.br/wp-content/uploads/sites/78/logo_fotonanobio_jul20.png 631w" sizes="(max-width: 478px) 100vw, 478px" /></p>
<p style="direction: ltr; text-align: center;"><span style="color: #339966;">É um laboratório de pesquisa lotado no Departamento Acadêmico de Física &#8211; DAFIS no Campus Curitiba da Universidade Tecnológica Federal do Paraná &#8211; UTFPR em que Foto significa luz, Nano significa produção e caracterização de nanopartículas e &nbsp;Bio significa que está voltado na aplicação das nanopartículas em biotecnologia. O foco de nosso trabalho é a produção de nanopartículas tendo em vista aplicações em biomedicina, em especial sensores e biodiagnósticos. Além disso, também temos interesse em propriedades ópticas, especia</span><span style="color: #339966;">lmente, não-lineares. Desde 2010, temos publicado trabalhos em revistas indexadas, bem como participado de diversos congressos nacionais e internacionais envolvendo nossas áreas de atuação. Diversos trabalhos de colaboração tem sido desenvolvidos, tanto no âmbito da UFPR-UTFPR, quanto na aproximação com grupos de outras instituições, tais como: Hospital Pequeno Príncipe, PUC-PR, UEPG e UFPE. Diversos estudantes de graduação e de pós-graduação tem</span> <span style="color: #339966;">realizado trabalhos em nosso laboratório, que tem se desenvolvido materialmente e na complexidade/qualidade das atividades de pesquisa. Pode-se dizer que, atualmente, constituímos um grupo de referência na área de produção de nanopartículas baseada em ablação laser. Recentemente, também iniciamos a produção de chips microfluídicos.</span></p>
<p style="text-align: center;"><span style="color: #339966;"><a href="http://utfpr-ct-static-content.s3.amazonaws.com/utfpr.curitiba.br/wp-content/uploads/sites/78/fotonanbio.png"><img decoding="async" class="aligncenter wp-image-543 size-full" src="http://utfpr-ct-static-content.s3.amazonaws.com/utfpr.curitiba.br/wp-content/uploads/sites/78/fotonanbio.png" alt="" width="538" height="410" srcset="https://utfpr-ct-static-content.s3.amazonaws.com/utfpr.curitiba.br/wp-content/uploads/sites/78/fotonanbio.png 538w, https://utfpr-ct-static-content.s3.amazonaws.com/utfpr.curitiba.br/wp-content/uploads/sites/78/fotonanbio-300x229.png 300w" sizes="(max-width: 538px) 100vw, 538px" /></a></span></p>
</div></div>

<p>É um laboratório de pesquisa lotado no Departamento Acadêmico de Física &#8211; DAFIS no Campus Curitiba da Universidade Tecnológica Federal do Paraná &#8211; UTFPR em que Foto significa luz, Nano significa produção e caracterização de nanopartículas e &nbsp;Bio significa que está voltado na aplicação das nanopartículas em biotecnologia. O foco de nosso trabalho é a [&hellip;]</p>
