{"id":188,"date":"2016-05-12T15:35:18","date_gmt":"2016-05-12T15:35:18","guid":{"rendered":"http:\/\/fotonanobio.ct.utfpr.edu.br\/?page_id=188"},"modified":"2020-05-15T01:50:46","modified_gmt":"2020-05-15T01:50:46","slug":"instituicoes-parceiras","status":"publish","type":"page","link":"https:\/\/utfpr.curitiba.br\/fotonanobio\/?page_id=188","title":{"rendered":"Institui\u00e7\u00f5es Parceiras"},"content":{"rendered":"<p><img fetchpriority=\"high\" decoding=\"async\" class=\"wp-image-546 size-full aligncenter\" src=\"http:\/\/utfpr-ct-static-content.s3.amazonaws.com\/utfpr.curitiba.br\/wp-content\/uploads\/sites\/78\/parceiros.png\" alt=\"\" width=\"557\" height=\"413\" srcset=\"https:\/\/utfpr-ct-static-content.s3.amazonaws.com\/utfpr.curitiba.br\/wp-content\/uploads\/sites\/78\/parceiros.png 557w, https:\/\/utfpr-ct-static-content.s3.amazonaws.com\/utfpr.curitiba.br\/wp-content\/uploads\/sites\/78\/parceiros-300x222.png 300w\" sizes=\"(max-width: 557px) 100vw, 557px\" \/><\/p>\n<p><span style=\"color: #339966;\"><a style=\"color: #339966;\" href=\"http:\/\/inct.cnpq.br\/web\/inct-indi\">Instituto Nacional de Ci\u00eancia e Tecnologia\u00a0para Diagn\u00f3stico em Sa\u00fade P\u00fablica &#8211; INCT-INDI-SA\u00daDE<\/a><\/span><\/p>\n<p><span style=\"color: #339966;\"><a style=\"color: #339966;\" href=\"http:\/\/www.pelepequenoprincipe.org.br\/\">Instituto de Pesquisa Pel\u00e9 Pequeno Pr\u00edncipe<\/a><\/span><\/p>\n<p><span style=\"color: #339966;\"><a style=\"color: #339966;\" href=\"http:\/\/www.icc.fiocruz.br\/\">Instituto Carlos Chagas &#8211; FIOCRUZ\/PR<\/a><\/span><\/p>\n<p><span style=\"color: #339966;\"><a style=\"color: #339966;\" href=\"https:\/\/www.bio.fiocruz.br\/\">Instituto de Tecnologia em Imunobiol\u00f3gicos Bio Manguinhos<\/a><\/span><\/p>\n<p><span style=\"color: #339966;\"><a style=\"color: #339966;\" href=\"http:\/\/www.uoguelph.ca\/\">University of Guelph<\/a><\/span><\/p>\n<p><span style=\"color: #339966;\"><a style=\"color: #339966;\" href=\"http:\/\/www.pucpr.br\/escoladesaudeecienciasbiologicas\/\">Centro de Ci\u00eancias Biol\u00f3gicas e da Sa\u00fade &#8211; PUC\/PR<\/a><\/span><\/p>\n<p><span style=\"color: #339966;\"><a style=\"color: #339966;\" href=\"http:\/\/www.cpqam.fiocruz.br\/\">Instituto Ageu Magalh\u00e3es<\/a><\/span><\/p>\n<p><span style=\"color: #339966;\"><a style=\"color: #339966;\" href=\"http:\/\/www.tecpar.br\/\">Instituto de Tecnologia do Paran\u00e1 &#8211; TECPAR<\/a><\/span><\/p>\n<p><span style=\"color: #339966;\"><a style=\"color: #339966;\" href=\"http:\/\/fisica.ufpr.br\/\">Universidade Federal do Paran\u00e1<\/a><\/span><\/p>\n<p><span style=\"color: #339966;\"><a style=\"color: #339966;\" href=\"http:\/\/cnpq.br\/\">CNPq<\/a><\/span><\/p>\n","protected":false},"excerpt":{"rendered":"<p>Instituto Nacional de Ci\u00eancia e Tecnologia\u00a0para Diagn\u00f3stico em Sa\u00fade P\u00fablica &#8211; INCT-INDI-SA\u00daDE Instituto de Pesquisa Pel\u00e9 Pequeno Pr\u00edncipe Instituto Carlos Chagas &#8211; FIOCRUZ\/PR Instituto de Tecnologia em Imunobiol\u00f3gicos Bio Manguinhos University of Guelph Centro de Ci\u00eancias Biol\u00f3gicas e da Sa\u00fade &#8211; PUC\/PR Instituto Ageu Magalh\u00e3es Instituto de Tecnologia do Paran\u00e1 &#8211; TECPAR Universidade Federal do [&hellip;]<\/p>\n","protected":false},"author":111,"featured_media":0,"parent":0,"menu_order":0,"comment_status":"closed","ping_status":"closed","template":"","meta":{"footnotes":""},"class_list":["post-188","page","type-page","status-publish","hentry"],"_links":{"self":[{"href":"https:\/\/utfpr.curitiba.br\/fotonanobio\/index.php?rest_route=\/wp\/v2\/pages\/188","targetHints":{"allow":["GET"]}}],"collection":[{"href":"https:\/\/utfpr.curitiba.br\/fotonanobio\/index.php?rest_route=\/wp\/v2\/pages"}],"about":[{"href":"https:\/\/utfpr.curitiba.br\/fotonanobio\/index.php?rest_route=\/wp\/v2\/types\/page"}],"author":[{"embeddable":true,"href":"https:\/\/utfpr.curitiba.br\/fotonanobio\/index.php?rest_route=\/wp\/v2\/users\/111"}],"replies":[{"embeddable":true,"href":"https:\/\/utfpr.curitiba.br\/fotonanobio\/index.php?rest_route=%2Fwp%2Fv2%2Fcomments&post=188"}],"version-history":[{"count":14,"href":"https:\/\/utfpr.curitiba.br\/fotonanobio\/index.php?rest_route=\/wp\/v2\/pages\/188\/revisions"}],"predecessor-version":[{"id":547,"href":"https:\/\/utfpr.curitiba.br\/fotonanobio\/index.php?rest_route=\/wp\/v2\/pages\/188\/revisions\/547"}],"wp:attachment":[{"href":"https:\/\/utfpr.curitiba.br\/fotonanobio\/index.php?rest_route=%2Fwp%2Fv2%2Fmedia&parent=188"}],"curies":[{"name":"wp","href":"https:\/\/api.w.org\/{rel}","templated":true}]}}

Instituições Parceiras

<p><img fetchpriority="high" decoding="async" class="wp-image-546 size-full aligncenter" src="http://utfpr-ct-static-content.s3.amazonaws.com/utfpr.curitiba.br/wp-content/uploads/sites/78/parceiros.png" alt="" width="557" height="413" srcset="https://utfpr-ct-static-content.s3.amazonaws.com/utfpr.curitiba.br/wp-content/uploads/sites/78/parceiros.png 557w, https://utfpr-ct-static-content.s3.amazonaws.com/utfpr.curitiba.br/wp-content/uploads/sites/78/parceiros-300x222.png 300w" sizes="(max-width: 557px) 100vw, 557px" /></p>
<p><span style="color: #339966;"><a style="color: #339966;" href="http://inct.cnpq.br/web/inct-indi">Instituto Nacional de Ciência e Tecnologia para Diagnóstico em Saúde Pública &#8211; INCT-INDI-SAÚDE</a></span></p>
<p><span style="color: #339966;"><a style="color: #339966;" href="http://www.pelepequenoprincipe.org.br/">Instituto de Pesquisa Pelé Pequeno Príncipe</a></span></p>
<p><span style="color: #339966;"><a style="color: #339966;" href="http://www.icc.fiocruz.br/">Instituto Carlos Chagas &#8211; FIOCRUZ/PR</a></span></p>
<p><span style="color: #339966;"><a style="color: #339966;" href="https://www.bio.fiocruz.br/">Instituto de Tecnologia em Imunobiológicos Bio Manguinhos</a></span></p>
<p><span style="color: #339966;"><a style="color: #339966;" href="http://www.uoguelph.ca/">University of Guelph</a></span></p>
<p><span style="color: #339966;"><a style="color: #339966;" href="http://www.pucpr.br/escoladesaudeecienciasbiologicas/">Centro de Ciências Biológicas e da Saúde &#8211; PUC/PR</a></span></p>
<p><span style="color: #339966;"><a style="color: #339966;" href="http://www.cpqam.fiocruz.br/">Instituto Ageu Magalhães</a></span></p>
<p><span style="color: #339966;"><a style="color: #339966;" href="http://www.tecpar.br/">Instituto de Tecnologia do Paraná &#8211; TECPAR</a></span></p>
<p><span style="color: #339966;"><a style="color: #339966;" href="http://fisica.ufpr.br/">Universidade Federal do Paraná</a></span></p>
<p><span style="color: #339966;"><a style="color: #339966;" href="http://cnpq.br/">CNPq</a></span></p>

<p>Instituto Nacional de Ciência e Tecnologia para Diagnóstico em Saúde Pública &#8211; INCT-INDI-SAÚDE Instituto de Pesquisa Pelé Pequeno Príncipe Instituto Carlos Chagas &#8211; FIOCRUZ/PR Instituto de Tecnologia em Imunobiológicos Bio Manguinhos University of Guelph Centro de Ciências Biológicas e da Saúde &#8211; PUC/PR Instituto Ageu Magalhães Instituto de Tecnologia do Paraná &#8211; TECPAR Universidade Federal do [&hellip;]</p>
