{"id":178,"date":"2016-05-11T19:22:14","date_gmt":"2016-05-11T19:22:14","guid":{"rendered":"http:\/\/fotonanobio.ct.utfpr.edu.br\/?page_id=178"},"modified":"2023-03-16T15:17:34","modified_gmt":"2023-03-16T18:17:34","slug":"grupo-de-pesquisa","status":"publish","type":"page","link":"https:\/\/utfpr.curitiba.br\/fotonanobio\/?page_id=178","title":{"rendered":"Informa\u00e7\u00f5es sobre Grupo de Pesquisa, DAFIS, Curso de F\u00edsica"},"content":{"rendered":"<p style=\"text-align: center;\"><a href=\"http:\/\/dgp.cnpq.br\/dgp\/espelhogrupo\/3549766538654508\">Grupo de Pesquisa FotoNanoBio<\/a><\/p>\n<p style=\"text-align: center;\"><a href=\"https:\/\/utfpr.curitiba.br\/dafis\/\"><span style=\"color: #666699;\">DAFIS (C\u00e2mpus Curitiba da UTFPR &#8211; PR)<\/span><\/a><\/p>\n<p style=\"text-align: center;\"><span style=\"color: #ff00ff;\"><a style=\"color: #ff00ff;\" href=\"http:\/\/portal.utfpr.edu.br\/cursos\/coordenacoes\/graduacao\/curitiba\/ct-licenciatura-em-fisica\">Curso de Licenciatura em F\u00edsica<\/a><\/span><\/p>\n<p id=\"parent-fieldname-title\" class=\"documentFirstHeading\" style=\"text-align: center;\"><a href=\"http:\/\/www.utfpr.edu.br\/cursos\/coordenacoes\/stricto-sensu\/ppgfa\/ppgmodelo\"><span style=\"color: #000080;\">PPGFA (Programa de P\u00f3s-Gradua\u00e7\u00e3o em F\u00edsica e Astronomia)<\/span><\/a><\/p>\n<p style=\"text-align: center;\"><a href=\"http:\/\/www.utfpr.edu.br\/cursos\/coordenacoes\/stricto-sensu\/ppgfcet\/home\"><span style=\"color: #993300;\">PPGFCET (Programa de P\u00f3s-Gradua\u00e7\u00e3o em Forma\u00e7\u00e3o Cient\u00edfica, Educacional e Tecnol\u00f3gica)<\/span><\/a><\/p>\n","protected":false},"excerpt":{"rendered":"<p>Grupo de Pesquisa FotoNanoBio DAFIS (C\u00e2mpus Curitiba da UTFPR &#8211; PR) Curso de Licenciatura em F\u00edsica PPGFA (Programa de P\u00f3s-Gradua\u00e7\u00e3o em F\u00edsica e Astronomia) PPGFCET (Programa de P\u00f3s-Gradua\u00e7\u00e3o em Forma\u00e7\u00e3o Cient\u00edfica, Educacional e Tecnol\u00f3gica)<\/p>\n","protected":false},"author":111,"featured_media":0,"parent":0,"menu_order":0,"comment_status":"closed","ping_status":"closed","template":"","meta":{"footnotes":""},"class_list":["post-178","page","type-page","status-publish","hentry"],"_links":{"self":[{"href":"https:\/\/utfpr.curitiba.br\/fotonanobio\/index.php?rest_route=\/wp\/v2\/pages\/178","targetHints":{"allow":["GET"]}}],"collection":[{"href":"https:\/\/utfpr.curitiba.br\/fotonanobio\/index.php?rest_route=\/wp\/v2\/pages"}],"about":[{"href":"https:\/\/utfpr.curitiba.br\/fotonanobio\/index.php?rest_route=\/wp\/v2\/types\/page"}],"author":[{"embeddable":true,"href":"https:\/\/utfpr.curitiba.br\/fotonanobio\/index.php?rest_route=\/wp\/v2\/users\/111"}],"replies":[{"embeddable":true,"href":"https:\/\/utfpr.curitiba.br\/fotonanobio\/index.php?rest_route=%2Fwp%2Fv2%2Fcomments&post=178"}],"version-history":[{"count":12,"href":"https:\/\/utfpr.curitiba.br\/fotonanobio\/index.php?rest_route=\/wp\/v2\/pages\/178\/revisions"}],"predecessor-version":[{"id":845,"href":"https:\/\/utfpr.curitiba.br\/fotonanobio\/index.php?rest_route=\/wp\/v2\/pages\/178\/revisions\/845"}],"wp:attachment":[{"href":"https:\/\/utfpr.curitiba.br\/fotonanobio\/index.php?rest_route=%2Fwp%2Fv2%2Fmedia&parent=178"}],"curies":[{"name":"wp","href":"https:\/\/api.w.org\/{rel}","templated":true}]}}

Informações sobre Grupo de Pesquisa, DAFIS, Curso de Física

<p style="text-align: center;"><a href="http://dgp.cnpq.br/dgp/espelhogrupo/3549766538654508">Grupo de Pesquisa FotoNanoBio</a></p>
<p style="text-align: center;"><a href="https://utfpr.curitiba.br/dafis/"><span style="color: #666699;">DAFIS (Câmpus Curitiba da UTFPR &#8211; PR)</span></a></p>
<p style="text-align: center;"><span style="color: #ff00ff;"><a style="color: #ff00ff;" href="http://portal.utfpr.edu.br/cursos/coordenacoes/graduacao/curitiba/ct-licenciatura-em-fisica">Curso de Licenciatura em Física</a></span></p>
<p id="parent-fieldname-title" class="documentFirstHeading" style="text-align: center;"><a href="http://www.utfpr.edu.br/cursos/coordenacoes/stricto-sensu/ppgfa/ppgmodelo"><span style="color: #000080;">PPGFA (Programa de Pós-Graduação em Física e Astronomia)</span></a></p>
<p style="text-align: center;"><a href="http://www.utfpr.edu.br/cursos/coordenacoes/stricto-sensu/ppgfcet/home"><span style="color: #993300;">PPGFCET (Programa de Pós-Graduação em Formação Científica, Educacional e Tecnológica)</span></a></p>

<p>Grupo de Pesquisa FotoNanoBio DAFIS (Câmpus Curitiba da UTFPR &#8211; PR) Curso de Licenciatura em Física PPGFA (Programa de Pós-Graduação em Física e Astronomia) PPGFCET (Programa de Pós-Graduação em Formação Científica, Educacional e Tecnológica)</p>
