{"id":138,"date":"2016-05-11T16:36:28","date_gmt":"2016-05-11T16:36:28","guid":{"rendered":"http:\/\/fotonanobio.ct.utfpr.edu.br\/?page_id=138"},"modified":"2020-05-15T01:50:46","modified_gmt":"2020-05-15T01:50:46","slug":"capim-dourado","status":"publish","type":"page","link":"https:\/\/utfpr.curitiba.br\/fotonanobio\/?page_id=138","title":{"rendered":"Capim dourado que reluz como ouro"},"content":{"rendered":"<p><a href=\"http:\/\/utfpr-ct-static-content.s3.amazonaws.com\/utfpr.curitiba.br\/wp-content\/uploads\/sites\/78\/capim-dourado.gif\"><img fetchpriority=\"high\" decoding=\"async\" class=\"alignright size-medium wp-image-700\" src=\"http:\/\/utfpr-ct-static-content.s3.amazonaws.com\/utfpr.curitiba.br\/wp-content\/uploads\/sites\/78\/capim-dourado-300x227.gif\" alt=\"\" width=\"300\" height=\"227\" \/><\/a><\/p>\n<p><em>Vida na Universidade &#8211; Pesquisa e Tecnologia &#8211; Gazeta do Povo (28-04-2014)<\/em><\/p>\n<p style=\"text-align: left;\">Professores paranaenses ganham destaque internacional por desvendarem mist\u00e9rio do brilho dourado em planta t\u00edpica do\u00a0Brasil.<br \/>\nPlanta t\u00edpica do cerrado brasileiro, o capim dourado \u00e9 muito procurado por artes\u00e3os devido \u00e0 colora\u00e7\u00e3o\u00a0caracter\u00edstica que assume depois de seca, lembrando l\u00e2minas de ouro. \u00c9 f\u00e1cil encantar-se pelo fen\u00f4meno. O\u00a0dif\u00edcil era explic\u00e1-lo, pelo menos at\u00e9 agora. Uma pesquisa coordenada pelos professores Arandi Ginane Bezerra\u00a0J\u00fanior, da Universidade Tecnol\u00f3gica Federal do Paran\u00e1 (UTFPR), e Wido Schreiner, da Universidade Federal do\u00a0Paran\u00e1 (UFPR) ganhou espa\u00e7o em uma publica\u00e7\u00e3o internacional justamente por conseguir o feito in\u00e9dito.<br \/>\nO estudo levou cerca de um ano e meio e os resultados foram muito diferentes daquilo que se previa em um\u00a0primeiro momento. \u201cUma hip\u00f3tese era a presen\u00e7a de metais no capim, as fizemos v\u00e1rios testes e conclu\u00edmos\u00a0tratar-se de mat\u00e9ria org\u00e2nica pura. N\u00e3o h\u00e1 nenhum metal na planta\u201d, explica Bezerra J\u00fanior. Era preciso, portanto,\u00a0procurar outra explica\u00e7\u00e3o para o brilho met\u00e1lico.<br \/>\nA partir da descoberta de flavonoides no capim dourado, novos estudos podem ser conduzidos com a subst\u00e2ncia, como aplica\u00e7\u00e3o na identifica\u00e7\u00e3o de\u00a0doen\u00e7as e no desenvolvimento de protetores solares.<br \/>\nA estrat\u00e9gia adotada foi mudar a pergunta. Em vez de questionar por que aquele tipo de capim tem determinada\u00a0cor, a dupla de professores passou a pesquisar como a natureza faz para que elementos n\u00e3o met\u00e1licos\u00a0apresentem colora\u00e7\u00e3o met\u00e1lica. Surgiram v\u00e1rias respostas, mas foi somente quando os pesquisadores usaram\u00a0microscopia eletr\u00f4nica que o mist\u00e9rio come\u00e7ou a ser esclarecido.<br \/>\nO brilho dourado resulta da combina\u00e7\u00e3o de dois fatores. Uma superf\u00edcie surpreendentemente lisa, a ponto de\u00a0refletir a luz como um tipo de espelho, e a presen\u00e7a de flavonoides \u00fanicos, n\u00e3o identificados em outra planta.<br \/>\nFlavonoides s\u00e3o o produto do metabolismo de algumas mol\u00e9culas, comuns em vegetais, mas geralmente\u00a0presentes em flores de cor avermelhada. Os flavonoides do capim dourado s\u00e3o respons\u00e1veis pela cor amarelada\u00a0que surge quando a clorofila se esvai. Somada \u00e0 superf\u00edcie lisa e brilhante, o amarelo imita a cor do ouro.<br \/>\nSegundo Bezerra, a descoberta desses flavonoides no capim dourado abre o horizonte para diversas pesquisas,\u00a0j\u00e1 que o material \u00e9 fluorescente e, portanto, pode de ser usado na identifica\u00e7\u00e3o de v\u00e1rias enfermidades, como\u00a0doen\u00e7a de Chagas, hepatite e aids. Al\u00e9m disso, a capacidade de absor\u00e7\u00e3o da luz ultravioleta identificada no\u00a0capim dourado torna poss\u00edvel o uso da planta em protetores solares.<br \/>\nA pesquisa foi publicada em ingl\u00eas na revista internacional Industrial Crops and Products e apresentada pelo\u00a0professor Bezerra J\u00fanior na Universidade de Oxford, na Inglaterra.<\/p>\n<p style=\"text-align: center;\"><a href=\"https:\/\/www.gazetadopovo.com.br\/educacao\/vida-na-universidade\/pesquisa-e-tecnologia\/o-capim-do-cerrado-que-reluz-como-ouro-8b7eiczehgnhougy42uv5q34e\/\">O capim do cerrado que reluz como ouro &#8211; Vida na Universidade &#8211; Pesquisa e Tecnologia &#8211; Gazeta do Povo_28-04-2014<\/a><\/p>\n<p style=\"text-align: center;\"><img decoding=\"async\" class=\"aligncenter size-medium wp-image-220\" src=\"http:\/\/utfpr-ct-static-content.s3.amazonaws.com\/utfpr.curitiba.br\/wp-content\/uploads\/sites\/78\/2016\/04\/pag3-255x300.gif\" alt=\"\" width=\"255\" height=\"300\" \/><\/p>\n","protected":false},"excerpt":{"rendered":"<p>Vida na Universidade &#8211; Pesquisa e Tecnologia &#8211; Gazeta do Povo (28-04-2014) Professores paranaenses ganham destaque internacional por desvendarem mist\u00e9rio do brilho dourado em planta t\u00edpica do\u00a0Brasil. Planta t\u00edpica do cerrado brasileiro, o capim dourado \u00e9 muito procurado por artes\u00e3os devido \u00e0 colora\u00e7\u00e3o\u00a0caracter\u00edstica que assume depois de seca, lembrando l\u00e2minas de ouro. \u00c9 f\u00e1cil encantar-se [&hellip;]<\/p>\n","protected":false},"author":111,"featured_media":0,"parent":0,"menu_order":0,"comment_status":"closed","ping_status":"closed","template":"","meta":{"footnotes":""},"class_list":["post-138","page","type-page","status-publish","hentry"],"_links":{"self":[{"href":"https:\/\/utfpr.curitiba.br\/fotonanobio\/index.php?rest_route=\/wp\/v2\/pages\/138","targetHints":{"allow":["GET"]}}],"collection":[{"href":"https:\/\/utfpr.curitiba.br\/fotonanobio\/index.php?rest_route=\/wp\/v2\/pages"}],"about":[{"href":"https:\/\/utfpr.curitiba.br\/fotonanobio\/index.php?rest_route=\/wp\/v2\/types\/page"}],"author":[{"embeddable":true,"href":"https:\/\/utfpr.curitiba.br\/fotonanobio\/index.php?rest_route=\/wp\/v2\/users\/111"}],"replies":[{"embeddable":true,"href":"https:\/\/utfpr.curitiba.br\/fotonanobio\/index.php?rest_route=%2Fwp%2Fv2%2Fcomments&post=138"}],"version-history":[{"count":19,"href":"https:\/\/utfpr.curitiba.br\/fotonanobio\/index.php?rest_route=\/wp\/v2\/pages\/138\/revisions"}],"predecessor-version":[{"id":707,"href":"https:\/\/utfpr.curitiba.br\/fotonanobio\/index.php?rest_route=\/wp\/v2\/pages\/138\/revisions\/707"}],"wp:attachment":[{"href":"https:\/\/utfpr.curitiba.br\/fotonanobio\/index.php?rest_route=%2Fwp%2Fv2%2Fmedia&parent=138"}],"curies":[{"name":"wp","href":"https:\/\/api.w.org\/{rel}","templated":true}]}}

<p><a href="http://utfpr-ct-static-content.s3.amazonaws.com/utfpr.curitiba.br/wp-content/uploads/sites/78/capim-dourado.gif"><img fetchpriority="high" decoding="async" class="alignright size-medium wp-image-700" src="http://utfpr-ct-static-content.s3.amazonaws.com/utfpr.curitiba.br/wp-content/uploads/sites/78/capim-dourado-300x227.gif" alt="" width="300" height="227" /></a></p>
<p><em>Vida na Universidade &#8211; Pesquisa e Tecnologia &#8211; Gazeta do Povo (28-04-2014)</em></p>
<p style="text-align: left;">Professores paranaenses ganham destaque internacional por desvendarem mistério do brilho dourado em planta típica do Brasil.<br />
Planta típica do cerrado brasileiro, o capim dourado é muito procurado por artesãos devido à coloração característica que assume depois de seca, lembrando lâminas de ouro. É fácil encantar-se pelo fenômeno. O difícil era explicá-lo, pelo menos até agora. Uma pesquisa coordenada pelos professores Arandi Ginane Bezerra Júnior, da Universidade Tecnológica Federal do Paraná (UTFPR), e Wido Schreiner, da Universidade Federal do Paraná (UFPR) ganhou espaço em uma publicação internacional justamente por conseguir o feito inédito.<br />
O estudo levou cerca de um ano e meio e os resultados foram muito diferentes daquilo que se previa em um primeiro momento. “Uma hipótese era a presença de metais no capim, as fizemos vários testes e concluímos tratar-se de matéria orgânica pura. Não há nenhum metal na planta”, explica Bezerra Júnior. Era preciso, portanto, procurar outra explicação para o brilho metálico.<br />
A partir da descoberta de flavonoides no capim dourado, novos estudos podem ser conduzidos com a substância, como aplicação na identificação de doenças e no desenvolvimento de protetores solares.<br />
A estratégia adotada foi mudar a pergunta. Em vez de questionar por que aquele tipo de capim tem determinada cor, a dupla de professores passou a pesquisar como a natureza faz para que elementos não metálicos apresentem coloração metálica. Surgiram várias respostas, mas foi somente quando os pesquisadores usaram microscopia eletrônica que o mistério começou a ser esclarecido.<br />
O brilho dourado resulta da combinação de dois fatores. Uma superfície surpreendentemente lisa, a ponto de refletir a luz como um tipo de espelho, e a presença de flavonoides únicos, não identificados em outra planta.<br />
Flavonoides são o produto do metabolismo de algumas moléculas, comuns em vegetais, mas geralmente presentes em flores de cor avermelhada. Os flavonoides do capim dourado são responsáveis pela cor amarelada que surge quando a clorofila se esvai. Somada à superfície lisa e brilhante, o amarelo imita a cor do ouro.<br />
Segundo Bezerra, a descoberta desses flavonoides no capim dourado abre o horizonte para diversas pesquisas, já que o material é fluorescente e, portanto, pode de ser usado na identificação de várias enfermidades, como doença de Chagas, hepatite e aids. Além disso, a capacidade de absorção da luz ultravioleta identificada no capim dourado torna possível o uso da planta em protetores solares.<br />
A pesquisa foi publicada em inglês na revista internacional Industrial Crops and Products e apresentada pelo professor Bezerra Júnior na Universidade de Oxford, na Inglaterra.</p>
<p style="text-align: center;"><a href="https://www.gazetadopovo.com.br/educacao/vida-na-universidade/pesquisa-e-tecnologia/o-capim-do-cerrado-que-reluz-como-ouro-8b7eiczehgnhougy42uv5q34e/">O capim do cerrado que reluz como ouro &#8211; Vida na Universidade &#8211; Pesquisa e Tecnologia &#8211; Gazeta do Povo_28-04-2014</a></p>
<p style="text-align: center;"><img decoding="async" class="aligncenter size-medium wp-image-220" src="http://utfpr-ct-static-content.s3.amazonaws.com/utfpr.curitiba.br/wp-content/uploads/sites/78/2016/04/pag3-255x300.gif" alt="" width="255" height="300" /></p>

<p>Vida na Universidade &#8211; Pesquisa e Tecnologia &#8211; Gazeta do Povo (28-04-2014) Professores paranaenses ganham destaque internacional por desvendarem mistério do brilho dourado em planta típica do Brasil. Planta típica do cerrado brasileiro, o capim dourado é muito procurado por artesãos devido à coloração característica que assume depois de seca, lembrando lâminas de ouro. É fácil encantar-se [&hellip;]</p>
