{"id":954,"date":"2019-08-16T15:23:08","date_gmt":"2019-08-16T18:23:08","guid":{"rendered":"http:\/\/www.novodepex.ct.utfpr.edu.br\/?page_id=954"},"modified":"2024-06-12T15:47:09","modified_gmt":"2024-06-12T18:47:09","slug":"propor-programa-de-extensao","status":"publish","type":"page","link":"https:\/\/utfpr.curitiba.br\/extensao\/area-do-coordenador\/propor-programa-de-extensao\/","title":{"rendered":"Propor Programa de Extens\u00e3o"},"content":{"rendered":"\n<p><mark style=\"background-color:#fcb900\" class=\"has-inline-color\">Programas: <\/mark><mark style=\"background-color:#ffffff\" class=\"has-inline-color has-white-color\">,<\/mark>Conjunto articulado de pelo menos dois projetos e outras a\u00e7\u00f5es de extens\u00e3o (cursos, eventos, presta\u00e7\u00e3o de servi\u00e7os e apoio tecnol\u00f3gico), de car\u00e1ter educativo, social, cultural, cient\u00edfico ou tecnol\u00f3gico, desenvolvido de forma processual e cont\u00ednua de no m\u00ednimo 4 anos, integrando o ensino e a pesquisa, que deve explicitar, necessariamente, a metodologia de articula\u00e7\u00e3o das diversas a\u00e7\u00f5es vinculadas; atender \u00e0s diretrizes de extens\u00e3o; e estar orientado por um eixo articulador voltado para um p\u00fablico, tem\u00e1tica, linha de extens\u00e3o ou recorte territorial<sup>1<\/sup>.<\/p>\n\n\n\n<p><em>1- FORPROEX &#8211; F\u00f3rum de Pr\u00f3-Reitores de Extens\u00e3o das Universidades P\u00fablicas Brasileiras\/ CORR\u00caA, Edison J. (org.)\/ Coordena\u00e7\u00e3o Nacional do FORPROEX. Extens\u00e3o Universit\u00e1ria: organiza\u00e7\u00e3o e sistematiza\u00e7\u00e3o. Belo Horizonte: Coopmed, 2007, <\/em><a href=\"http:\/\/portal.utfpr.edu.br\/documentos\/relacoes-empresariais-e-comunitarias\/dirext\/regulamentos\/classificacao-de-eventos-de-extensao\"><em>p.39<\/em><\/a><em>.<\/em><\/p>\n\n\n\n<p><mark style=\"background-color:#fcb900\" class=\"has-inline-color has-black-color\">Propor Programa de Extens\u00e3o<\/mark><\/p>\n\n\n\n<p>Os programas de extens\u00e3o passam por aprova\u00e7\u00e3o do Conselho de Rela\u00e7\u00f5es Empresariais e Comunit\u00e1rias \u2013 COEMP e devem atender aos seguintes crit\u00e9rios m\u00ednimos:<\/p>\n\n\n\n<ul class=\"wp-block-list\">\n<li> No m\u00ednimo 02 (dois) projetos em andamento, sendo um deles por, no m\u00ednimo, 02 (dois) anos consecutivos registrados no DEPEX e com os relat\u00f3rios finais aprovados pelo mesmo; <\/li>\n\n\n\n<li> O Programa de Extens\u00e3o dever\u00e1 ser executado em, no m\u00ednimo, 04 (quatro) anos. <\/li>\n<\/ul>\n\n\n\n<p>Atendidos estes crit\u00e9rios m\u00ednimos,  visite a p\u00e1gina da DIREXT para orienta\u00e7\u00f5es e outras informa\u00e7\u00f5es clicando <a rel=\"noreferrer noopener\" href=\"http:\/\/portal.utfpr.edu.br\/documentos\/relacoes-empresariais-e-comunitarias\/dirext\/formularios\/documentos-da-homologacao-de-programas\" target=\"_blank\">aqui<\/a>. <\/p>\n","protected":false},"excerpt":{"rendered":"<p>Programas: ,Conjunto articulado de pelo menos dois projetos e outras a\u00e7\u00f5es de extens\u00e3o (cursos, eventos, presta\u00e7\u00e3o de servi\u00e7os e apoio<\/p>\n","protected":false},"author":27,"featured_media":0,"parent":555,"menu_order":0,"comment_status":"closed","ping_status":"closed","template":"","meta":{"colormag_page_container_layout":"default_layout","colormag_page_sidebar_layout":"default_layout","footnotes":""},"class_list":["post-954","page","type-page","status-publish","hentry"],"aioseo_notices":[],"_links":{"self":[{"href":"https:\/\/utfpr.curitiba.br\/extensao\/wp-json\/wp\/v2\/pages\/954","targetHints":{"allow":["GET"]}}],"collection":[{"href":"https:\/\/utfpr.curitiba.br\/extensao\/wp-json\/wp\/v2\/pages"}],"about":[{"href":"https:\/\/utfpr.curitiba.br\/extensao\/wp-json\/wp\/v2\/types\/page"}],"author":[{"embeddable":true,"href":"https:\/\/utfpr.curitiba.br\/extensao\/wp-json\/wp\/v2\/users\/27"}],"replies":[{"embeddable":true,"href":"https:\/\/utfpr.curitiba.br\/extensao\/wp-json\/wp\/v2\/comments?post=954"}],"version-history":[{"count":20,"href":"https:\/\/utfpr.curitiba.br\/extensao\/wp-json\/wp\/v2\/pages\/954\/revisions"}],"predecessor-version":[{"id":1783,"href":"https:\/\/utfpr.curitiba.br\/extensao\/wp-json\/wp\/v2\/pages\/954\/revisions\/1783"}],"up":[{"embeddable":true,"href":"https:\/\/utfpr.curitiba.br\/extensao\/wp-json\/wp\/v2\/pages\/555"}],"wp:attachment":[{"href":"https:\/\/utfpr.curitiba.br\/extensao\/wp-json\/wp\/v2\/media?parent=954"}],"curies":[{"name":"wp","href":"https:\/\/api.w.org\/{rel}","templated":true}]}}