{"id":906,"date":"2019-08-16T14:07:32","date_gmt":"2019-08-16T17:07:32","guid":{"rendered":"http:\/\/www.novodepex.ct.utfpr.edu.br\/?page_id=906"},"modified":"2024-03-06T11:27:22","modified_gmt":"2024-03-06T14:27:22","slug":"publicacoes-de-extensao","status":"publish","type":"page","link":"https:\/\/utfpr.curitiba.br\/extensao\/sobre-a-extensao\/publicacoes-de-extensao\/","title":{"rendered":"Publica\u00e7\u00f5es de Extens\u00e3o"},"content":{"rendered":"\n<p>Eventos de Extens\u00e3o nos quais a UTFPR participa:<\/p>\n\n\n\n<ul class=\"wp-block-list\">\n<li>\nSEURS \u2013 Semin\u00e1rio de Extens\u00e3o\n\tUniversit\u00e1ria da Regi\u00e3o Sul. Anual. <a href=\"http:\/\/proec.unespar.edu.br\/menu-principal\/seurs\">Acesse\n\taqui<\/a>\n\t<\/li>\n\n\n\n<li>\nSEI \u2013 Semin\u00e1rio de Extens\u00e3o\n\te Inova\u00e7\u00e3o da UTFPR. Anual. \n\t\n\t<\/li>\n\n\n\n<li>\nCBEU &#8211; Congresso Brasileiro de\n\tExtens\u00e3o Universit\u00e1ria. Bianual. <a href=\"https:\/\/www.ufmg.br\/proex\/renex\/index.php\/eventos\/congresso-brasileiro-de-extensao-universitaria\">Acesse\n\taqui<\/a>\n<\/li>\n<\/ul>\n\n\n\n<p>Algumas revistas de Extens\u00e3o ativas<sup>1<\/sup>:<\/p>\n\n\n\n<p>Qualis A<\/p>\n\n\n\n<ul class=\"wp-block-list\">\n<li>\nCaminho Aberto (IFSC, Qualis\n\tA4): <a href=\"https:\/\/periodicos.ifsc.edu.br\/index.php\/caminhoaberto\/index\" target=\"_blank\" rel=\"noreferrer noopener\">Acesse\n\taqui<\/a>\n\t<\/li>\n\n\n\n<li>\nConex\u00e3o UEPG (UEPG, Qualis A4):\n\t<a href=\"http:\/\/www.revistas2.uepg.br\/index.php\/conexao\" target=\"_blank\" rel=\"noreferrer noopener\">Acesse\n\taqui<\/a>\n\t<\/li>\n\n\n\n<li>\nE-mosaicos (UERJ, Qualis A3):\n\t<a href=\"https:\/\/www.e-publicacoes.uerj.br\/index.php\/e-mosaicos\">Acesse\n\taqui<\/a>\n\t<\/li>\n\n\n\n<li>\nInteragir: Pensando a Extens\u00e3o\n\t(UERJ, Qualis A4): <a href=\"http:\/\/www.e-publicacoes.uerj.br\/index.php\/interagir\/\" target=\"_blank\" rel=\"noreferrer noopener\">Acesse\n\taqui<\/a>\n\t<\/li>\n\n\n\n<li>\nRevista Insepe (UFMG, Qualis\n\tA1): <a href=\"http:\/\/insepe.org.br\/revistainsepe\/\">Acesse aqui<\/a>\n<\/li>\n<\/ul>\n\n\n\n<p>Qualis B<\/p>\n\n\n\n<ul class=\"wp-block-list\">\n<li> Anu\u00e1rio Pesquisa e Extens\u00e3o (UNOESC, Qualis B4): <a href=\"https:\/\/www.unoesc.edu.br\/editora\/anuario\">Acesse aqui<\/a> <\/li>\n\n\n\n<li> Cataventos (UNICRUZ, Qualis B3): <a rel=\"noreferrer noopener\" href=\"http:\/\/revistaeletronica.unicruz.edu.br\/index.php\/Cataventos\" target=\"_blank\">Acesse aqui<\/a> <\/li>\n\n\n\n<li> Ci\u00eancia em Extens\u00e3o (UNESP, Qualis B2): <a rel=\"noreferrer noopener\" href=\"http:\/\/ojs.unesp.br\/index.php\/revista_proex\" target=\"_blank\">Acesse aqui<\/a> <\/li>\n\n\n\n<li> Conecte-se! Revista Interdisciplinar de Extens\u00e3o (PUC Minas, Qualis B4): <a href=\"http:\/\/periodicos.pucminas.br\/index.php\/conecte-se\">Acesse aqui<\/a> <\/li>\n\n\n\n<li> Cultura e Extens\u00e3o USP (USP, Qualis B2): <a rel=\"noreferrer noopener\" href=\"http:\/\/www.revistas.usp.br\/rce\" target=\"_blank\">Acesse aqui<\/a> <\/li>\n\n\n\n<li> Dialogos (UCB, Qualis B4): <a href=\"https:\/\/portalrevistas.ucb.br\/index.php\/RDL\">Acesse aqui<\/a> <\/li>\n\n\n\n<li> Expressa Extens\u00e3o (UFPEL, Qualis B3): <a rel=\"noreferrer noopener\" href=\"http:\/\/periodicos.ufpel.edu.br\/ojs2\/index.php\/expressaextensao\/issue\/archive\" target=\"_blank\">Acesse aqui<\/a>  <\/li>\n\n\n\n<li> Extens\u00e3o e Sociedade (UFRN, Qualis B4): <a rel=\"noreferrer noopener\" href=\"https:\/\/periodicos.ufrn.br\/extensaoesociedade\" target=\"_blank\">Acesse aqui<\/a> <\/li>\n\n\n\n<li> Extens\u00e3o Em A\u00e7\u00e3o (UFC, Qualis B2): <a rel=\"noreferrer noopener\" href=\"http:\/\/www.periodicos.ufc.br\/extensaoemacao\" target=\"_blank\">Acesse aqui<\/a> <\/li>\n\n\n\n<li> Extens\u00e3o em Foco (UFPR, desde 2008, Qualis B3): <a rel=\"noreferrer noopener\" href=\"http:\/\/ojs.c3sl.ufpr.br\/ojs2\/index.php\/extensao\" target=\"_blank\">Acesse aqui<\/a> <\/li>\n\n\n\n<li> Extensio (UFSC, Qualis B2): <a rel=\"noreferrer noopener\" href=\"https:\/\/periodicos.ufsc.br\/index.php\/extensio\" target=\"_blank\">Acesse aqui<\/a> <\/li>\n\n\n\n<li> Focando a Extens\u00e3o (UESC), Qualis B4): <a href=\"http:\/\/periodicos.uesc.br\/index.php\/extensao\">Acesse aqui<\/a> <\/li>\n\n\n\n<li> Intera\u00e7\u00e3o (UFMG, Qualis B5): <a href=\"http:\/\/periodicos.unis.edu.br\/index.php\/interacao\">Acesse aqui<\/a> <\/li>\n\n\n\n<li> Interfaces (UFMG, Qualis B3): <a rel=\"noreferrer noopener\" href=\"https:\/\/www.ufmg.br\/proex\/revistainterfaces\/index.php\/IREXT\" target=\"_blank\">Acesse aqui<\/a>  <\/li>\n\n\n\n<li> ParticipA\u00e7\u00e3o (UnB, Qualis B4): <a rel=\"noreferrer noopener\" href=\"http:\/\/periodicos.unb.br\/index.php\/participacao\/index\" target=\"_blank\">Acesse aqui<\/a> <\/li>\n\n\n\n<li> RevInt &#8211; Revista Interdisciplinar de Ensino, Pesquisa e Extens\u00e3o (UNICRUZ, Qualis B3): <a href=\"http:\/\/revistaeletronica.unicruz.edu.br\/index.php\/eletronica\">Acesse aqui<\/a> <\/li>\n\n\n\n<li> Revista Bras. de Extens\u00e3o Universit\u00e1ria (FORPROEX\/UFFS, Qualis B2): <a rel=\"noreferrer noopener\" href=\"https:\/\/periodicos.uffs.edu.br\/index.php\/RBEU\" target=\"_blank\">Acesse aqui<\/a> <\/li>\n\n\n\n<li> Revista de Cultura e Extens\u00e3o USP (USP, Qualis B2): <a href=\"http:\/\/www.revistas.usp.br\/rce\">Acesse aqui<\/a> <\/li>\n\n\n\n<li> Revista de Extens\u00e3o (UFRB, Qualis B4): <a rel=\"noreferrer noopener\" href=\"http:\/\/ufrb.edu.br\/revistaextensao\/\" target=\"_blank\">Acesse aqui<\/a> <\/li>\n\n\n\n<li> Revista Pesquisa &amp; Extens\u00e3o (FACIT, Qualis B4) <\/li>\n\n\n\n<li> Revista Transmutare (UTFPR, Qualis B2): <a href=\"https:\/\/periodicos.utfpr.edu.br\/rtr?fbclid=IwAR1MtDecY-jWDmaSbNlxgQWMRHyPX9bWXp0rD5fYoBzvjyg3tWUBoUObVYg\">Acesse aqui<\/a><\/li>\n\n\n\n<li> Viver IFRS (IFRS, Qualis B3): <a rel=\"noreferrer noopener\" href=\"http:\/\/revistaviver.ifrs.edu.br\/site\/index\/index\/\" target=\"_blank\">Acesse aqui<\/a> <\/li>\n<\/ul>\n\n\n\n<p>Qualis C<\/p>\n\n\n\n<ul class=\"wp-block-list\">\n<li>\nEm Extens\u00e3o (UFU, Qualis C):\n\t<a href=\"http:\/\/www.seer.ufu.br\/index.php\/revextensao\/index\" target=\"_blank\" rel=\"noreferrer noopener\">Acesse\n\taqui<\/a> \n\t\n\t<\/li>\n\n\n\n<li>\nUDESC em A\u00e7\u00e3o (UDESC, Qualis\n\tC): <a href=\"http:\/\/www.revistas.udesc.br\/index.php\/udescemacao\" target=\"_blank\" rel=\"noreferrer noopener\">Acesse\n\taqui<\/a>\n\t<\/li>\n\n\n\n<li>\nUniverso &amp; Extens\u00e3o (UFPA,\n\tQualis C): <a href=\"http:\/\/www.revistaeletronica.ufpa.br\/index.php\/universo_extensao\/issue\/archive\" target=\"_blank\" rel=\"noreferrer noopener\">Acesse\n\taqui<\/a>\n\t<\/li>\n\n\n\n<li>\nRevista da Extens\u00e3o (UFRGS,\n\tQualis C): <a href=\"http:\/\/www.ufrgs.br\/prorext-siteantigo\/divulgacao\/revistadaextensao\" target=\"_blank\" rel=\"noreferrer noopener\">Acesse\n\taqui<\/a>\n\t<\/li>\n\n\n\n<li>\nElo &#8211; Di\u00e1logos em Extens\u00e3o\n\t(UFV, Qualis C): <a href=\"http:\/\/www.elo.ufv.br\/\" target=\"_blank\" rel=\"noreferrer noopener\">Acesse\n\taqui<\/a>\n\t<\/li>\n\n\n\n<li>\nRa\u00edzes e Rumos (UNIRIO, Qualis\n\tC): <a href=\"http:\/\/seer.unirio.br\/index.php\/raizeserumos\" target=\"_blank\" rel=\"noreferrer noopener\">Acesse\n\taqui<\/a>\n\t<\/li>\n\n\n\n<li>\nGuar\u00e1 (UFES, Qualis C): <a href=\"http:\/\/periodicos.ufes.br\/guara\/index\" target=\"_blank\" rel=\"noreferrer noopener\">Acesse\n\taqui<\/a>\n\t<\/li>\n\n\n\n<li>\nExperi\u00eancia \u2013 Revista\n\tCient\u00edfica de Extens\u00e3o (UFSM, Qualis C): <a href=\"http:\/\/cascavel.ufsm.br\/revistas\/ojs-2.2.2\/index.php\/experiencia\/\" target=\"_blank\" rel=\"noreferrer noopener\">Acesse\n\taqui<\/a>\n\t<\/li>\n\n\n\n<li>\nRev. Fluminense de Extens\u00e3o\n\tUniversit\u00e1ria (Univ. De Vassouras, Qualis C): <a href=\"http:\/\/editorauss.uss.br\/index.php\/RFEU\/index\" target=\"_blank\" rel=\"noreferrer noopener\">Acesse\n\taqui<\/a>\n\t<\/li>\n\n\n\n<li>\nNexus (IFAM, Qualis C): <a href=\"http:\/\/www.ifam.edu.br\/nexus\/\" target=\"_blank\" rel=\"noreferrer noopener\">Acesse\n\taqui<\/a>\n\t<\/li>\n\n\n\n<li>\nExtensiva (UNIOESTE, Qualis C):\n\t<a href=\"http:\/\/www5.unioeste.br\/portalunioeste\/263-proex\/noticias-proex2\/39345-25-09-revista-extensiva\" target=\"_blank\" rel=\"noreferrer noopener\">Acesse\n\taqui<\/a>\n\t<\/li>\n\n\n\n<li>\nRevista de Extens\u00e3o UENF (UENF\n\tQualis C): <a href=\"http:\/\/www.uenf.br\/publicacoes\/revista-de-extensao\/apresentacao\/atual\/\" target=\"_blank\" rel=\"noreferrer noopener\">Acesse\n\taqui<\/a>\n<\/li>\n<\/ul>\n\n\n\n<p>Qualis NP<\/p>\n\n\n\n<ul class=\"wp-block-list\">\n<li>\nRealizA\u00e7\u00e3o (UFGD, Qualis NP) :\n\t<a href=\"http:\/\/ojs.ufgd.edu.br\/index.php\/realizacao\/index\" target=\"_blank\" rel=\"noreferrer noopener\">Ace<\/a><a href=\"http:\/\/ojs.ufgd.edu.br\/index.php\/realizacao\/index\" target=\"_blank\" rel=\"noreferrer noopener\">sse\n\taqui<\/a>\n<\/li>\n<\/ul>\n\n\n\n<p>Fonte: https:\/\/sucupira.capes.gov.br\/sucupira\/public\/index.xhtml<\/p>\n\n\n\n<p class=\"has-medium-font-size\"><strong>Aprova\u00e7\u00e3o em Comit\u00ea de \u00c9tica<\/strong>:<\/p>\n\n\n\n<p>Atividades de extens\u00e3o que tenham interesse em desenvolver publica\u00e7\u00e3o em peri\u00f3dicos, transforma\u00e7\u00e3o em trabalhos de conclus\u00e3o de curso a n\u00edvel de gradua\u00e7\u00e3o ou p\u00f3s-gradua\u00e7\u00e3o, <em>fazendo uso de dados de pessoas envolvidas na a\u00e7\u00e3o<\/em>, necessitam de aprova\u00e7\u00e3o em um CEP.<\/p>\n\n\n\n<p>De acordo com a Resolu\u00e7\u00e3o 510\/2016 e 466\/2012:<\/p>\n\n\n\n<ul class=\"wp-block-list\">\n<li>caso a execu\u00e7\u00e3o da atividade de educa\u00e7\u00e3o, ensino ou treinamento surja a inten\u00e7\u00e3o de incorpora\u00e7\u00e3o dos resultados dessas atividades em um projeto de pesquisa, dever-se-\u00e1, de forma obrigat\u00f3ria, apresentar o protocolo de pesquisa ao sistema CEP\/CONEP.<\/li>\n<\/ul>\n\n\n\n<hr class=\"wp-block-separator has-css-opacity\" \/>\n\n\n\n<p>1- em agosto de 2019<\/p>\n","protected":false},"excerpt":{"rendered":"<p>Eventos de Extens\u00e3o nos quais a UTFPR participa: Algumas revistas de Extens\u00e3o ativas1: Qualis A Qualis B Qualis C Qualis<\/p>\n","protected":false},"author":27,"featured_media":0,"parent":444,"menu_order":0,"comment_status":"closed","ping_status":"closed","template":"","meta":{"colormag_page_container_layout":"default_layout","colormag_page_sidebar_layout":"default_layout","footnotes":""},"class_list":["post-906","page","type-page","status-publish","hentry"],"aioseo_notices":[],"_links":{"self":[{"href":"https:\/\/utfpr.curitiba.br\/extensao\/wp-json\/wp\/v2\/pages\/906","targetHints":{"allow":["GET"]}}],"collection":[{"href":"https:\/\/utfpr.curitiba.br\/extensao\/wp-json\/wp\/v2\/pages"}],"about":[{"href":"https:\/\/utfpr.curitiba.br\/extensao\/wp-json\/wp\/v2\/types\/page"}],"author":[{"embeddable":true,"href":"https:\/\/utfpr.curitiba.br\/extensao\/wp-json\/wp\/v2\/users\/27"}],"replies":[{"embeddable":true,"href":"https:\/\/utfpr.curitiba.br\/extensao\/wp-json\/wp\/v2\/comments?post=906"}],"version-history":[{"count":5,"href":"https:\/\/utfpr.curitiba.br\/extensao\/wp-json\/wp\/v2\/pages\/906\/revisions"}],"predecessor-version":[{"id":1605,"href":"https:\/\/utfpr.curitiba.br\/extensao\/wp-json\/wp\/v2\/pages\/906\/revisions\/1605"}],"up":[{"embeddable":true,"href":"https:\/\/utfpr.curitiba.br\/extensao\/wp-json\/wp\/v2\/pages\/444"}],"wp:attachment":[{"href":"https:\/\/utfpr.curitiba.br\/extensao\/wp-json\/wp\/v2\/media?parent=906"}],"curies":[{"name":"wp","href":"https:\/\/api.w.org\/{rel}","templated":true}]}}