{"id":889,"date":"2019-08-16T13:30:16","date_gmt":"2019-08-16T16:30:16","guid":{"rendered":"http:\/\/www.novodepex.ct.utfpr.edu.br\/?page_id=889"},"modified":"2023-03-30T08:54:35","modified_gmt":"2023-03-30T11:54:35","slug":"modalidades","status":"publish","type":"page","link":"https:\/\/utfpr.curitiba.br\/extensao\/sobre-a-extensao\/modalidades\/","title":{"rendered":"Modalidades"},"content":{"rendered":"\n<p>H\u00e1 cinco Modalidades de Atividades Extensionistas<sup>1<\/sup> realizadas pelas Universidades P\u00fablicas Federais: programas, projetos, cursos e oficinas, eventos e presta\u00e7\u00e3o de servi\u00e7os.<\/p>\n\n\n\n<p>No Campus Curitiba:<\/p>\n\n\n\n<p>Os <strong>cursos<\/strong> s\u00e3o administrados pela Divis\u00e3o de Cursos \u2013 DICPRO e divulgados em sua p\u00e1gina. <a href=\"http:\/\/cursosdeextensao.ct.utfpr.edu.br\/\">Acesse aqui<\/a>.<\/p>\n\n\n\n<p>A <strong>presta\u00e7\u00e3o de servi\u00e7os<\/strong> \u00e9 administrada pelo Departamento de Apoio e Projetos Tecnol\u00f3gicos, cujo contato pode ser realizado pelo e-mail: <a href=\"mailto:depet-ct@utfpr.edu.br\">depet-ct@utfpr.edu.br<\/a><\/p>\n\n\n\n<p>As demais modalidades s\u00e3o registradas e geridas pelo Departamento de Extens\u00e3o:<\/p>\n\n\n\n<h4 class=\"wp-block-heading\">Eventos<\/h4>\n\n\n\n<p>A\u00e7\u00e3o de curta dura\u00e7\u00e3o, que implica na apresenta\u00e7\u00e3o e\/ou exibi\u00e7\u00e3o p\u00fablica, livre ou com clientela espec\u00edfica, do conhecimento ou produto cultural, art\u00edstico, esportivo, cient\u00edfico\/acad\u00eamico ou tecnol\u00f3gico desenvolvido, conservado ou reconhecido pela Universidade. Tipos:<\/p>\n\n\n\n<ul class=\"wp-block-list\"><li>\nCongresso: conjunto de atividades, como mesas redondas, palestras, confer\u00eancias, apresenta\u00e7\u00e3o de trabalhos, cursos, minicursos, oficinas\/workshops.\n<\/li><li>\nSemin\u00e1rio e evento an\u00e1logo: eventos de m\u00e9dio porte, como encontro, simp\u00f3sio, jornada, col\u00f3quio, f\u00f3rum, mesa-redonda, etc.\n<\/li><li>\nCiclo de debates: encontros sequenciais que visam \u00e0 discuss\u00e3o de um tema espec\u00edfico.\n<\/li><li>\nExposi\u00e7\u00e3o: exibi\u00e7\u00e3o p\u00fablica de bens de car\u00e1ter cient\u00edfico, cultural, tecnol\u00f3gico, social e educativo; inclui: feira, sal\u00e3o, mostra, lan\u00e7amento, etc.\n<\/li><li>\nEspet\u00e1culo: apresenta\u00e7\u00e3o p\u00fablica de eventos art\u00edsticos; inclui: recital, concerto, show, teatro, exibi\u00e7\u00e3o de cinema, dan\u00e7a e interpreta\u00e7\u00e3o musical.\n<\/li><li>\nEvento esportivo: campeonato, torneio, olimp\u00edada, apresenta\u00e7\u00e3o esportiva.\n<\/li><li>\nFestival: s\u00e9rie de a\u00e7\u00f5es\/eventos ou espet\u00e1culos art\u00edsticos, culturais ou esportivos, realizados concomitantemente, em geral e medi\u00e7\u00f5es peri\u00f3dicas.\n<\/li><li>\nOutros: a\u00e7\u00e3o pontual de mobiliza\u00e7\u00e3o que visa a um objetivo definido; inclui campanha.\n<\/li><\/ul>\n\n\n\n<h4 class=\"wp-block-heading\">Projetos<\/h4>\n\n\n\n<p>A\u00e7\u00e3o de car\u00e1ter educativo, social, cultural, cient\u00edfico ou tecnol\u00f3gico, com dura\u00e7\u00e3o determinada de no m\u00ednimo 6 (seis) meses, com objetivo focalizado, integrando o ensino e a pesquisa. Deve atender \u00e0s diretrizes de extens\u00e3o, podendo abranger, de forma vinculada, cursos, eventos e presta\u00e7\u00e3o de servi\u00e7os. O Projeto pode ser vinculado ou n\u00e3o a um Programa.<\/p>\n\n\n\n<h4 class=\"wp-block-heading\">Programas<\/h4>\n\n\n\n<p>Conjunto articulado de pelo menos dois projetos e outras a\u00e7\u00f5es de extens\u00e3o (cursos, eventos, presta\u00e7\u00e3o de servi\u00e7os e apoio tecnol\u00f3gico), de car\u00e1ter educativo, social, cultural, cient\u00edfico ou tecnol\u00f3gico, desenvolvido de forma processual e cont\u00ednua de no m\u00ednimo 4 anos, integrando o ensino e a pesquisa, que deve explicitar, necessariamente, a metodologia de articula\u00e7\u00e3o das diversas a\u00e7\u00f5es vinculadas; atender \u00e0s diretrizes de extens\u00e3o; e estar orientado por um eixo articulador voltado para um p\u00fablico, tem\u00e1tica, linha de extens\u00e3o ou recorte territorial.<\/p>\n\n\n\n<p><em>1- F\u00f3rum de Pr\u00f3-Reitores de Extens\u00e3o das Universidades P\u00fablicas Brasileiras. <\/em><a href=\"https:\/\/www.ufmg.br\/proex\/renex\/images\/documentos\/2012-07-13-Politica-Nacional-de-Extensao.pdf\"><em>Pol\u00edtica nacional de Extens\u00e3o Universit\u00e1ria<\/em><\/a><em>. Manaus: FORPROEX; 2012<\/em><\/p>\n","protected":false},"excerpt":{"rendered":"<p>H\u00e1 cinco Modalidades de Atividades Extensionistas1 realizadas pelas Universidades P\u00fablicas Federais: programas, projetos, cursos e oficinas, eventos e presta\u00e7\u00e3o de<\/p>\n","protected":false},"author":27,"featured_media":0,"parent":444,"menu_order":0,"comment_status":"closed","ping_status":"closed","template":"","meta":{"colormag_page_container_layout":"default_layout","colormag_page_sidebar_layout":"default_layout","footnotes":""},"class_list":["post-889","page","type-page","status-publish","hentry"],"aioseo_notices":[],"_links":{"self":[{"href":"https:\/\/utfpr.curitiba.br\/extensao\/wp-json\/wp\/v2\/pages\/889","targetHints":{"allow":["GET"]}}],"collection":[{"href":"https:\/\/utfpr.curitiba.br\/extensao\/wp-json\/wp\/v2\/pages"}],"about":[{"href":"https:\/\/utfpr.curitiba.br\/extensao\/wp-json\/wp\/v2\/types\/page"}],"author":[{"embeddable":true,"href":"https:\/\/utfpr.curitiba.br\/extensao\/wp-json\/wp\/v2\/users\/27"}],"replies":[{"embeddable":true,"href":"https:\/\/utfpr.curitiba.br\/extensao\/wp-json\/wp\/v2\/comments?post=889"}],"version-history":[{"count":9,"href":"https:\/\/utfpr.curitiba.br\/extensao\/wp-json\/wp\/v2\/pages\/889\/revisions"}],"predecessor-version":[{"id":1199,"href":"https:\/\/utfpr.curitiba.br\/extensao\/wp-json\/wp\/v2\/pages\/889\/revisions\/1199"}],"up":[{"embeddable":true,"href":"https:\/\/utfpr.curitiba.br\/extensao\/wp-json\/wp\/v2\/pages\/444"}],"wp:attachment":[{"href":"https:\/\/utfpr.curitiba.br\/extensao\/wp-json\/wp\/v2\/media?parent=889"}],"curies":[{"name":"wp","href":"https:\/\/api.w.org\/{rel}","templated":true}]}}