{"id":465,"date":"2020-11-10T08:58:57","date_gmt":"2020-11-10T11:58:57","guid":{"rendered":"https:\/\/dirplad.ct.utfpr.edu.br\/?page_id=465"},"modified":"2020-11-10T11:14:07","modified_gmt":"2020-11-10T14:14:07","slug":"diofi","status":"publish","type":"page","link":"https:\/\/utfpr.curitiba.br\/dirplad\/procedimentos\/deofi\/diofi\/","title":{"rendered":"DIOFI &#8211; Procedimentos"},"content":{"rendered":"\n<p><a href=\"https:\/\/dirplad.ct.utfpr.edu.br\/estrutura\/departamentos\/deofi\/diofi\/\" data-type=\"URL\" data-id=\"https:\/\/dirplad.ct.utfpr.edu.br\/estrutura\/departamentos\/deofi\/diofi\/\">Sobre a DIOFI<\/a><\/p>\n\n\n\n<h6 class=\"wp-block-heading\">Procedimentos<\/h6>\n\n\n\n<ul class=\"wp-block-list\"><li><a href=\"#encaminhamento-notas-financeiro\" data-type=\"internal\" data-id=\"#encaminhamento-notas-financeiro\">Encaminhamento de Notas para o financeiro<\/a><\/li><li><a href=\"#pagamento-diarias-scdp\" data-type=\"internal\" data-id=\"#pagamento-diarias-scdp\">Pagamento de di\u00e1rias no SCDP<\/a><\/li><li><a href=\"#pagamento-congressos\" data-type=\"internal\" data-id=\"#pagamento-congressos\">Pagamento de Congressos\/Cursos\/Semin\u00e1rios\/Eventos<\/a><\/li><li><a href=\"#pagamento-notas\" data-type=\"internal\" data-id=\"#pagamento-notas\">Pagamento de Notas Fiscais, Reembolsos, Bolsas e Aux\u00edlios<\/a><\/li><li><a href=\"#pagamento-auxilio-estudante\" data-type=\"internal\" data-id=\"#pagamento-auxilio-estudante\">Pagamento de Aux\u00edlio Financeiro a Estudante<\/a><\/li><li><a href=\"#pagamento-pessoa-fisica\" data-type=\"internal\" data-id=\"#pagamento-pessoa-fisica\">Pagamento de Pessoa F\u00edsica<\/a><\/li><li><a href=\"#verificar-pagamento-sei\">Verificar se o pagamento foi efetuado \u2013 SEI<\/a><\/li><li><a href=\"#prestacao-suprimento\" data-type=\"internal\" data-id=\"#prestacao-suprimento\">SUPRIDOS CART\u00c3O CORPORATIVO \u2013 Presta\u00e7\u00e3o de Contas Suprimento de Fundos<\/a><\/li><\/ul>\n\n\n\n<hr class=\"wp-block-separator\"\/>\n\n\n\n<p id=\"encaminhamento-notas-financeiro\"><strong>Encaminhamento de Notas para o financeiro<\/strong><\/p>\n\n\n\n<p>O que \u00e9 liquida\u00e7\u00e3o?<\/p>\n\n\n\n<p>Conforme disp\u00f5e o Artigo 63 da Lei no 4.320\/1964, a liquida\u00e7\u00e3o consiste na verifica\u00e7\u00e3o do direito adquirido pelo credor, tendo por base os t\u00edtulos e documentos comprobat\u00f3rios do respectivo cr\u00e9dito e tem por objetivo apurar:<\/p>\n\n\n\n<p>I \u2013 a origem e o objeto do que se deve pagar;<br>II \u2013 a import\u00e2ncia exata a pagar; e,<br>III \u2013 a quem se deve pagar a import\u00e2ncia, para extinguir a obriga\u00e7\u00e3o.<\/p>\n\n\n\n<p>As notas fiscais para pagamento devem ser encaminhadas via SEI! \u00e0 Divis\u00e3o Or\u00e7ament\u00e1ria e Financeira <strong>\u2013 DIOFI-CT, <\/strong>o processo deve conter:<\/p>\n\n\n\n<p>1 \u2013 Nota fiscal anexa leg\u00edvel;<\/p>\n\n\n\n<p>2 \u2013 Documento interno: Carimbo \u2013 ateste para nota fiscal\/fatura\/DANFE \u2013 preenchido e ASSINADO (A nota de empenho \u00e9 informada ao requisitante pela Divis\u00e3o de Compras). <strong>SEMPRE<\/strong> <strong>INFORMAR O EMPENHO!!<\/strong><\/p>\n\n\n\n<p style=\"padding-left:1rem;\">Para encaminhar as Notas Fiscais ou Faturas (Correios, Copel, Sanepar, Oi Telecom etc.) ao Departamento Financeiro, o documento Carimbo de Ateste do SEI deve conter o seguinte texto:<\/p>\n\n\n\n<div style=\"padding: 1rem; border: 1px solid; margin: 0 0 2rem 1rem;\"><p>Atesto que os servi\u00e7os e\/ou os materiais constantes na <strong>Nota Fiscal n\u00ba <span style=\"color: red\">010101<\/span> (Documento SEI n\u00ba <span style=\"color: red\">11223344<\/span>)<\/strong> ou <strong>Fatura n\u00ba <span style=\"color: red\">010101<\/span> (Documento SEI n\u00ba <span style=\"color: red\">11223344<\/span>)<\/strong>, emitida pela empresa <strong>Fornecedor Ltda, CNPJ <span style=\"color: red\">12.345.678\/0001-00<\/span><\/strong>, provenientes da <strong>Nota de Empenho n\u00b0 <span style=\"color: red\">2020NE000000<\/span><\/strong>, foram prestados e\/ou recebidos, estando em condi\u00e7\u00f5es de pagamento, sob minha responsabilidade.<\/p><\/div>\n\n\n\n<p>3 \u2013 Dados banc\u00e1rios da empresa (a conta deve ser no CNPJ da empresa, n\u00e3o pode estar cadastrado no CPF do s\u00f3cio, por exemplo).<\/p>\n\n\n\n<p>Os processos que n\u00e3o vierem com todas as informa\u00e7\u00f5es e documentos ser\u00e3o devolvidos para ajuste.<\/p>\n\n\n\n<p><strong>ATEN\u00c7\u00c3O<\/strong> \u2013 Para a empresa receber o pagamento no in\u00edcio do m\u00eas \u00e9 necess\u00e1rio o encaminhamento da Nota Fiscal ao DIOFI at\u00e9 o dia 20 do m\u00eas anterior.<\/p>\n\n\n\n<div style=\"padding: 1rem; border: 1px solid; margin-bottom: 2rem;\"><p>A import\u00e2ncia do ateste<\/p><p>Ac\u00f3rd\u00e3o 6145\/2020 Segunda C\u00e2mara (Tomada de Contas Especial, Relator Ministro-Substituto Marcos Bemquerer) Responsabilidade. Contrato administrativo. Liquida\u00e7\u00e3o da despesa. Atesta\u00e7\u00e3o.<\/p><p>O atesto de despesa efetuado sem a efetiva verifica\u00e7\u00e3o do direito do contratado ao cr\u00e9dito \u00e9 ato grave, sujeitando o respons\u00e1vel ao ressarcimento de eventual preju\u00edzo ao er\u00e1rio, porquanto d\u00e1 margem \u00e0 ocorr\u00eancia de pagamentos sem a devida contrapresta\u00e7\u00e3o por parte do credor.<\/p><\/div>\n\n\n\n<hr class=\"wp-block-separator\"\/>\n\n\n\n<p id=\"pagamento-diarias-scdp\"><strong>Pagamento de di\u00e1rias no SCDP<\/strong><\/p>\n\n\n\n<p>\u2013 Antes de 5 dias da viagem, a di\u00e1ria ser\u00e1 liberada para pagamento no SCDP. Em caso de viagem Internacional \u00e9 liberada antes, lembrando sempre que \u00e9 OBRIGATORIO que a viagem esteja publicada no DIARIO OFICIAL para ter o seu pagamento efetuado;<\/p>\n\n\n\n<p>\u2013 Algumas di\u00e1rias s\u00e3o de fontes diferentes como PROAP, UAB e FUNASA. Verificar antes de lan\u00e7ar a viagem se h\u00e1 urg\u00eancia no recebimento, pois como s\u00e3o fontes de conv\u00eanio, \u00e9 necess\u00e1rio solicitar o recurso para efetuar o pagamento;<\/p>\n\n\n\n<p>\u2013 \u00c9 vedada a concess\u00e3o de di\u00e1rias e passagens a servidores que se encontrem em gozo de f\u00e9rias, licen\u00e7a ou qualquer outro tipo de afastamento legal.<\/p>\n\n\n\n<p>\u2013 Quando o proposto receber di\u00e1rias e o deslocamento n\u00e3o se efetivar ou ocorrer em prazo menor que o previsto, fica obrigado a restitu\u00ed-las, mediante Guia de Recolhimento da Uni\u00e3o \u2013 GRU, integral ou parcialmente, conforme o caso, no prazo de cinco dias, contados da data do retorno \u00e0 sede de exerc\u00edcio, que ser\u00e1 anexada \u00e0 PCDP.<\/p>\n\n\n\n<p>\u2013 Quando a viagem for cancelada ou ocorrer adiamento superior a quinze dias ou sem previs\u00e3o de nova data, o proposto devolver\u00e1 as di\u00e1rias em sua totalidade, no prazo de cinco dias a contar da data prevista de in\u00edcio da viagem.<\/p>\n\n\n\n<p>\u2013 As di\u00e1rias internacionais ser\u00e3o pagas com a cota\u00e7\u00e3o do dia do pagamento de acordo com o site do banco central do Brasil.<\/p>\n\n\n\n<p>\u2013 Viagens Internacionais: para cadastro de colaboradores externos o mesmo s\u00f3 ser\u00e1 efetuado MEDIANTE APRESENTA\u00c7\u00c3O DE C\u00d3PIA DO PASSAPORTE.<\/p>\n\n\n\n<p>Algumas di\u00e1rias s\u00e3o de fontes diferentes como PROAP, UAB e FUNASA. Verificar antes de lan\u00e7ar a viagem se h\u00e1 urg\u00eancia no recebimento, pois como s\u00e3o fontes de conv\u00eanio, \u00e9 necess\u00e1rio solicitar o recurso para efetuar o pagamento.<\/p>\n\n\n\n<hr class=\"wp-block-separator\"\/>\n\n\n\n<p id=\"pagamento-congressos\"><strong>Pagamento de Congressos\/Cursos\/Semin\u00e1rios\/Eventos<\/strong><\/p>\n\n\n\n<p>Diferente de outros tipos de pagamentos, os eventos s\u00e3o pagos na forma de adiantamento, ou seja, antes do encaminhamento da Nota Fiscal. Por isso, \u00e9 imprescind\u00edvel que o participante acompanhe o andamento do processo e inclua o certificado de participa\u00e7\u00e3o e comprovante de pagamento ap\u00f3s a realiza\u00e7\u00e3o do evento.<\/p>\n\n\n\n<p>Sempre deixar o processo em acompanhamento especial! A presta\u00e7\u00e3o de contas \u00e9 de responsabilidade do participante!<\/p>\n\n\n\n<hr class=\"wp-block-separator\"\/>\n\n\n\n<p id=\"pagamento-notas\"><strong>Pagamento de Notas Fiscais, Reembolsos, Bolsas e Aux\u00edlios<\/strong><\/p>\n\n\n\n<p>\u2013 O pagamento consiste na entrega de numer\u00e1rio ao credor por meio de ordens de pagamentos ou cr\u00e9dito em conta e somente pode ser efetuado ap\u00f3s a regular liquida\u00e7\u00e3o da Nota Fiscal;<\/p>\n\n\n\n<p>\u2013 Para o pagamento de bolsas e aux\u00edlios al\u00e9m da requisi\u00e7\u00e3o do empenho, incluir um documento solicitando o pagamento da bolsa.<\/p>\n\n\n\n<p>\u2013 No caso das bolsas, a requisi\u00e7\u00e3o deve ser feita no valor total, ou seja, ser\u00e1 gerado um empenho no valor total da bolsa e o pagamento mensal deve ser solicitado com of\u00edcio no mesmo processo SEI (orienta\u00e7\u00e3o abaixo). \u00c9 importante deixar o processo em acompanhamento especial.<\/p>\n\n\n\n<p>\u2013 <strong>BOLSAS DE EST\u00c1GIO, BOLSA MONITORIA, AUX\u00cdLIO ESTUDANTIL, EMERGENCIAL, OU OUTROS SIMILARES<\/strong>: deve ser utilizado o documento OF\u00cdCIO. Nesse documento deve constar a rela\u00e7\u00e3o dos beneficiados (aqueles que ir\u00e3o receber a bolsa), contendo obrigatoriamente o NOME COMPLETO, CPF, CONTA BANC\u00c1RIA e VALOR A SER PAGO, ou ent\u00e3o, a indica\u00e7\u00e3o da Planilha, no Processo SEI, onde constam os referidos dados.<\/p>\n\n\n\n<p>\u2013 <strong>BOLSAS INTERNACIONAIS:<\/strong> especificar em edital que o aluno que receber esse tipo de bolsa precisa ter uma conta aberta em algum banco no Brasil. <strong>N\u00e3o \u00e9 poss\u00edvel realizar dep\u00f3sitos em contas de bancos internacionais<\/strong> devido as altas taxas cobradas.<\/p>\n\n\n\n<p>O valor da bolsa somente cai na conta do aluno <em><strong>dois dias \u00fateis ap\u00f3s a efetiva\u00e7\u00e3o do pagamento<\/strong><\/em> <em><strong>no sistema<\/strong><\/em>, portanto, deve ser considerado o tempo de digita\u00e7\u00e3o da lista, gera\u00e7\u00e3o do pagamento e registro no banco.<\/p>\n\n\n\n<p style=\"padding: 1rem; border: 1px solid; margin-bottom: 2rem;\"><em>O Governo Federal costuma descentralizar o repasse FINANCEIRO ($) na primeira semana do m\u00eas. A leitura da necessidade de repasse financeiro \u00e9 feita at\u00e9 o dia 26 do m\u00eas anterior. Para pagamento de uma nota fiscal ou bolsa, <u>por exemplo<\/u>, no in\u00edcio do m\u00eas de mar\u00e7o, \u00e9 necess\u00e1rio encaminhar a nota ou of\u00edcio via SEI! no m\u00e1ximo at\u00e9 o dia 20 de fevereiro.<\/em><\/p>\n\n\n\n<hr class=\"wp-block-separator\"\/>\n\n\n\n<p id=\"pagamento-auxilio-estudante\"><strong>Pagamento de Aux\u00edlio Financeiro a Estudante<\/strong><\/p>\n\n\n\n<p>Este pagamento se destina a ajudar os alunos com as despesas com locomo\u00e7\u00e3o, alimenta\u00e7\u00e3o e hospedagem, para participa\u00e7\u00e3o em eventos de representatividade nacional ou internacional para a UTFPR Campus Curitiba.<\/p>\n\n\n\n<p>N\u00e3o existe um valor fixo para o aux\u00edlio, no entanto, o valor nunca dever\u00e1 ultrapassar a di\u00e1ria de um servidor (R$320,00) por di\u00e1ria. O departamento, programa ou diretoria, fica respons\u00e1vel por definir o valor que ser\u00e1 disponibilizado por aluno.<\/p>\n\n\n\n<p>A requisi\u00e7\u00e3o deve ser feita no elemento de despesa 339018.04 (item 86164). \u00c9 necess\u00e1rio informar corretamente o nome, CPF e dados banc\u00e1rios do aluno (conta somente em nome do aluno, n\u00e3o pode ser conjunta nem de terceiros), anexar o folder e informar os dados do evento (nome, local e data).<\/p>\n\n\n\n<p style=\"padding: 1rem; border: 1px solid; margin-bottom: 2rem;\">IMPORTANTE! Enviar a requisi\u00e7\u00e3o no m\u00ednimo 10 dias antes do evento, se o prazo n\u00e3o for respeitado dificilmente o aluno receber\u00e1 a tempo. As requisi\u00e7\u00f5es que chegarem com o prazo expirado ser\u00e3o devolvidas.<\/p>\n\n\n\n<p><strong>Se o evento j\u00e1 foi realizado n\u00e3o ser\u00e1 poss\u00edvel fazer o pagamento do aux\u00edlio financeiro<\/strong>. Neste caso, o pagamento caracteriza restitui\u00e7\u00e3o. N\u00e3o \u00e9 poss\u00edvel o pagamento de restitui\u00e7\u00f5es a alunos, bem como despesas com alimenta\u00e7\u00e3o, hospedagem e locomo\u00e7\u00e3o. <strong>SEMPRE<\/strong> a requisi\u00e7\u00e3o de aux\u00edlio a estudante deve ser gerada e encaminhada antes da data do evento. Requisi\u00e7\u00f5es com data posterior ao evento ser\u00e3o devolvidas.<\/p>\n\n\n\n<p>Neste tipo de aux\u00edlio n\u00e3o h\u00e1 necessidade de prestar contas <strong>ao DIOFI-CT,\/DICONT-CT\/DEOFI-CT\/DIRPLAD-CT,<\/strong> no entanto, \u00e9 recomend\u00e1vel que o Departamento\/Programa\/Diretoria exija do aluno a entrega dos comprovantes relativos ao evento, tais como: comprovante de inscri\u00e7\u00e3o, recibo de passagem e hotel, transporte e alimenta\u00e7\u00e3o, e os deixem arquivados no setor ou anexos ao processo do SEI!.<\/p>\n\n\n\n<hr class=\"wp-block-separator\"\/>\n\n\n\n<p id=\"pagamento-pessoa-fisica\"><strong>Pagamento de Pessoa F\u00edsica<\/strong><\/p>\n\n\n\n<p>O processo deve ser efetuado como dispensa de licita\u00e7\u00e3o, seguindo as orienta\u00e7\u00f5es do DICOM-CT<\/p>\n\n\n\n<figure class=\"wp-block-embed\"><div class=\"wp-block-embed__wrapper\">\nhttps:\/\/cloud.utfpr.edu.br\/index.php\/apps\/onlyoffice\/s\/k9FfHgpxy5Ftp6Y?fileId=27130429\n<\/div><\/figure>\n\n\n\n<p>Lembrando que al\u00e9m do valor do INSS Patronal (recolhido pela institui\u00e7\u00e3o), o prestador de servi\u00e7o ter\u00e1 desconto de <em><strong>5% de ISS e 11% de INSS<\/strong><\/em>, e, dependendo do valor,<em><strong> de Imposto de Renda<\/strong><\/em>.<\/p>\n\n\n\n<p>Para informar corretamente o valor l\u00edquido que a pessoa receber\u00e1, entrar em contato com a DIOFI-CT e solicitar os c\u00e1lculos.<\/p>\n\n\n\n<p>Para solicitar o pagamento pelo servi\u00e7o, o requisitante deve manter o processo em acompanhamento especial, e ap\u00f3s a emiss\u00e3o do empenho incluir ao processo COMPROVANTE PARA EXECU\u00c7\u00c3O DE SERVI\u00c7OS (2\/3), onde ser\u00e1 dada a certifica\u00e7\u00e3o do servi\u00e7o. Este documento substitui o documento de ateste.<\/p>\n\n\n\n<figure class=\"wp-block-image\"><img fetchpriority=\"high\" decoding=\"async\" width=\"1024\" height=\"204\" src=\"https:\/\/utfpr-ct-static-content.s3.amazonaws.com\/utfpr.curitiba.br\/wp-content\/uploads\/sites\/27\/2020\/09\/comprovante-1024x204.png\" alt=\"\" class=\"wp-image-346\" srcset=\"https:\/\/utfpr-ct-static-content.s3.amazonaws.com\/utfpr.curitiba.br\/wp-content\/uploads\/sites\/27\/2020\/09\/comprovante-1024x204.png 1024w, https:\/\/utfpr-ct-static-content.s3.amazonaws.com\/utfpr.curitiba.br\/wp-content\/uploads\/sites\/27\/2020\/09\/comprovante-300x60.png 300w, https:\/\/utfpr-ct-static-content.s3.amazonaws.com\/utfpr.curitiba.br\/wp-content\/uploads\/sites\/27\/2020\/09\/comprovante-768x153.png 768w, https:\/\/utfpr-ct-static-content.s3.amazonaws.com\/utfpr.curitiba.br\/wp-content\/uploads\/sites\/27\/2020\/09\/comprovante.png 1283w\" sizes=\"(max-width: 1024px) 100vw, 1024px\" \/><\/figure>\n\n\n\n<p><em><u><strong>IMPORTANTE: A certifica\u00e7\u00e3o do servi\u00e7o s\u00f3 pode ser realizada depois de gerada a nota de empenho, caso contr\u00e1rio a despesa pode ser caracterizada como \u201cdespesa sem pr\u00e9vio empenho\u201d:<\/strong><\/u><\/em><\/p>\n\n\n\n<div style=\"padding: 1rem; border: 1px solid; margin-bottom: 2rem;\"><p>Lei 4.320\/1964 \u2013 Estatui Normas Gerais de Direito Financeiro para elabora\u00e7\u00e3o e controle dos or\u00e7amentos e balan\u00e7os da Uni\u00e3o, dos Estados, dos Munic\u00edpios e do Distrito Federal.<\/p><p>Art. 60. \u00c9 vedada a realiza\u00e7\u00e3o de despesa sem pr\u00e9vio empenho.<\/p><\/div>\n\n\n\n<p>O documento interno <em><u>COMPROVANTE PARA EXECU\u00c7\u00c3O DE SERVI\u00c7OS (3\/3) <\/u><\/em>ser\u00e1 inclu\u00eddo pelo DICONT-CT e DIOFI-CT.<\/p>\n\n\n\n<p>Ap\u00f3s o pagamento, o requisitante deve incluir um RECIBO dizendo que o servi\u00e7o foi prestado e assinar o mesmo.<\/p>\n\n\n\n<div style=\"padding: 1rem; border: 1px solid; margin-bottom: 2rem;\"><p>A import\u00e2ncia do ateste<\/p><p>Ac\u00f3rd\u00e3o 6145\/2020 Segunda C\u00e2mara (Tomada de Contas Especial, Relator Ministro-Substituto Marcos Bemquerer) Responsabilidade. Contrato administrativo. Liquida\u00e7\u00e3o da despesa. Atesta\u00e7\u00e3o.<\/p><p>O atesto de despesa efetuado sem a efetiva verifica\u00e7\u00e3o do direito do contratado ao cr\u00e9dito \u00e9 ato grave, sujeitando o respons\u00e1vel ao ressarcimento de eventual preju\u00edzo ao er\u00e1rio, porquanto d\u00e1 margem \u00e0 ocorr\u00eancia de pagamentos sem a devida contrapresta\u00e7\u00e3o por parte do credor.<\/p><\/div>\n\n\n\n<hr class=\"wp-block-separator\"\/>\n\n\n\n<p id=\"verificar-pagamento-sei\"><strong>Verificar se o pagamento foi efetuado \u2013 SEI:<\/strong><\/p>\n\n\n\n<p>Para verificar se a nota ou bolsa foi paga \u2013 Dentro do processo SEI, selecionar o documento:<\/p>\n\n\n\n<figure class=\"wp-block-image\"><img decoding=\"async\" width=\"492\" height=\"20\" src=\"https:\/\/utfpr-ct-static-content.s3.amazonaws.com\/utfpr.curitiba.br\/wp-content\/uploads\/sites\/27\/2020\/09\/sei1.png\" alt=\"\" class=\"wp-image-347\" srcset=\"https:\/\/utfpr-ct-static-content.s3.amazonaws.com\/utfpr.curitiba.br\/wp-content\/uploads\/sites\/27\/2020\/09\/sei1.png 492w, https:\/\/utfpr-ct-static-content.s3.amazonaws.com\/utfpr.curitiba.br\/wp-content\/uploads\/sites\/27\/2020\/09\/sei1-300x12.png 300w\" sizes=\"(max-width: 492px) 100vw, 492px\" \/><\/figure>\n\n\n\n<figure class=\"wp-block-image\"><img decoding=\"async\" width=\"1024\" height=\"577\" src=\"https:\/\/utfpr-ct-static-content.s3.amazonaws.com\/utfpr.curitiba.br\/wp-content\/uploads\/sites\/27\/2020\/09\/sei2-1024x577.png\" alt=\"\" class=\"wp-image-348\" srcset=\"https:\/\/utfpr-ct-static-content.s3.amazonaws.com\/utfpr.curitiba.br\/wp-content\/uploads\/sites\/27\/2020\/09\/sei2-1024x577.png 1024w, https:\/\/utfpr-ct-static-content.s3.amazonaws.com\/utfpr.curitiba.br\/wp-content\/uploads\/sites\/27\/2020\/09\/sei2-300x169.png 300w, https:\/\/utfpr-ct-static-content.s3.amazonaws.com\/utfpr.curitiba.br\/wp-content\/uploads\/sites\/27\/2020\/09\/sei2-768x433.png 768w, https:\/\/utfpr-ct-static-content.s3.amazonaws.com\/utfpr.curitiba.br\/wp-content\/uploads\/sites\/27\/2020\/09\/sei2.png 1281w\" sizes=\"(max-width: 1024px) 100vw, 1024px\" \/><\/figure>\n\n\n\n<p>Se no processo do SEI! houver n\u00famero de OB no carimbo de conformidade significa que a nota fiscal foi paga, na data que foi assinada.<\/p>\n\n\n\n<hr class=\"wp-block-separator\"\/>\n\n\n\n<p id=\"prestacao-suprimento\"><strong>SUPRIDOS CART\u00c3O CORPORATIVO \u2013 Presta\u00e7\u00e3o de Contas Suprimento de Fundos:<\/strong><\/p>\n\n\n\n<p>Ao terminar de utilizar o saldo do cart\u00e3o corporativo ou no vencimento do mesmo \u00e9 preciso efetuar a presta\u00e7\u00e3o de contas para o DIOFI-CT, que precisa conter:<\/p>\n\n\n\n<p>Carimbo de todas as notas fiscais e preencher com a finalidade (carimbo no DIOFI); Solicitar, ao demandante, que ateste a execu\u00e7\u00e3o dos servi\u00e7os prestados ou o recebimento do material adquirido, devendo apor a data e a sua assinatura, seguida do seu nome completo e leg\u00edvel e da denomina\u00e7\u00e3o do seu cargo ou fun\u00e7\u00e3o (<strong>QUEM ATESTA AS NOTAS FISCAIS N\u00c3O PODER\u00c1 SER O SUPRIDO<\/strong>)<\/p>\n\n\n\n<figure class=\"wp-block-image\"><img loading=\"lazy\" decoding=\"async\" width=\"223\" height=\"167\" src=\"https:\/\/utfpr-ct-static-content.s3.amazonaws.com\/utfpr.curitiba.br\/wp-content\/uploads\/sites\/27\/2020\/09\/carimbo.png\" alt=\"\" class=\"wp-image-349\"\/><\/figure>\n\n\n\n<ul class=\"wp-block-list\"><li>Presta\u00e7\u00e3o de Contas de Suprimento de Fundos: preenchida e assinada pelo SUPRIDO e com solicita\u00e7\u00e3o de assinatura para o DIOFI e DIRPLAD;<\/li><li>Prestar contas no m\u00e1ximo 30 dias ap\u00f3s o final do per\u00edodo de concess\u00e3o;<\/li><li>Lan\u00e7ar todas a Notas Fiscais no site do ComprasNet, com a mesma justificativa do carimbo, no prazo de 30 dias;<\/li><li>N\u00e3o ser\u00e1 liberada a utiliza\u00e7\u00e3o de dois suprimentos de fundos concomitantes, ficando condicionada a entrega da presta\u00e7\u00e3o de contas para libera\u00e7\u00e3o de uma nova concess\u00e3o.<\/li><\/ul>\n","protected":false},"excerpt":{"rendered":"<p>Sobre a DIOFI Procedimentos Encaminhamento de Notas para o financeiro Pagamento de di\u00e1rias no SCDP Pagamento de Congressos\/Cursos\/Semin\u00e1rios\/Eventos Pagamento de<\/p>\n","protected":false},"author":3,"featured_media":0,"parent":407,"menu_order":0,"comment_status":"closed","ping_status":"closed","template":"","meta":{"colormag_page_container_layout":"default_layout","colormag_page_sidebar_layout":"default_layout","footnotes":""},"class_list":["post-465","page","type-page","status-publish","hentry"],"_links":{"self":[{"href":"https:\/\/utfpr.curitiba.br\/dirplad\/wp-json\/wp\/v2\/pages\/465","targetHints":{"allow":["GET"]}}],"collection":[{"href":"https:\/\/utfpr.curitiba.br\/dirplad\/wp-json\/wp\/v2\/pages"}],"about":[{"href":"https:\/\/utfpr.curitiba.br\/dirplad\/wp-json\/wp\/v2\/types\/page"}],"author":[{"embeddable":true,"href":"https:\/\/utfpr.curitiba.br\/dirplad\/wp-json\/wp\/v2\/users\/3"}],"replies":[{"embeddable":true,"href":"https:\/\/utfpr.curitiba.br\/dirplad\/wp-json\/wp\/v2\/comments?post=465"}],"version-history":[{"count":6,"href":"https:\/\/utfpr.curitiba.br\/dirplad\/wp-json\/wp\/v2\/pages\/465\/revisions"}],"predecessor-version":[{"id":535,"href":"https:\/\/utfpr.curitiba.br\/dirplad\/wp-json\/wp\/v2\/pages\/465\/revisions\/535"}],"up":[{"embeddable":true,"href":"https:\/\/utfpr.curitiba.br\/dirplad\/wp-json\/wp\/v2\/pages\/407"}],"wp:attachment":[{"href":"https:\/\/utfpr.curitiba.br\/dirplad\/wp-json\/wp\/v2\/media?parent=465"}],"curies":[{"name":"wp","href":"https:\/\/api.w.org\/{rel}","templated":true}]}}