{"id":366,"date":"2020-09-25T07:53:32","date_gmt":"2020-09-25T10:53:32","guid":{"rendered":"https:\/\/dirplad.ct.utfpr.edu.br\/?page_id=366"},"modified":"2020-11-10T09:20:31","modified_gmt":"2020-11-10T12:20:31","slug":"dicobem","status":"publish","type":"page","link":"https:\/\/utfpr.curitiba.br\/dirplad\/estrutura\/departamentos\/deseg\/dicobem\/","title":{"rendered":"Divis\u00e3o de Conserva\u00e7\u00e3o e Bens M\u00f3veis &#8211; DICOBEM"},"content":{"rendered":"\n<p><a href=\"https:\/\/dirplad.ct.utfpr.edu.br\/procedimentos\/deseg\/dicobem\/\" data-type=\"URL\" data-id=\"https:\/\/dirplad.ct.utfpr.edu.br\/procedimentos\/deseg\/dicobem\/\">Procedimentos<\/a><\/p>\n","protected":false},"excerpt":{"rendered":"<p>Procedimentos<\/p>\n","protected":false},"author":3,"featured_media":0,"parent":249,"menu_order":0,"comment_status":"closed","ping_status":"closed","template":"","meta":{"colormag_page_container_layout":"default_layout","colormag_page_sidebar_layout":"default_layout","footnotes":""},"class_list":["post-366","page","type-page","status-publish","hentry"],"_links":{"self":[{"href":"https:\/\/utfpr.curitiba.br\/dirplad\/wp-json\/wp\/v2\/pages\/366","targetHints":{"allow":["GET"]}}],"collection":[{"href":"https:\/\/utfpr.curitiba.br\/dirplad\/wp-json\/wp\/v2\/pages"}],"about":[{"href":"https:\/\/utfpr.curitiba.br\/dirplad\/wp-json\/wp\/v2\/types\/page"}],"author":[{"embeddable":true,"href":"https:\/\/utfpr.curitiba.br\/dirplad\/wp-json\/wp\/v2\/users\/3"}],"replies":[{"embeddable":true,"href":"https:\/\/utfpr.curitiba.br\/dirplad\/wp-json\/wp\/v2\/comments?post=366"}],"version-history":[{"count":2,"href":"https:\/\/utfpr.curitiba.br\/dirplad\/wp-json\/wp\/v2\/pages\/366\/revisions"}],"predecessor-version":[{"id":490,"href":"https:\/\/utfpr.curitiba.br\/dirplad\/wp-json\/wp\/v2\/pages\/366\/revisions\/490"}],"up":[{"embeddable":true,"href":"https:\/\/utfpr.curitiba.br\/dirplad\/wp-json\/wp\/v2\/pages\/249"}],"wp:attachment":[{"href":"https:\/\/utfpr.curitiba.br\/dirplad\/wp-json\/wp\/v2\/media?parent=366"}],"curies":[{"name":"wp","href":"https:\/\/api.w.org\/{rel}","templated":true}]}}