{"id":253,"date":"2020-09-16T10:43:10","date_gmt":"2020-09-16T13:43:10","guid":{"rendered":"https:\/\/dirplad.ct.utfpr.edu.br\/?page_id=253"},"modified":"2021-09-16T11:19:22","modified_gmt":"2021-09-16T14:19:22","slug":"demap","status":"publish","type":"page","link":"https:\/\/utfpr.curitiba.br\/dirplad\/estrutura\/departamentos\/demap\/","title":{"rendered":"Departamento de Materiais e Patrim\u00f4nio &#8211; DEMAP"},"content":{"rendered":"\n<p class=\"has-text-align-center has-medium-font-size\"><strong>Contato<\/strong><\/p>\n\n\n\n<p>E-mail: demap-ct@utfpr.edu.br<\/p>\n\n\n\n<p class=\"has-text-align-center has-medium-font-size\"><strong>Equipe<\/strong><\/p>\n\n\n\n<div class=\"wp-block-columns is-layout-flex wp-container-core-columns-is-layout-28f84493 wp-block-columns-is-layout-flex\">\n<div class=\"wp-block-column is-layout-flow wp-block-column-is-layout-flow\" style=\"flex-basis:50%\">\n<p class=\"has-small-font-size\">Nelson de Lima Moura \u2013 Chefe do DEMAP<\/p>\n\n\n\n<p class=\"has-small-font-size\">Rafael Nadir Guarise<\/p>\n\n\n\n<p class=\"has-small-font-size\">Rodrigo Alves Novinski<\/p>\n\n\n\n<p class=\"has-small-font-size\">Sonia Bonatto Cardozo<\/p>\n<\/div>\n\n\n\n<div class=\"wp-block-column is-layout-flow wp-block-column-is-layout-flow\" style=\"flex-basis:25%\">\n<p class=\"has-small-font-size\">(41) 3310-4446<\/p>\n\n\n\n<p class=\"has-small-font-size\">(41)&nbsp; 3310-4821<\/p>\n\n\n\n<p class=\"has-small-font-size\">(41)&nbsp; 3310-4821<\/p>\n\n\n\n<p class=\"has-small-font-size\">(41)&nbsp; 3310-4821<\/p>\n<\/div>\n\n\n\n<div class=\"wp-block-column is-layout-flow wp-block-column-is-layout-flow\" style=\"flex-basis:25%\">\n<p class=\"has-small-font-size\">nelsonmoura@utfpr.edu.br<\/p>\n\n\n\n<p class=\"has-small-font-size\">guarise@utfpr.edu.br<\/p>\n\n\n\n<p class=\"has-small-font-size\">rodrigonovinski@utfpr.edu.br<\/p>\n\n\n\n<p class=\"has-small-font-size\">soniabc@utfpr.edu.br<\/p>\n<\/div>\n<\/div>\n\n\n\n<p class=\"has-text-align-center has-medium-font-size\"><strong>Compete ao Departamento de Materiais e Patrim\u00f4nio<\/strong><\/p>\n\n\n\n<p>I. Coordenar, supervisionar e orientar as atividades relacionadas \u00e0 aquisi\u00e7\u00e3o, controle, distribui\u00e7\u00e3o e aliena\u00e7\u00e3o de materiais.<br>II. Elaborar, controlar e registrar contratos.<br>III. Coordenar a elabora\u00e7\u00e3o do invent\u00e1rio e tomada de contas anual do almoxarifado do Campus.<br>IV. Coordenar, supervisionar e orientar a elabora\u00e7\u00e3o dos editais de licita\u00e7\u00e3o.<\/p>\n\n\n\n<p class=\"has-text-align-center has-medium-font-size\"><strong>Divis\u00f5es<\/strong><\/p>\n\n\n\n<ul class=\"wp-block-list\"><li><a href=\"https:\/\/dirplad.ct.utfpr.edu.br\/estrutura\/departamentos\/demap\/dialm\/\" data-type=\"URL\" data-id=\"https:\/\/dirplad.ct.utfpr.edu.br\/estrutura\/departamentos\/demap\/dialm\/\">Divis\u00e3o de Almoxarifado \u2013 DIALM<\/a><\/li><li><a href=\"https:\/\/dirplad.ct.utfpr.edu.br\/estrutura\/departamentos\/demap\/dicom\/\" data-type=\"URL\" data-id=\"https:\/\/dirplad.ct.utfpr.edu.br\/estrutura\/departamentos\/demap\/dicom\/\">Divis\u00e3o de Compras \u2013 DICOM<\/a><\/li><li><a href=\"https:\/\/dirplad.ct.utfpr.edu.br\/estrutura\/departamentos\/demap\/dipat\/\" data-type=\"URL\" data-id=\"https:\/\/dirplad.ct.utfpr.edu.br\/estrutura\/departamentos\/demap\/dipat\/\">Divis\u00e3o de Patrim\u00f4nio \u2013 DIPAT<\/a><\/li><\/ul>\n","protected":false},"excerpt":{"rendered":"<p>Contato E-mail: demap-ct@utfpr.edu.br Equipe Nelson de Lima Moura \u2013 Chefe do DEMAP Rafael Nadir Guarise Rodrigo Alves Novinski Sonia Bonatto<\/p>\n","protected":false},"author":12,"featured_media":0,"parent":108,"menu_order":0,"comment_status":"closed","ping_status":"closed","template":"","meta":{"colormag_page_container_layout":"default_layout","colormag_page_sidebar_layout":"default_layout","footnotes":""},"class_list":["post-253","page","type-page","status-publish","hentry"],"_links":{"self":[{"href":"https:\/\/utfpr.curitiba.br\/dirplad\/wp-json\/wp\/v2\/pages\/253","targetHints":{"allow":["GET"]}}],"collection":[{"href":"https:\/\/utfpr.curitiba.br\/dirplad\/wp-json\/wp\/v2\/pages"}],"about":[{"href":"https:\/\/utfpr.curitiba.br\/dirplad\/wp-json\/wp\/v2\/types\/page"}],"author":[{"embeddable":true,"href":"https:\/\/utfpr.curitiba.br\/dirplad\/wp-json\/wp\/v2\/users\/12"}],"replies":[{"embeddable":true,"href":"https:\/\/utfpr.curitiba.br\/dirplad\/wp-json\/wp\/v2\/comments?post=253"}],"version-history":[{"count":16,"href":"https:\/\/utfpr.curitiba.br\/dirplad\/wp-json\/wp\/v2\/pages\/253\/revisions"}],"predecessor-version":[{"id":772,"href":"https:\/\/utfpr.curitiba.br\/dirplad\/wp-json\/wp\/v2\/pages\/253\/revisions\/772"}],"up":[{"embeddable":true,"href":"https:\/\/utfpr.curitiba.br\/dirplad\/wp-json\/wp\/v2\/pages\/108"}],"wp:attachment":[{"href":"https:\/\/utfpr.curitiba.br\/dirplad\/wp-json\/wp\/v2\/media?parent=253"}],"curies":[{"name":"wp","href":"https:\/\/api.w.org\/{rel}","templated":true}]}}

Departamento de Materiais e Patrimônio &#8211; DEMAP

<p class="has-text-align-center has-medium-font-size"><strong>Contato</strong></p>



<p>E-mail: demap-ct@utfpr.edu.br</p>



<p class="has-text-align-center has-medium-font-size"><strong>Equipe</strong></p>



<div class="wp-block-columns is-layout-flex wp-container-core-columns-is-layout-28f84493 wp-block-columns-is-layout-flex">
<div class="wp-block-column is-layout-flow wp-block-column-is-layout-flow" style="flex-basis:50%">
<p class="has-small-font-size">Nelson de Lima Moura – Chefe do DEMAP</p>



<p class="has-small-font-size">Rafael Nadir Guarise</p>



<p class="has-small-font-size">Rodrigo Alves Novinski</p>



<p class="has-small-font-size">Sonia Bonatto Cardozo</p>
</div>



<div class="wp-block-column is-layout-flow wp-block-column-is-layout-flow" style="flex-basis:25%">
<p class="has-small-font-size">(41) 3310-4446</p>



<p class="has-small-font-size">(41)&nbsp; 3310-4821</p>



<p class="has-small-font-size">(41)&nbsp; 3310-4821</p>



<p class="has-small-font-size">(41)&nbsp; 3310-4821</p>
</div>



<div class="wp-block-column is-layout-flow wp-block-column-is-layout-flow" style="flex-basis:25%">
<p class="has-small-font-size">nelsonmoura@utfpr.edu.br</p>



<p class="has-small-font-size">guarise@utfpr.edu.br</p>



<p class="has-small-font-size">rodrigonovinski@utfpr.edu.br</p>



<p class="has-small-font-size">soniabc@utfpr.edu.br</p>
</div>
</div>



<p class="has-text-align-center has-medium-font-size"><strong>Compete ao Departamento de Materiais e Patrimônio</strong></p>



<p>I. Coordenar, supervisionar e orientar as atividades relacionadas à aquisição, controle, distribuição e alienação de materiais.<br>II. Elaborar, controlar e registrar contratos.<br>III. Coordenar a elaboração do inventário e tomada de contas anual do almoxarifado do Campus.<br>IV. Coordenar, supervisionar e orientar a elaboração dos editais de licitação.</p>



<p class="has-text-align-center has-medium-font-size"><strong>Divisões</strong></p>



<ul class="wp-block-list"><li><a href="https://dirplad.ct.utfpr.edu.br/estrutura/departamentos/demap/dialm/" data-type="URL" data-id="https://dirplad.ct.utfpr.edu.br/estrutura/departamentos/demap/dialm/">Divisão de Almoxarifado – DIALM</a></li><li><a href="https://dirplad.ct.utfpr.edu.br/estrutura/departamentos/demap/dicom/" data-type="URL" data-id="https://dirplad.ct.utfpr.edu.br/estrutura/departamentos/demap/dicom/">Divisão de Compras – DICOM</a></li><li><a href="https://dirplad.ct.utfpr.edu.br/estrutura/departamentos/demap/dipat/" data-type="URL" data-id="https://dirplad.ct.utfpr.edu.br/estrutura/departamentos/demap/dipat/">Divisão de Patrimônio – DIPAT</a></li></ul>
