{"id":251,"date":"2020-09-16T10:42:47","date_gmt":"2020-09-16T13:42:47","guid":{"rendered":"https:\/\/dirplad.ct.utfpr.edu.br\/?page_id=251"},"modified":"2021-09-14T10:59:24","modified_gmt":"2021-09-14T13:59:24","slug":"depro","status":"publish","type":"page","link":"https:\/\/utfpr.curitiba.br\/dirplad\/estrutura\/departamentos\/depro\/","title":{"rendered":"Departamento de Projetos e Obras &#8211; DEPRO"},"content":{"rendered":"\n<ul class=\"wp-block-list\"><li><a href=\"https:\/\/dirplad.ct.utfpr.edu.br\/estrutura\/departamentos\/depro\/projetos-concluidos\/\">Projetos Conclu\u00eddos<\/a><\/li><li><a href=\"https:\/\/dirplad.ct.utfpr.edu.br\/estrutura\/departamentos\/depro\/projetos-em-andamento\/\">Projetos Em Andamento<\/a><\/li><li><a href=\"https:\/\/dirplad.ct.utfpr.edu.br\/estrutura\/departamentos\/depro\/contatos\/\">Contatos<\/a><\/li><li><a href=\"https:\/\/dirplad.ct.utfpr.edu.br\/estrutura\/departamentos\/depro\/trabalhe-conosco\/\" data-type=\"URL\" data-id=\"https:\/\/dirplad.ct.utfpr.edu.br\/estrutura\/departamentos\/depro\/trabalhe-conosco\/\">Trabalhe Conosco<\/a><\/li><li><a href=\"https:\/\/dirplad.ct.utfpr.edu.br\/estrutura\/departamentos\/depro\/sistema-sms-ct\/\" data-type=\"URL\" data-id=\"https:\/\/dirplad.ct.utfpr.edu.br\/estrutura\/departamentos\/depro\/sistema-sms-ct\/\">Sistema SMS-CT<\/a><\/li><li><a href=\"https:\/\/dirplad.ct.utfpr.edu.br\/estrutura\/departamentos\/depro\/formularios-e-normas\/\" data-type=\"URL\" data-id=\"https:\/\/dirplad.ct.utfpr.edu.br\/estrutura\/departamentos\/depro\/formularios-e-normas\/\">Formul\u00e1rios E Normas<\/a><\/li><\/ul>\n\n\n\n<p>Outros:<\/p>\n\n\n\n<ul class=\"wp-block-list\"><li><a href=\"https:\/\/dirplad.ct.utfpr.edu.br\/estrutura\/departamentos\/depro\/diomai\/\">Divis\u00e3o De Obras E Manuten\u00e7\u00e3o De Im\u00f3veis \u2013 DIOMAI<\/a><\/li><\/ul>\n","protected":false},"excerpt":{"rendered":"<p>Projetos Conclu\u00eddos Projetos Em Andamento Contatos Trabalhe Conosco Sistema SMS-CT Formul\u00e1rios E Normas Outros: Divis\u00e3o De Obras E Manuten\u00e7\u00e3o De<\/p>\n","protected":false},"author":12,"featured_media":0,"parent":108,"menu_order":0,"comment_status":"closed","ping_status":"closed","template":"","meta":{"colormag_page_container_layout":"default_layout","colormag_page_sidebar_layout":"default_layout","footnotes":""},"class_list":["post-251","page","type-page","status-publish","hentry"],"_links":{"self":[{"href":"https:\/\/utfpr.curitiba.br\/dirplad\/wp-json\/wp\/v2\/pages\/251","targetHints":{"allow":["GET"]}}],"collection":[{"href":"https:\/\/utfpr.curitiba.br\/dirplad\/wp-json\/wp\/v2\/pages"}],"about":[{"href":"https:\/\/utfpr.curitiba.br\/dirplad\/wp-json\/wp\/v2\/types\/page"}],"author":[{"embeddable":true,"href":"https:\/\/utfpr.curitiba.br\/dirplad\/wp-json\/wp\/v2\/users\/12"}],"replies":[{"embeddable":true,"href":"https:\/\/utfpr.curitiba.br\/dirplad\/wp-json\/wp\/v2\/comments?post=251"}],"version-history":[{"count":14,"href":"https:\/\/utfpr.curitiba.br\/dirplad\/wp-json\/wp\/v2\/pages\/251\/revisions"}],"predecessor-version":[{"id":739,"href":"https:\/\/utfpr.curitiba.br\/dirplad\/wp-json\/wp\/v2\/pages\/251\/revisions\/739"}],"up":[{"embeddable":true,"href":"https:\/\/utfpr.curitiba.br\/dirplad\/wp-json\/wp\/v2\/pages\/108"}],"wp:attachment":[{"href":"https:\/\/utfpr.curitiba.br\/dirplad\/wp-json\/wp\/v2\/media?parent=251"}],"curies":[{"name":"wp","href":"https:\/\/api.w.org\/{rel}","templated":true}]}}

<ul class="wp-block-list"><li><a href="https://dirplad.ct.utfpr.edu.br/estrutura/departamentos/depro/projetos-concluidos/">Projetos Concluídos</a></li><li><a href="https://dirplad.ct.utfpr.edu.br/estrutura/departamentos/depro/projetos-em-andamento/">Projetos Em Andamento</a></li><li><a href="https://dirplad.ct.utfpr.edu.br/estrutura/departamentos/depro/contatos/">Contatos</a></li><li><a href="https://dirplad.ct.utfpr.edu.br/estrutura/departamentos/depro/trabalhe-conosco/" data-type="URL" data-id="https://dirplad.ct.utfpr.edu.br/estrutura/departamentos/depro/trabalhe-conosco/">Trabalhe Conosco</a></li><li><a href="https://dirplad.ct.utfpr.edu.br/estrutura/departamentos/depro/sistema-sms-ct/" data-type="URL" data-id="https://dirplad.ct.utfpr.edu.br/estrutura/departamentos/depro/sistema-sms-ct/">Sistema SMS-CT</a></li><li><a href="https://dirplad.ct.utfpr.edu.br/estrutura/departamentos/depro/formularios-e-normas/" data-type="URL" data-id="https://dirplad.ct.utfpr.edu.br/estrutura/departamentos/depro/formularios-e-normas/">Formulários E Normas</a></li></ul>



<p>Outros:</p>



<ul class="wp-block-list"><li><a href="https://dirplad.ct.utfpr.edu.br/estrutura/departamentos/depro/diomai/">Divisão De Obras E Manutenção De Imóveis – DIOMAI</a></li></ul>

<p>Projetos Concluídos Projetos Em Andamento Contatos Trabalhe Conosco Sistema SMS-CT Formulários E Normas Outros: Divisão De Obras E Manutenção De</p>
