{"id":249,"date":"2020-09-16T10:42:22","date_gmt":"2020-09-16T13:42:22","guid":{"rendered":"https:\/\/dirplad.ct.utfpr.edu.br\/?page_id=249"},"modified":"2020-11-10T09:39:55","modified_gmt":"2020-11-10T12:39:55","slug":"deseg","status":"publish","type":"page","link":"https:\/\/utfpr.curitiba.br\/dirplad\/estrutura\/departamentos\/deseg\/","title":{"rendered":"Departamento de Servi\u00e7os Gerais &#8211; DESEG"},"content":{"rendered":"\n<h6 class=\"wp-block-heading\">Divis\u00f5es<\/h6>\n\n\n\n<ul class=\"wp-block-list\"><li><a href=\"https:\/\/dirplad.ct.utfpr.edu.br\/estrutura\/departamentos\/deseg\/dicobem\/\" data-type=\"URL\" data-id=\"https:\/\/dirplad.ct.utfpr.edu.br\/estrutura\/departamentos\/deseg\/dicobem\/\">Divis\u00e3o de Conserva\u00e7\u00e3o e Bens M\u00f3veis \u2013 DICOBEM<\/a><\/li><li><a href=\"https:\/\/dirplad.ct.utfpr.edu.br\/estrutura\/departamentos\/deseg\/disau\/\" data-type=\"URL\" data-id=\"https:\/\/dirplad.ct.utfpr.edu.br\/estrutura\/departamentos\/deseg\/disau\/\">Divis\u00e3o de Servi\u00e7os Auxiliares \u2013 DISAU<\/a><\/li><\/ul>\n\n\n\n<p><a href=\"https:\/\/dirplad.ct.utfpr.edu.br\/procedimentos\/deseg\/\" data-type=\"URL\" data-id=\"https:\/\/dirplad.ct.utfpr.edu.br\/procedimentos\/deseg\/\">Procedimentos<\/a><\/p>\n","protected":false},"excerpt":{"rendered":"<p>Divis\u00f5es Divis\u00e3o de Conserva\u00e7\u00e3o e Bens M\u00f3veis \u2013 DICOBEM Divis\u00e3o de Servi\u00e7os Auxiliares \u2013 DISAU Procedimentos<\/p>\n","protected":false},"author":3,"featured_media":0,"parent":108,"menu_order":0,"comment_status":"closed","ping_status":"closed","template":"","meta":{"colormag_page_container_layout":"default_layout","colormag_page_sidebar_layout":"default_layout","footnotes":""},"class_list":["post-249","page","type-page","status-publish","hentry"],"_links":{"self":[{"href":"https:\/\/utfpr.curitiba.br\/dirplad\/wp-json\/wp\/v2\/pages\/249","targetHints":{"allow":["GET"]}}],"collection":[{"href":"https:\/\/utfpr.curitiba.br\/dirplad\/wp-json\/wp\/v2\/pages"}],"about":[{"href":"https:\/\/utfpr.curitiba.br\/dirplad\/wp-json\/wp\/v2\/types\/page"}],"author":[{"embeddable":true,"href":"https:\/\/utfpr.curitiba.br\/dirplad\/wp-json\/wp\/v2\/users\/3"}],"replies":[{"embeddable":true,"href":"https:\/\/utfpr.curitiba.br\/dirplad\/wp-json\/wp\/v2\/comments?post=249"}],"version-history":[{"count":5,"href":"https:\/\/utfpr.curitiba.br\/dirplad\/wp-json\/wp\/v2\/pages\/249\/revisions"}],"predecessor-version":[{"id":510,"href":"https:\/\/utfpr.curitiba.br\/dirplad\/wp-json\/wp\/v2\/pages\/249\/revisions\/510"}],"up":[{"embeddable":true,"href":"https:\/\/utfpr.curitiba.br\/dirplad\/wp-json\/wp\/v2\/pages\/108"}],"wp:attachment":[{"href":"https:\/\/utfpr.curitiba.br\/dirplad\/wp-json\/wp\/v2\/media?parent=249"}],"curies":[{"name":"wp","href":"https:\/\/api.w.org\/{rel}","templated":true}]}}

Departamento de Serviços Gerais &#8211; DESEG

<h6 class="wp-block-heading">Divisões</h6>



<ul class="wp-block-list"><li><a href="https://dirplad.ct.utfpr.edu.br/estrutura/departamentos/deseg/dicobem/" data-type="URL" data-id="https://dirplad.ct.utfpr.edu.br/estrutura/departamentos/deseg/dicobem/">Divisão de Conservação e Bens Móveis – DICOBEM</a></li><li><a href="https://dirplad.ct.utfpr.edu.br/estrutura/departamentos/deseg/disau/" data-type="URL" data-id="https://dirplad.ct.utfpr.edu.br/estrutura/departamentos/deseg/disau/">Divisão de Serviços Auxiliares – DISAU</a></li></ul>



<p><a href="https://dirplad.ct.utfpr.edu.br/procedimentos/deseg/" data-type="URL" data-id="https://dirplad.ct.utfpr.edu.br/procedimentos/deseg/">Procedimentos</a></p>

<p>Divisões Divisão de Conservação e Bens Móveis – DICOBEM Divisão de Serviços Auxiliares – DISAU Procedimentos</p>
