{"id":50,"date":"2015-10-19T13:20:24","date_gmt":"2015-10-19T13:20:24","guid":{"rendered":"http:\/\/blogs.ct.utfpr.edu.br\/deped\/?page_id=50"},"modified":"2020-05-14T20:29:03","modified_gmt":"2020-05-14T20:29:03","slug":"programas-de-formacao-pedagogica","status":"publish","type":"page","link":"https:\/\/utfpr.curitiba.br\/deped\/?page_id=50","title":{"rendered":"Programas de Forma\u00e7\u00e3o"},"content":{"rendered":"<ul>\n<li>\n<h4><a class=\"external-link\" title=\"Programas de Forma\u00e7\u00e3o Pedag\u00f3gica.\" href=\"http:\/\/blogs.ct.utfpr.edu.br\/deped\/?page_id=186\">PLI.<\/a><\/h4>\n<\/li>\n<li>\n<h4><a class=\"external-link\" title=\"Especializa\u00e7\u00e3o em PROEJA\" href=\"http:\/\/blogs.ct.utfpr.edu.br\/deped\/?page_id=188\">PROEJA.<\/a><\/h4>\n<\/li>\n<li>\n<h4><a class=\"external-link\" title=\"PARFOR - Plano Nacional de Forma\u00e7\u00e3o dos Professores da Educa\u00e7\u00e3o B\u00e1sica\" href=\"http:\/\/blogs.ct.utfpr.edu.br\/deped\/?page_id=171\">PARFOR.<\/a><\/h4>\n<\/li>\n<li>\n<h4><a class=\"external-link\" title=\"Pr\u00f3 funcion\u00e1rio\" href=\"http:\/\/blogs.ct.utfpr.edu.br\/deped\/?page_id=190\">PROFOP.<\/a><\/h4>\n<\/li>\n<li>\n<h4><a class=\"external-link\" title=\"Projeto Escola e Universidade\" href=\"http:\/\/blogs.ct.utfpr.edu.br\/deped\/?page_id=194\">PDE<\/a><\/h4>\n<\/li>\n<\/ul>\n","protected":false},"excerpt":{"rendered":"<p>PLI. PROEJA. PARFOR. PROFOP. PDE<\/p>\n","protected":false},"author":5,"featured_media":0,"parent":0,"menu_order":0,"comment_status":"closed","ping_status":"closed","template":"","meta":{"colormag_page_container_layout":"default_layout","colormag_page_sidebar_layout":"default_layout","footnotes":""},"class_list":["post-50","page","type-page","status-publish","hentry"],"_links":{"self":[{"href":"https:\/\/utfpr.curitiba.br\/deped\/index.php?rest_route=\/wp\/v2\/pages\/50","targetHints":{"allow":["GET"]}}],"collection":[{"href":"https:\/\/utfpr.curitiba.br\/deped\/index.php?rest_route=\/wp\/v2\/pages"}],"about":[{"href":"https:\/\/utfpr.curitiba.br\/deped\/index.php?rest_route=\/wp\/v2\/types\/page"}],"author":[{"embeddable":true,"href":"https:\/\/utfpr.curitiba.br\/deped\/index.php?rest_route=\/wp\/v2\/users\/5"}],"replies":[{"embeddable":true,"href":"https:\/\/utfpr.curitiba.br\/deped\/index.php?rest_route=%2Fwp%2Fv2%2Fcomments&post=50"}],"version-history":[{"count":5,"href":"https:\/\/utfpr.curitiba.br\/deped\/index.php?rest_route=\/wp\/v2\/pages\/50\/revisions"}],"predecessor-version":[{"id":274,"href":"https:\/\/utfpr.curitiba.br\/deped\/index.php?rest_route=\/wp\/v2\/pages\/50\/revisions\/274"}],"wp:attachment":[{"href":"https:\/\/utfpr.curitiba.br\/deped\/index.php?rest_route=%2Fwp%2Fv2%2Fmedia&parent=50"}],"curies":[{"name":"wp","href":"https:\/\/api.w.org\/{rel}","templated":true}]}}