{"id":289,"date":"2016-05-19T14:32:01","date_gmt":"2016-05-19T14:32:01","guid":{"rendered":"http:\/\/blogs.ct.utfpr.edu.br\/deped\/?page_id=289"},"modified":"2020-05-14T20:28:54","modified_gmt":"2020-05-14T20:28:54","slug":"grupo-de-pesquisa","status":"publish","type":"page","link":"https:\/\/utfpr.curitiba.br\/deped\/?page_id=289","title":{"rendered":"Grupo de Pesquisa"},"content":{"rendered":"<p>O Grupo de Pesquisa sobre\u00a0<em>Desenvolvimento Profissional Docente<\/em>\u00a0foi cadastrado no Diret\u00f3rio de Grupos de Pesquisa do CNPq (<a href=\"http:\/\/dgp.cnpq.br\/dgp\/espelhogrupo\/7046026353074346\">Diretorio CNPq<\/a>) em novembro de 2010 e surgiu com a cria\u00e7\u00e3o de um grupo de estudos composto por professores da institui\u00e7\u00e3o e professores convidados a discutir a quest\u00e3o da forma\u00e7\u00e3o dos professores em exerc\u00edcio de uma universidade tecnol\u00f3gica.<\/p>\n<p>Esta universidade tem uma trajet\u00f3ria hist\u00f3rica significativa no contexto educacional brasileiro por in\u00fameros fatores e os principais deles s\u00e3o que esta institui\u00e7\u00e3o completou 100 anos de funda\u00e7\u00e3o em 2009; e oferta cursos t\u00e9cnicos em n\u00edvel m\u00e9dio, tecn\u00f3logos em n\u00edvel superior, bacharelados, p\u00f3s-gradua\u00e7\u00e3o\u00a0<em>lato<\/em>\u00a0e\u00a0<em>stricto sensu<\/em>, al\u00e9m das rec\u00e9m criadas licenciaturas, tornando a comunidade escolar bastante diversificada em rela\u00e7\u00e3o \u00e0 sua trajet\u00f3ria hist\u00f3rica. De uma pequena Escola de Aprendizes, para o Liceu Industrial de Curitiba, Escola T\u00e9cnica, Centro Federal de Educa\u00e7\u00e3o Tecnol\u00f3gica e, atualmente Universidade Federal Tecnol\u00f3gica do Paran\u00e1, esta conta com mais de 1400 docentes, modificando, definitivamente o seu perfil. A partir deste novo contexto, surgiu \u00e0 necessidade rever a proposta de forma\u00e7\u00e3o de professores e a cria\u00e7\u00e3o do Departamento de Educa\u00e7\u00e3o, DEPED, em julho de 2009, concretizou esta intencionalidade.<\/p>\n<p>A contrata\u00e7\u00e3o, em regime efetivo, de profissionais para o DEPED demonstra que o enfoque da universidade est\u00e1 em busca do aprimoramento do seu processo de ensino e aprendizagem, j\u00e1 que as atribui\u00e7\u00f5es destes envolvem, al\u00e9m da doc\u00eancia, a responsabilidade pela forma\u00e7\u00e3o continuada de docentes em exerc\u00edcio. O grupo de pesquisa surgiu no conjunto destes fatores e a busca pelo entendimento sobre o trabalho destes docentes envolver\u00e1 os investigadores em in\u00fameras pesquisas para compreender tal prop\u00f3sito, justificando a cria\u00e7\u00e3o do grupo pelos envolvidos nesta tarefa. Desde 2015, com o amadurecimento do grupo e das pesquisas o grupo passou a ser denominado\u00a0<em>TRANSMUTARE<\/em>.<\/p>\n<p><a href=\"http:\/\/blogs.ct.utfpr.edu.br\/deped\/wp-content\/uploads\/2015\/10\/Linhas-de-Pesquisa.jpg\"><img fetchpriority=\"high\" decoding=\"async\" class=\"wp-image-264 aligncenter\" src=\"http:\/\/blogs.ct.utfpr.edu.br\/deped\/wp-content\/uploads\/2015\/10\/Linhas-de-Pesquisa.jpg\" alt=\"Linhas de Pesquisa\" width=\"708\" height=\"531\" srcset=\"https:\/\/utfpr-ct-static-content.s3.amazonaws.com\/utfpr.curitiba.br\/wp-content\/uploads\/sites\/68\/2015\/10\/Linhas-de-Pesquisa.jpg 960w, https:\/\/utfpr-ct-static-content.s3.amazonaws.com\/utfpr.curitiba.br\/wp-content\/uploads\/sites\/68\/2015\/10\/Linhas-de-Pesquisa-300x225.jpg 300w\" sizes=\"(max-width: 708px) 100vw, 708px\" \/><\/a><\/p>\n","protected":false},"excerpt":{"rendered":"<p>O Grupo de Pesquisa sobre\u00a0Desenvolvimento Profissional Docente\u00a0foi cadastrado no Diret\u00f3rio de Grupos de Pesquisa do CNPq (Diretorio CNPq) em novembro<\/p>\n","protected":false},"author":5,"featured_media":0,"parent":0,"menu_order":0,"comment_status":"closed","ping_status":"closed","template":"","meta":{"colormag_page_container_layout":"default_layout","colormag_page_sidebar_layout":"default_layout","footnotes":""},"class_list":["post-289","page","type-page","status-publish","hentry"],"_links":{"self":[{"href":"https:\/\/utfpr.curitiba.br\/deped\/index.php?rest_route=\/wp\/v2\/pages\/289","targetHints":{"allow":["GET"]}}],"collection":[{"href":"https:\/\/utfpr.curitiba.br\/deped\/index.php?rest_route=\/wp\/v2\/pages"}],"about":[{"href":"https:\/\/utfpr.curitiba.br\/deped\/index.php?rest_route=\/wp\/v2\/types\/page"}],"author":[{"embeddable":true,"href":"https:\/\/utfpr.curitiba.br\/deped\/index.php?rest_route=\/wp\/v2\/users\/5"}],"replies":[{"embeddable":true,"href":"https:\/\/utfpr.curitiba.br\/deped\/index.php?rest_route=%2Fwp%2Fv2%2Fcomments&post=289"}],"version-history":[{"count":3,"href":"https:\/\/utfpr.curitiba.br\/deped\/index.php?rest_route=\/wp\/v2\/pages\/289\/revisions"}],"predecessor-version":[{"id":292,"href":"https:\/\/utfpr.curitiba.br\/deped\/index.php?rest_route=\/wp\/v2\/pages\/289\/revisions\/292"}],"wp:attachment":[{"href":"https:\/\/utfpr.curitiba.br\/deped\/index.php?rest_route=%2Fwp%2Fv2%2Fmedia&parent=289"}],"curies":[{"name":"wp","href":"https:\/\/api.w.org\/{rel}","templated":true}]}}