{"id":100,"date":"2015-11-26T11:46:58","date_gmt":"2015-11-26T11:46:58","guid":{"rendered":"http:\/\/blogs.ct.utfpr.edu.br\/deped\/?page_id=100"},"modified":"2020-05-14T20:28:54","modified_gmt":"2020-05-14T20:28:54","slug":"equipe-nuens","status":"publish","type":"page","link":"https:\/\/utfpr.curitiba.br\/deped\/?page_id=100","title":{"rendered":"Equipe"},"content":{"rendered":"<p><strong><em><a href=\"http:\/\/lattes.cnpq.br\/5585806300838968\" target=\"_blank\" rel=\"noopener noreferrer\">Dra. D\u00e9bora Pereira Cl\u00e1udio<\/a><\/em><\/strong><em><br \/>\n<\/em>Tradutora e Int\u00e9rprete de LIBRAS<br \/>\ndeborapclaudio@utfpr.edu.br<\/p>\n<p>&nbsp;<\/p>\n<p><strong><em><a href=\"http:\/\/lattes.cnpq.br\/5567434097218287\" target=\"_blank\" rel=\"noopener noreferrer\">Profa. Dra. Denise Rauta Buiar<\/a><\/em><\/strong><em><br \/>\n<\/em>Professora<br \/>\ndenisebuiar@utfpr.edu.br<\/p>\n<p>&nbsp;<\/p>\n<p><strong><em><a href=\"http:\/\/lattes.cnpq.br\/8842427306157704\" target=\"_blank\" rel=\"noopener noreferrer\">Profa. Dra. Fl\u00e1via Dias de Souza<\/a><\/em><\/strong><em><br \/>\n<\/em>Professora \/ Coordenadora<br \/>\nflaviad@utfpr.edu.br<\/p>\n<p>&nbsp;<\/p>\n<p><strong><em><a href=\"http:\/\/lattes.cnpq.br\/5707588648047904\" target=\"_blank\" rel=\"noopener noreferrer\">Prof. Dr.\u00a0Herivelto Moreira<\/a><br \/>\n<\/em><\/strong>Professor<br \/>\nherivelto@utfpr.edu.br<\/p>\n<p>&nbsp;<\/p>\n<p><strong><em><a href=\"http:\/\/lattes.cnpq.br\/2625331028435343\" target=\"_blank\" rel=\"noopener noreferrer\">Profa. Dra.\u00a0Iolanda Bueno de Camargo\u00a0 Cortelazzo<\/a><br \/>\n<\/em><\/strong>Professora<br \/>\nicortelazzo@utfpr.edu.br<\/p>\n<p>&nbsp;<\/p>\n<p><strong><em><a href=\"http:\/\/lattes.cnpq.br\/3257881939137695\" target=\"_blank\" rel=\"noopener noreferrer\">M\u00e1rcia Eliza de Pol<\/a><br \/>\n<\/em><\/strong>Tradutora e Int\u00e9rprete de LIBRAS<br \/>\nmarciapol@utfpr.edu.br<\/p>\n<p>&nbsp;<\/p>\n<p><strong><em><a href=\"http:\/\/lattes.cnpq.br\/0139113952004048\" target=\"_blank\" rel=\"noopener noreferrer\">Prof. Dr.\u00a0Marcus Vinicius dos Santos Kucharski<\/a><br \/>\n<\/em><\/strong>Professor<br \/>\nmkucharski@utfpr.edu.br<\/p>\n<p>&nbsp;<\/p>\n<p><strong><em><a href=\"http:\/\/lattes.cnpq.br\/5897077507024436\" target=\"_blank\" rel=\"noopener noreferrer\">Profa. Dra.\u00a0Maria S\u00edlvia Bacila Winkeler<\/a><br \/>\n<\/em><\/strong>Professora<br \/>\nbacila@utfpr.edu.br<\/p>\n<p>&nbsp;<\/p>\n<p><strong><em><a href=\"http:\/\/lattes.cnpq.br\/6301182278657181\" target=\"_blank\" rel=\"noopener noreferrer\">Profa. Dra.\u00a0Marielda Ferreira Pryjma<\/a><br \/>\n<\/em><\/strong>Professora<br \/>\nmarielda@utfpr.edu.br<\/p>\n<p>&nbsp;<\/p>\n<p><strong><em><a href=\"http:\/\/lattes.cnpq.br\/0722420835937534\" target=\"_blank\" rel=\"noopener noreferrer\">Profa. Dra.\u00a0Marta Rejane Proen\u00e7a Filietaz<\/a><br \/>\n<\/em><\/strong>Professora<br \/>\nmartafilietaz@utfpr.edu.br<\/p>\n<p>&nbsp;<\/p>\n<p><strong><em><a href=\"http:\/\/lattes.cnpq.br\/5581246869025111\" target=\"_blank\" rel=\"noopener noreferrer\">Ms.\u00a0Neuci Schotten<\/a><br \/>\n<\/em><\/strong>Pedagoga<br \/>\nneuci@utfpr.edu.br<\/p>\n<p>&nbsp;<\/p>\n<p><strong><em><a href=\"http:\/\/lattes.cnpq.br\/4224600108048834\" target=\"_blank\" rel=\"noopener noreferrer\">Prof. Dr. Os\u00e9ias Santos de Oliveira<\/a><\/em><\/strong><\/p>\n<p>Professor<br \/>\noseiass@utfpr.edu.br<\/p>\n<p>&nbsp;<\/p>\n<p><strong><em><a href=\"http:\/\/lattes.cnpq.br\/4992665991297206\" target=\"_blank\" rel=\"noopener noreferrer\">Profa. Ms.\u00a0Rita de Cassia Maestri<\/a><\/em><\/strong><\/p>\n<p>Professora<br \/>\nritamaestri@utfpr.edu.br<\/p>\n<p>&nbsp;<\/p>\n<p><strong><em><a href=\"http:\/\/lattes.cnpq.br\/6098774173909398\" target=\"_blank\" rel=\"noopener noreferrer\">Prof. Ms.\u00a0Roland Baschta Junior<\/a><br \/>\n<\/em><\/strong>Professor \/ Chefe do DEPED<br \/>\nroland@utfpr.edu.br<\/p>\n<p>&nbsp;<\/p>\n<p><strong><em><a href=\"http:\/\/lattes.cnpq.br\/7927761622443244\" target=\"_blank\" rel=\"noopener noreferrer\">Profa. Dra.\u00a0S\u00edlvia Andreis Witkoski<\/a><br \/>\n<\/em><\/strong>Professora<br \/>\nsilviaa@utfpr.edu.br<\/p>\n","protected":false},"excerpt":{"rendered":"<p>Dra. D\u00e9bora Pereira Cl\u00e1udio Tradutora e Int\u00e9rprete de LIBRAS deborapclaudio@utfpr.edu.br &nbsp; Profa. Dra. Denise Rauta Buiar Professora denisebuiar@utfpr.edu.br &nbsp; Profa.<\/p>\n","protected":false},"author":5,"featured_media":0,"parent":0,"menu_order":0,"comment_status":"closed","ping_status":"closed","template":"","meta":{"colormag_page_container_layout":"default_layout","colormag_page_sidebar_layout":"default_layout","footnotes":""},"class_list":["post-100","page","type-page","status-publish","hentry"],"_links":{"self":[{"href":"https:\/\/utfpr.curitiba.br\/deped\/index.php?rest_route=\/wp\/v2\/pages\/100","targetHints":{"allow":["GET"]}}],"collection":[{"href":"https:\/\/utfpr.curitiba.br\/deped\/index.php?rest_route=\/wp\/v2\/pages"}],"about":[{"href":"https:\/\/utfpr.curitiba.br\/deped\/index.php?rest_route=\/wp\/v2\/types\/page"}],"author":[{"embeddable":true,"href":"https:\/\/utfpr.curitiba.br\/deped\/index.php?rest_route=\/wp\/v2\/users\/5"}],"replies":[{"embeddable":true,"href":"https:\/\/utfpr.curitiba.br\/deped\/index.php?rest_route=%2Fwp%2Fv2%2Fcomments&post=100"}],"version-history":[{"count":13,"href":"https:\/\/utfpr.curitiba.br\/deped\/index.php?rest_route=\/wp\/v2\/pages\/100\/revisions"}],"predecessor-version":[{"id":319,"href":"https:\/\/utfpr.curitiba.br\/deped\/index.php?rest_route=\/wp\/v2\/pages\/100\/revisions\/319"}],"wp:attachment":[{"href":"https:\/\/utfpr.curitiba.br\/deped\/index.php?rest_route=%2Fwp%2Fv2%2Fmedia&parent=100"}],"curies":[{"name":"wp","href":"https:\/\/api.w.org\/{rel}","templated":true}]}}