{"version":"1.0","provider_name":"DAQBi","provider_url":"https:\/\/utfpr.curitiba.br\/daqbi","author_name":"MAIARA SOARES DE CARVALHO","author_url":"https:\/\/utfpr.curitiba.br\/daqbi\/author\/a1102338\/","title":"Not\u00edcias - DAQBi","type":"rich","width":600,"height":338,"html":"<blockquote class=\"wp-embedded-content\" data-secret=\"fdB4eD79Jp\"><a href=\"https:\/\/utfpr.curitiba.br\/daqbi\/noticias-2\/\">Not\u00edcias<\/a><\/blockquote><iframe sandbox=\"allow-scripts\" security=\"restricted\" src=\"https:\/\/utfpr.curitiba.br\/daqbi\/noticias-2\/embed\/#?secret=fdB4eD79Jp\" width=\"600\" height=\"338\" title=\"&#8220;Not\u00edcias&#8221; &#8212; DAQBi\" data-secret=\"fdB4eD79Jp\" frameborder=\"0\" marginwidth=\"0\" marginheight=\"0\" scrolling=\"no\" class=\"wp-embedded-content\"><\/iframe><script>\n\/*! This file is auto-generated *\/\n!function(d,l){\"use strict\";l.querySelector&&d.addEventListener&&\"undefined\"!=typeof URL&&(d.wp=d.wp||{},d.wp.receiveEmbedMessage||(d.wp.receiveEmbedMessage=function(e){var t=e.data;if((t||t.secret||t.message||t.value)&&!\/[^a-zA-Z0-9]\/.test(t.secret)){for(var s,r,n,a=l.querySelectorAll('iframe[data-secret=\"'+t.secret+'\"]'),o=l.querySelectorAll('blockquote[data-secret=\"'+t.secret+'\"]'),c=new RegExp(\"^https?:$\",\"i\"),i=0;i<o.length;i++)o[i].style.display=\"none\";for(i=0;i<a.length;i++)s=a[i],e.source===s.contentWindow&&(s.removeAttribute(\"style\"),\"height\"===t.message?(1e3<(r=parseInt(t.value,10))?r=1e3:~~r<200&&(r=200),s.height=r):\"link\"===t.message&&(r=new URL(s.getAttribute(\"src\")),n=new URL(t.value),c.test(n.protocol))&&n.host===r.host&&l.activeElement===s&&(d.top.location.href=t.value))}},d.addEventListener(\"message\",d.wp.receiveEmbedMessage,!1),l.addEventListener(\"DOMContentLoaded\",function(){for(var e,t,s=l.querySelectorAll(\"iframe.wp-embedded-content\"),r=0;r<s.length;r++)(t=(e=s[r]).getAttribute(\"data-secret\"))||(t=Math.random().toString(36).substring(2,12),e.src+=\"#?secret=\"+t,e.setAttribute(\"data-secret\",t)),e.contentWindow.postMessage({message:\"ready\",secret:t},\"*\")},!1)))}(window,document);\n\/\/# sourceURL=https:\/\/utfpr.curitiba.br\/daqbi\/wp-includes\/js\/wp-embed.min.js\n<\/script>\n","description":"Todas Cursos Departamento Extens\u00e3o Licenciatura Noticias da UTFPR Sem categoria Projeto MENINAS NAS CI\u00caNCIAS ganha Pr\u00eamio Melhores Projetos de Extens\u00e3o Universit\u00e1ria 2023 Extens\u00e3o Veja o artigo publicado na edi\u00e7\u00e3o especial Pr\u00eamio Melhores Projetos de Extens\u00e3o Universit\u00e1ria 2023 da Revista T\u00e9cnico-Cient\u00edfica CREA-PR Leia mais MEC lan\u00e7a curso de Tecnologias Digitais 100% EAD e com 180 horas Cursos, Licenciatura Curso \u00e9 oferecido pela Plataforma AVAMEC; Inscri\u00e7\u00f5es gratuitas e abertas Leia mais Nota Andifes: or\u00e7amento das universidades federais em 2024 Noticias da UTFPR, Sem categoria Posi\u00e7\u00e3o dos dirigentes das universidades federais sobre os recursos previstos para o pr\u00f3ximo anoRead More\u00a0 Leia mais UTFPR oferece mais de 600 vagas no mestrado e no doutorado Noticias da UTFPR, Sem categoria Cursos s\u00e3o ofertados gratuitamente pela UniversidadeRead More\u00a0 Leia mais Cogep aprova pol\u00edticas de ingresso na gradua\u00e7\u00e3o de grupos vulner\u00e1veis Noticias da UTFPR, Sem categoria Propostas ainda ser\u00e3o apreciadas pelo Conselho Universit\u00e1rio em 2024Read More\u00a0 Leia mais Professor da UTFPR ter\u00e1 romance adaptado para o audiovisual Noticias da UTFPR, Sem categoria O longa \u201cMeu av\u00f4 \u00e9 um nihonjin\u201d \u00e9 baseado no romance \u201cNihonjin\u201d, de Oscar NakasatoRead More\u00a0 Leia mais Artigo do grupo Gyro ganha melhor trabalho de Congresso Noticias da UTFPR, Sem categoria Pesquisa destaca o potencial dos dados provenientes de pesquisas por amostra de domic\u00edlio para estruturar uma base de dados para&hellip; Leia mais Couni aprova regulamento para elei\u00e7\u00e3o para reitor Noticias da UTFPR, Sem categoria Tamb\u00e9m foi aprovada a normativa para heteroidentifica\u00e7\u00e3o em processos seletivosRead More\u00a0 Leia mais Edital seleciona tutores para curso de Licenciatura em Computa\u00e7\u00e3o EAD Noticias da UTFPR, Sem categoria Profissionais s\u00e3o para o Campus Ponta Grossa e outros polos UABRead More\u00a0 Leia mais Carregar mais Acabou por aqui","thumbnail_url":"https:\/\/utfpr-ct-static-content.s3.amazonaws.com\/utfpr.curitiba.br\/wp-content\/uploads\/sites\/149\/elementor\/thumbs\/cover_issue_36_pt_BR-e1703779357118-qhhf0h3g8d263h4dmafs1go8c287eechv49z1k7i80.jpg"}

Notícias - DAQBi

<blockquote class="wp-embedded-content" data-secret="fdB4eD79Jp"><a href="https://utfpr.curitiba.br/daqbi/noticias-2/">Notícias</a></blockquote><iframe sandbox="allow-scripts" security="restricted" src="https://utfpr.curitiba.br/daqbi/noticias-2/embed/#?secret=fdB4eD79Jp" width="600" height="338" title="&#8220;Notícias&#8221; &#8212; DAQBi" data-secret="fdB4eD79Jp" frameborder="0" marginwidth="0" marginheight="0" scrolling="no" class="wp-embedded-content"></iframe><script>
/*! This file is auto-generated */
!function(d,l){"use strict";l.querySelector&&d.addEventListener&&"undefined"!=typeof URL&&(d.wp=d.wp||{},d.wp.receiveEmbedMessage||(d.wp.receiveEmbedMessage=function(e){var t=e.data;if((t||t.secret||t.message||t.value)&&!/[^a-zA-Z0-9]/.test(t.secret)){for(var s,r,n,a=l.querySelectorAll('iframe[data-secret="'+t.secret+'"]'),o=l.querySelectorAll('blockquote[data-secret="'+t.secret+'"]'),c=new RegExp("^https?:$","i"),i=0;i<o.length;i++)o[i].style.display="none";for(i=0;i<a.length;i++)s=a[i],e.source===s.contentWindow&&(s.removeAttribute("style"),"height"===t.message?(1e3<(r=parseInt(t.value,10))?r=1e3:~~r<200&&(r=200),s.height=r):"link"===t.message&&(r=new URL(s.getAttribute("src")),n=new URL(t.value),c.test(n.protocol))&&n.host===r.host&&l.activeElement===s&&(d.top.location.href=t.value))}},d.addEventListener("message",d.wp.receiveEmbedMessage,!1),l.addEventListener("DOMContentLoaded",function(){for(var e,t,s=l.querySelectorAll("iframe.wp-embedded-content"),r=0;r<s.length;r++)(t=(e=s[r]).getAttribute("data-secret"))||(t=Math.random().toString(36).substring(2,12),e.src+="#?secret="+t,e.setAttribute("data-secret",t)),e.contentWindow.postMessage({message:"ready",secret:t},"*")},!1)))}(window,document);
//# sourceURL=https://utfpr.curitiba.br/daqbi/wp-includes/js/wp-embed.min.js
</script>

Todas Cursos Departamento Extensão Licenciatura Noticias da UTFPR Sem categoria Projeto MENINAS NAS CIÊNCIAS ganha Prêmio Melhores Projetos de Extensão Universitária 2023 Extensão Veja o artigo publicado na edição especial Prêmio Melhores Projetos de Extensão Universitária 2023 da Revista Técnico-Científica CREA-PR Leia mais MEC lança curso de Tecnologias Digitais 100% EAD e com 180 horas Cursos, Licenciatura Curso é oferecido pela Plataforma AVAMEC; Inscrições gratuitas e abertas Leia mais Nota Andifes: orçamento das universidades federais em 2024 Noticias da UTFPR, Sem categoria Posição dos dirigentes das universidades federais sobre os recursos previstos para o próximo anoRead More  Leia mais UTFPR oferece mais de 600 vagas no mestrado e no doutorado Noticias da UTFPR, Sem categoria Cursos são ofertados gratuitamente pela UniversidadeRead More  Leia mais Cogep aprova políticas de ingresso na graduação de grupos vulneráveis Noticias da UTFPR, Sem categoria Propostas ainda serão apreciadas pelo Conselho Universitário em 2024Read More  Leia mais Professor da UTFPR terá romance adaptado para o audiovisual Noticias da UTFPR, Sem categoria O longa “Meu avô é um nihonjin” é baseado no romance “Nihonjin”, de Oscar NakasatoRead More  Leia mais Artigo do grupo Gyro ganha melhor trabalho de Congresso Noticias da UTFPR, Sem categoria Pesquisa destaca o potencial dos dados provenientes de pesquisas por amostra de domicílio para estruturar uma base de dados para&hellip; Leia mais Couni aprova regulamento para eleição para reitor Noticias da UTFPR, Sem categoria Também foi aprovada a normativa para heteroidentificação em processos seletivosRead More  Leia mais Edital seleciona tutores para curso de Licenciatura em Computação EAD Noticias da UTFPR, Sem categoria Profissionais são para o Campus Ponta Grossa e outros polos UABRead More  Leia mais Carregar mais Acabou por aqui
