{"version":"1.0","provider_name":"DAQBi","provider_url":"https:\/\/utfpr.curitiba.br\/daqbi","author_name":"MAIARA SOARES DE CARVALHO","author_url":"https:\/\/utfpr.curitiba.br\/daqbi\/author\/a1102338\/","title":"Licenciatura em Qu\u00edmica - DAQBi","type":"rich","width":600,"height":338,"html":"<blockquote class=\"wp-embedded-content\" data-secret=\"4cCd8iu6g1\"><a href=\"https:\/\/utfpr.curitiba.br\/daqbi\/licenciatura-em-quimica\/\">Licenciatura em Qu\u00edmica<\/a><\/blockquote><iframe sandbox=\"allow-scripts\" security=\"restricted\" src=\"https:\/\/utfpr.curitiba.br\/daqbi\/licenciatura-em-quimica\/embed\/#?secret=4cCd8iu6g1\" width=\"600\" height=\"338\" title=\"&#8220;Licenciatura em Qu\u00edmica&#8221; &#8212; DAQBi\" data-secret=\"4cCd8iu6g1\" frameborder=\"0\" marginwidth=\"0\" marginheight=\"0\" scrolling=\"no\" class=\"wp-embedded-content\"><\/iframe><script>\n\/*! This file is auto-generated *\/\n!function(d,l){\"use strict\";l.querySelector&&d.addEventListener&&\"undefined\"!=typeof URL&&(d.wp=d.wp||{},d.wp.receiveEmbedMessage||(d.wp.receiveEmbedMessage=function(e){var t=e.data;if((t||t.secret||t.message||t.value)&&!\/[^a-zA-Z0-9]\/.test(t.secret)){for(var s,r,n,a=l.querySelectorAll('iframe[data-secret=\"'+t.secret+'\"]'),o=l.querySelectorAll('blockquote[data-secret=\"'+t.secret+'\"]'),c=new RegExp(\"^https?:$\",\"i\"),i=0;i<o.length;i++)o[i].style.display=\"none\";for(i=0;i<a.length;i++)s=a[i],e.source===s.contentWindow&&(s.removeAttribute(\"style\"),\"height\"===t.message?(1e3<(r=parseInt(t.value,10))?r=1e3:~~r<200&&(r=200),s.height=r):\"link\"===t.message&&(r=new URL(s.getAttribute(\"src\")),n=new URL(t.value),c.test(n.protocol))&&n.host===r.host&&l.activeElement===s&&(d.top.location.href=t.value))}},d.addEventListener(\"message\",d.wp.receiveEmbedMessage,!1),l.addEventListener(\"DOMContentLoaded\",function(){for(var e,t,s=l.querySelectorAll(\"iframe.wp-embedded-content\"),r=0;r<s.length;r++)(t=(e=s[r]).getAttribute(\"data-secret\"))||(t=Math.random().toString(36).substring(2,12),e.src+=\"#?secret=\"+t,e.setAttribute(\"data-secret\",t)),e.contentWindow.postMessage({message:\"ready\",secret:t},\"*\")},!1)))}(window,document);\n\/\/# sourceURL=https:\/\/utfpr.curitiba.br\/daqbi\/wp-includes\/js\/wp-embed.min.js\n<\/script>\n","description":"Instagram Licenciatura em Qu\u00edmica Acesse a p\u00e1gina do curso Per\u00edodo Vespertino e Noturno Dura\u00e7\u00e3o 8 per\u00edodos \u2013 4 anos Ingresso SISU ou Vestibular Sobre o curso Objetivos Perfil profissional Compet\u00eancias Campo de atua\u00e7\u00e3o Objetivos O Curso tem como objetivo formar professores de Qu\u00edmica que possam atuar como protagonista na transforma\u00e7\u00e3o da\u00a0sociedade brasileira, baseados em s\u00f3lidos conhecimentos de Qu\u00edmica de forma\u00a0interdisciplinar e humanizadora. Perfil profissional Objetiva formar\u00a0profissionais cr\u00edticos, com s\u00f3lido conhecimento qu\u00edmico, pedag\u00f3gico e did\u00e1tico em torno\u00a0de como ensinar os mais variados conceitos qu\u00edmicos, os quais sejam capazes de enfrentar\u00a0situa\u00e7\u00f5es de ensino e aprendizagem complexas e sejam conscientes de seu papel na\u00a0sociedade, como docentes formadores de sujeitos plurais e \u00edmpares, que devem assumir\u00a0seu papel aut\u00f4nomo e protagonista de forma cr\u00edtica, respeitando as rela\u00e7\u00f5es e tendo o\u00a0compromisso com sua forma\u00e7\u00e3o permanente. Compet\u00eancias Dominar\u00a0os objetos de\u00a0conhecimento\u00a0e saber como\u00a0ensin\u00e1&#8211;los, demonstrar conhecimento sobre os estudantes e como eles aprendem, reconhecer os contextos, conhecer a estrutura e a governan\u00e7a dos sistemas educacionais, al\u00e9m de saber planejar a\u00e7\u00f5es de ensino que resultem em efetivas aprendizagens, criar e saber gerir ambientes de aprendizagem avaliar o desenvolvimento do educando, a aprendizagem e o ensino e conduzir as pr\u00e1ticas pedag\u00f3gicas dos objetos do conhecimento das compet\u00eancias e habilidades. Conhecer criticamente os problemas educacionais brasileiros, identificar no contexto da realidade escolar os fatores determinantes no processo educativo, tais como o contexto socioecon\u00f4mico, pol\u00edtico- educacional, administrativo e fatores espec\u00edficos do processo de ensino- aprendizagem de Qu\u00edmica. Campo de atua\u00e7\u00e3o O Licenciado em Qu\u00edmica poder\u00e1 atuar em: Institui\u00e7\u00f5es de ensino de redes p\u00fablicas e\/ou privadas; editoras e em \u00f3rg\u00e3os p\u00fablicos e privados, espa\u00e7os de educa\u00e7\u00e3o n\u00e3o formal, como feiras de divulga\u00e7\u00e3o cient\u00edfica e museus, dentre outros, institui\u00e7\u00f5es que desenvolvem pesquisas educacionais, empresas que demandem sua forma\u00e7\u00e3o espec\u00edfica ou atuar de forma aut\u00f4noma, em empresa pr\u00f3pria ou prestando consultoria a institui\u00e7\u00f5es de ensino de redes p\u00fablicas e\/ou privadas, entre outras \u00e1reas.\u00a0 Organiza\u00e7\u00e3o Curricular &#8211; Grade vigente a partir de 02\/2023 Coordena\u00e7\u00e3o Prof. Dr. Marcelo Lambach marcelolambach@utfpr.edu.br ou\u00a0 coliq-ct@utfpr.edu.br TCC Profa. Dra. Cristiane Piliss\u00e3o pilissao@utfpr.edu.br Internacionaliza\u00e7\u00e3o Profa. Dra. Maria Giovana Binder Pagnoncelli mpagnoncelli@utfpr.edu.br Est\u00e1gio Profa. Dra. Adriane Viana do Ros\u00e1rio adrianev@utfpr.edu.br Extens\u00e3o Prof. Dr. Adelmo Lowe Plestsch adelmo@utfpr.edu.br Atividades Integradoras Prof. Dr. Edson Luiz Seibert eseibert@utfpr.edu.br Telefone:\u00a0(41)\u00a03279-6448 Atividades Complementares Profa. Dra. Cristiane Piliss\u00e3o pilissao@utfpr.edu.br Inclus\u00e3o Profa. Dra. Renata Danielle Adati renataadati@utfpr.edu.br Orienta\u00e7\u00f5es R\u00e1pidas Para outras d\u00favidas, entre em contato com a coordena\u00e7\u00e3o do curso.","thumbnail_url":"https:\/\/utfpr-ct-static-content.s3.amazonaws.com\/utfpr.curitiba.br\/wp-content\/uploads\/sites\/149\/2023\/04\/daqbi_curto.png","thumbnail_width":600,"thumbnail_height":261}

Licenciatura em Química - DAQBi

<blockquote class="wp-embedded-content" data-secret="4cCd8iu6g1"><a href="https://utfpr.curitiba.br/daqbi/licenciatura-em-quimica/">Licenciatura em Química</a></blockquote><iframe sandbox="allow-scripts" security="restricted" src="https://utfpr.curitiba.br/daqbi/licenciatura-em-quimica/embed/#?secret=4cCd8iu6g1" width="600" height="338" title="&#8220;Licenciatura em Química&#8221; &#8212; DAQBi" data-secret="4cCd8iu6g1" frameborder="0" marginwidth="0" marginheight="0" scrolling="no" class="wp-embedded-content"></iframe><script>
/*! This file is auto-generated */
!function(d,l){"use strict";l.querySelector&&d.addEventListener&&"undefined"!=typeof URL&&(d.wp=d.wp||{},d.wp.receiveEmbedMessage||(d.wp.receiveEmbedMessage=function(e){var t=e.data;if((t||t.secret||t.message||t.value)&&!/[^a-zA-Z0-9]/.test(t.secret)){for(var s,r,n,a=l.querySelectorAll('iframe[data-secret="'+t.secret+'"]'),o=l.querySelectorAll('blockquote[data-secret="'+t.secret+'"]'),c=new RegExp("^https?:$","i"),i=0;i<o.length;i++)o[i].style.display="none";for(i=0;i<a.length;i++)s=a[i],e.source===s.contentWindow&&(s.removeAttribute("style"),"height"===t.message?(1e3<(r=parseInt(t.value,10))?r=1e3:~~r<200&&(r=200),s.height=r):"link"===t.message&&(r=new URL(s.getAttribute("src")),n=new URL(t.value),c.test(n.protocol))&&n.host===r.host&&l.activeElement===s&&(d.top.location.href=t.value))}},d.addEventListener("message",d.wp.receiveEmbedMessage,!1),l.addEventListener("DOMContentLoaded",function(){for(var e,t,s=l.querySelectorAll("iframe.wp-embedded-content"),r=0;r<s.length;r++)(t=(e=s[r]).getAttribute("data-secret"))||(t=Math.random().toString(36).substring(2,12),e.src+="#?secret="+t,e.setAttribute("data-secret",t)),e.contentWindow.postMessage({message:"ready",secret:t},"*")},!1)))}(window,document);
//# sourceURL=https://utfpr.curitiba.br/daqbi/wp-includes/js/wp-embed.min.js
</script>

Instagram Licenciatura em Química Acesse a página do curso Período Vespertino e Noturno Duração 8 períodos – 4 anos Ingresso SISU ou Vestibular Sobre o curso Objetivos Perfil profissional Competências Campo de atuação Objetivos O Curso tem como objetivo formar professores de Química que possam atuar como protagonista na transformação da sociedade brasileira, baseados em sólidos conhecimentos de Química de forma interdisciplinar e humanizadora. Perfil profissional Objetiva formar profissionais críticos, com sólido conhecimento químico, pedagógico e didático em torno de como ensinar os mais variados conceitos químicos, os quais sejam capazes de enfrentar situações de ensino e aprendizagem complexas e sejam conscientes de seu papel na sociedade, como docentes formadores de sujeitos plurais e ímpares, que devem assumir seu papel autônomo e protagonista de forma crítica, respeitando as relações e tendo o compromisso com sua formação permanente. Competências Dominar os objetos de conhecimento e saber como ensiná&#8211;los, demonstrar conhecimento sobre os estudantes e como eles aprendem, reconhecer os contextos, conhecer a estrutura e a governança dos sistemas educacionais, além de saber planejar ações de ensino que resultem em efetivas aprendizagens, criar e saber gerir ambientes de aprendizagem avaliar o desenvolvimento do educando, a aprendizagem e o ensino e conduzir as práticas pedagógicas dos objetos do conhecimento das competências e habilidades. Conhecer criticamente os problemas educacionais brasileiros, identificar no contexto da realidade escolar os fatores determinantes no processo educativo, tais como o contexto socioeconômico, político- educacional, administrativo e fatores específicos do processo de ensino- aprendizagem de Química. Campo de atuação O Licenciado em Química poderá atuar em: Instituições de ensino de redes públicas e/ou privadas; editoras e em órgãos públicos e privados, espaços de educação não formal, como feiras de divulgação científica e museus, dentre outros, instituições que desenvolvem pesquisas educacionais, empresas que demandem sua formação específica ou atuar de forma autônoma, em empresa própria ou prestando consultoria a instituições de ensino de redes públicas e/ou privadas, entre outras áreas.  Organização Curricular &#8211; Grade vigente a partir de 02/2023 Coordenação Prof. Dr. Marcelo Lambach marcelolambach@utfpr.edu.br ou  coliq-ct@utfpr.edu.br TCC Profa. Dra. Cristiane Pilissão pilissao@utfpr.edu.br Internacionalização Profa. Dra. Maria Giovana Binder Pagnoncelli mpagnoncelli@utfpr.edu.br Estágio Profa. Dra. Adriane Viana do Rosário adrianev@utfpr.edu.br Extensão Prof. Dr. Adelmo Lowe Plestsch adelmo@utfpr.edu.br Atividades Integradoras Prof. Dr. Edson Luiz Seibert eseibert@utfpr.edu.br Telefone: (41) 3279-6448 Atividades Complementares Profa. Dra. Cristiane Pilissão pilissao@utfpr.edu.br Inclusão Profa. Dra. Renata Danielle Adati renataadati@utfpr.edu.br Orientações Rápidas Para outras dúvidas, entre em contato com a coordenação do curso.
