{"version":"1.0","provider_name":"DAQBi","provider_url":"https:\/\/utfpr.curitiba.br\/daqbi","author_name":"MAIARA SOARES DE CARVALHO","author_url":"https:\/\/utfpr.curitiba.br\/daqbi\/author\/a1102338\/","title":"Infraestrutura - DAQBi","type":"rich","width":600,"height":338,"html":"<blockquote class=\"wp-embedded-content\" data-secret=\"wJuPZeAwPp\"><a href=\"https:\/\/utfpr.curitiba.br\/daqbi\/infraestrutura\/\">Infraestrutura<\/a><\/blockquote><iframe sandbox=\"allow-scripts\" security=\"restricted\" src=\"https:\/\/utfpr.curitiba.br\/daqbi\/infraestrutura\/embed\/#?secret=wJuPZeAwPp\" width=\"600\" height=\"338\" title=\"&#8220;Infraestrutura&#8221; &#8212; DAQBi\" data-secret=\"wJuPZeAwPp\" frameborder=\"0\" marginwidth=\"0\" marginheight=\"0\" scrolling=\"no\" class=\"wp-embedded-content\"><\/iframe><script>\n\/*! This file is auto-generated *\/\n!function(d,l){\"use strict\";l.querySelector&&d.addEventListener&&\"undefined\"!=typeof URL&&(d.wp=d.wp||{},d.wp.receiveEmbedMessage||(d.wp.receiveEmbedMessage=function(e){var t=e.data;if((t||t.secret||t.message||t.value)&&!\/[^a-zA-Z0-9]\/.test(t.secret)){for(var s,r,n,a=l.querySelectorAll('iframe[data-secret=\"'+t.secret+'\"]'),o=l.querySelectorAll('blockquote[data-secret=\"'+t.secret+'\"]'),c=new RegExp(\"^https?:$\",\"i\"),i=0;i<o.length;i++)o[i].style.display=\"none\";for(i=0;i<a.length;i++)s=a[i],e.source===s.contentWindow&&(s.removeAttribute(\"style\"),\"height\"===t.message?(1e3<(r=parseInt(t.value,10))?r=1e3:~~r<200&&(r=200),s.height=r):\"link\"===t.message&&(r=new URL(s.getAttribute(\"src\")),n=new URL(t.value),c.test(n.protocol))&&n.host===r.host&&l.activeElement===s&&(d.top.location.href=t.value))}},d.addEventListener(\"message\",d.wp.receiveEmbedMessage,!1),l.addEventListener(\"DOMContentLoaded\",function(){for(var e,t,s=l.querySelectorAll(\"iframe.wp-embedded-content\"),r=0;r<s.length;r++)(t=(e=s[r]).getAttribute(\"data-secret\"))||(t=Math.random().toString(36).substring(2,12),e.src+=\"#?secret=\"+t,e.setAttribute(\"data-secret\",t)),e.contentWindow.postMessage({message:\"ready\",secret:t},\"*\")},!1)))}(window,document);\n\/\/# sourceURL=https:\/\/utfpr.curitiba.br\/daqbi\/wp-includes\/js\/wp-embed.min.js\n<\/script>\n","description":"Infraestrutura O Departamento Acad\u00eamico de Qu\u00edmica e Biologia conta com 13 laborat\u00f3rios did\u00e1ticos, 32 laborat\u00f3rios de pesquisa e 2 laborat\u00f3rios multiusu\u00e1rios alocados numa \u00e1rea de 7000 m2, nos blocos C, E e F da sede Ecoville da UTFPR. Navegue pelos mapas para conhecer melhor nossos espa\u00e7os (indispon\u00edvel em dispositivos m\u00f3veis). Se preferir, acesse a listagem dos laborat\u00f3rios clicando aqui .st0{fill:#18834D;} Oficina Respons\u00e1vel: prof. Israel Rede .st0{fill:#19844E;} Laborat\u00f3rio de Pr\u00e1ticas de Qu\u00edmica Anal\u00edtica Laborat\u00f3rio did\u00e1tico. Respons\u00e1veis: Eveline Camillo, prof. Edson Luiz Seibert .st0{fill:#19844E;} LAMAQ Constitu\u00eddo por cinco ambientes, garantindo amplo aproveitamento dos equipamentos e instala\u00e7\u00f5es. A distribui\u00e7\u00e3o organizada da utiliza\u00e7\u00e3o dos equipamentos pelos diferentes usu\u00e1rios \u00e9 baseada em crit\u00e9rios de agendamento e de normas de uso. Clique aqui para maiores informa\u00e7\u00f5es .st0{fill:#19844E;} Laborat\u00f3rio de Contaminantes Ambientais Laborat\u00f3rio de pesquisa. Respons\u00e1vel: prof. Marcus Vinicius De Liz .st0{fill:#18834D;} Sala de professor .st0{fill:#18834D;} Sala de Apoio Sala de apoio ao gerenciamento de estoque e descarte de res\u00edduos Respons\u00e1vel: Olga Regina Gauza .st0{fill:#18834D;} Sala de Prepara\u00e7\u00e3o Preparo de materiais. Respons\u00e1vel: Olga Regina Gauza .st0{fill:#19844E;} Laborat\u00f3rio de Pr\u00e1ticas de Qu\u00edmica Geral 1 Laborat\u00f3rio did\u00e1tico. Respons\u00e1veis: Olga Regina Gauza, prof. Israel Rede, prof. Sergio Oldakoski .st0{fill:#19844E;} Laborat\u00f3rio de Pr\u00e1ticas de Qu\u00edmica Geral 2 Laborat\u00f3rio did\u00e1tico. Respons\u00e1veis: Olga Regina Gauza, prof. Israel Rede, prof. Sergio Oldakoski .st0{fill:#18834D;} Sala de Apoio Sala de apoio ao gerenciamento de estoque e descarte de res\u00edduos Respons\u00e1vel: Olga Regina Gauza .st0{fill:#19844E;} LEMASSA &#8211; Laborat\u00f3rio de estudos em matrizes ambientais Laborat\u00f3rio de pesquisa. Respons\u00e1vel: prof. Danielle Caroline Schnitzler .st0{fill:#19844E;} LEQ &#8211; Laborat\u00f3rio de espectrometria e quimiometria Laborat\u00f3rio de pesquisa. Respons\u00e1vel: prof. Poliana Macedo Dos Santos .st0{fill:#19844E;} Laborat\u00f3rio de Pr\u00e1ticas de F\u00edsico-qu\u00edmica Laborat\u00f3rio did\u00e1tico. Respons\u00e1veis: prof. Jo\u00e3o Batista Floriano, prof. Luiz Marcos de Lira Faria .st0{fill:#19844E;} Labiotec &#8211; Laborat\u00f3rio de Biotecnologia Laborat\u00f3rio de pesquisa. Respons\u00e1veis: prof. Giselle Maria Maciel e prof. Charles Windson Isidoro Haminiuk Acesse a p\u00e1gina no instagram .st0{fill:#19844E;} Laborat\u00f3rio de Pr\u00e1ticas de Qu\u00edmica Org\u00e2nca Laborat\u00f3rio did\u00e1tico. Respons\u00e1veis: professores Paulo, Cristiane, Palim\u00e9cio e Fernando Molin .st0{fill:#18834D;} Sala de professor .st0{fill:#19844E;} Laborat\u00f3rio de Mutag\u00eanese Laborat\u00f3rio de pesquisa. Respons\u00e1vel: prof. prof. Wanessa Algarte Ramsdorf Nagata .st0{fill:#19844E;} Laborat\u00f3rio de Microbiologia Laborat\u00f3rio did\u00e1tico e de pesquisa. Respons\u00e1vel: prof. Giselle Maria Maciel e prof. Gustavo Henrique Couto .st0{fill:#19844E;} LM2C2 &#8211; Laborat\u00f3rio de Materiais Moleculares e Compostos de Coordena\u00e7\u00e3o Laborat\u00f3rio did\u00e1tico e de pesquisa. Respons\u00e1veis: prof. Fernando Molin, prof. Tiago Pacheco De Camargo .st0{fill:#19844E;} Laborat\u00f3rio de Pr\u00e1ticas de Qu\u00edmica Inorg\u00e2nica Laborat\u00f3rio did\u00e1tico. Respons\u00e1veis: professores Marcela, Dayane, Renata Adati e Tiago .st0{fill:#19844E;} LEMA &#8211; Laborat\u00f3rio de Estudos em Matrizes Ambientais Laborat\u00f3rio Did\u00e1tico e de pesquisa. Respons\u00e1veis: prof. Erika Pereira Felix, prof. Edson Luiz Seibert .st0{fill:#19844E;} LABSIN &#8211; Laborat\u00f3rio de s\u00edntese inorg\u00e2nica e de nanomateriais Laborat\u00f3rio de pesquisa. Respons\u00e1veis: prof. Marcela Mohallem Oliveira, prof. Dayane Mey Reis .st0{fill:#19844E;} LAPEC &#8211; Laborat\u00f3rio de pesquisa em Ecologia Laborat\u00f3rio de pesquisa e extens\u00e3o. Respons\u00e1veis: prof. Jana Magaly Tesserolli De Souza e prof. Thomaz Aurelio Pagioro .st0{fill:#19844E;} LLieC\/LAMEAA &#8211; Laborat\u00f3rio de Limnologia, Ecologia e Cromatografia Laborat\u00f3rio de pesquisa Respons\u00e1veis: prof. Thomaz Aurelio Pagioro, prof. Jana M.T. de Souza Sala 2 do LAMEAA: Clique aqui para maiores informa\u00e7\u00f5es .st0{fill:#18834D;} Sala de aula Clique aqui para reservar este espa\u00e7o (somente servidores) .st0{fill:#18834D;} Sala de aula Clique aqui para reservar este espa\u00e7o (somente servidores) .st0{fill:#18834D;} Sala de professor .st0{fill:#18834D;} Sala de professor .st0{fill:#18834D;} DALP &#8211; Diret\u00f3rio Acad\u00eamico Linus Pauling info .st0{fill:#18834D;} Sala de aula &#8211; PPGCTA .st0{fill:#18834D;} Sala de aula Clique aqui para reservar este espa\u00e7o (somente servidores) .st0{fill:#18834D;} Sala de aula Clique aqui para reservar este espa\u00e7o (somente servidores) .st0{fill:#18834D;} Sala de aula Clique aqui para reservar este espa\u00e7o (somente servidores) .st0{fill:#18834D;} Sala de aula &#8211; PPGCTA .st0{fill:#18834D;} Laborat\u00f3rio de Inform\u00e1tica Laborat\u00f3rio did\u00e1tico. Respons\u00e1vel: prof. Luiz Marcos de Lira Faria Clique aqui para reservar este espa\u00e7o (somente servidores) .st0{fill:#18834D;} Coordena\u00e7\u00e3o PPGCTA .st0{fill:#18834D;} Sala de Estudos PPGCTA .st0{fill:#19844E;} Laborat\u00f3rio de Pesquisa Laborat\u00f3rio de pesquisa. Respons\u00e1vel: chefia do departamento. .st0{fill:#19844E;} LASOL &#8211; Laborat\u00f3rio de An\u00e1lise de Solos Laborat\u00f3rio did\u00e1tico e de pesquisa. Respons\u00e1veis: prof. Larissa Kummer, prof. Carla Bastos Vidal .st0{fill:#18834D;} Sala de professor .st0{fill:#19844E;} Laborat\u00f3rio de Microscopia Laborat\u00f3rio de pesquisa. Respons\u00e1vel: .st0{fill:#18834D;} Sala de professor .st0{fill:#18834D;} Sala de Monitoria Clique aqui para ver os hor\u00e1rios de atendimento .st0{fill:#18834D;} Sala de professor .st0{fill:#18834D;} Sala de Reuni\u00f5es Clique aqui para reservar este espa\u00e7o (somente servidores) .st0{fill:#18834D;} Secretaria Secretaria geral do DAQBi Telefone: (41) 3279-6875 .st0{fill:#18834D;} Salas das Coordena\u00e7\u00f5es e Chefia .st0{fill:#19844E;} LADI &#8211; Laborat\u00f3rio de Desenvolvimento de Instrumenta\u00e7\u00e3o Laborat\u00f3rio de pesquisa. Respons\u00e1vel: prof. Luiz Marcos De Lira Faria .st0{fill:#19844E;} LaBio &#8211; Laborat\u00f3rio de Pr\u00e1ticas em Biologia Laborat\u00f3rio did\u00e1tico. Respons\u00e1vel: prof. Adriane Martins de Freitas .st0{fill:#19844E;} LEC-GEA &#8211; Laborat\u00f3rio de Ensino de Ci\u00eancias, Gest\u00e3o Ambiental e Educa\u00e7\u00e3o Ambiental Laborat\u00f3rio did\u00e1tico e de pesquisa. Respons\u00e1veis: prof. Fabiana Pauletti, prof. Tamara Van Kaick .st0{fill:#19844E;} Projeto Meninas nas Ci\u00eancias Laborat\u00f3rio did\u00e1tico e de extens\u00e3o. Respons\u00e1veis: prof. Maurici Luzia Del Monego e prof. Larissa Kummer Acesse a p\u00e1gina no instagram .st0{fill:#19844E;} LADCAT &#8211; Laborat\u00f3rio de adsorventes e catalisadores Laborat\u00f3rio de pesquisa. Respons\u00e1vel: prof. Roberta Carolina Pelissari Rizzo Domingues .st0{fill:#19844E;} LAMAPO &#8211; Laborat\u00f3rio de Materiais Polim\u00e9ricos Laborat\u00f3rio did\u00e1tico e de pesquisa. Respons\u00e1vel: prof. Juliana Regina Kloss .st0{fill:#19844E;} LABOPPI &#8211; Laborat\u00f3rio de Opera\u00e7\u00f5es Unit\u00e1rias e Processos Industriais Laborat\u00f3rio did\u00e1tico e de pesquisa. Respons\u00e1vel: prof. Roberta Carolina Pelissari Rizzo Domingues .st0{fill:#19844E;} ECOTOX &#8211; Laborat\u00f3rio de Ecotoxicologia Laborat\u00f3rio de pesquisa. Respons\u00e1veis: prof. Adriane Martins De Freitas, prof. Wanessa Algarte Ramsdorf Nagata .st0{fill:#19844E;} LAMEAA &#8211; Laborat\u00f3rio Multiusu\u00e1rio Equipamentos e An\u00e1lises Ambientais Congrega equipamentos de m\u00e9dia e alta complexidade em uma estrutura organizada, para atender demandas e dar suporte \u00e0s pesquisas cient\u00edficas e contribuir com o desenvolvimento tecnol\u00f3gico da UTFPR Clique aqui para maiores informa\u00e7\u00f5es .st0{fill:#19844E;} NIPTA &#8211; N\u00facleo Interdisciplinar de Pesquisa em Tecnologias Ambientais Laborat\u00f3rio de pesquisa. Respons\u00e1vel: prof. Julio Cezar Azevedo .st0{fill:#19844E;} LEAQUA &#8211; Laborat\u00f3rio de Estudos Avan\u00e7ados em Qu\u00edmica Ambiental Laborat\u00f3rio de pesquisa. Respons\u00e1vel: prof. J\u00falio C\u00e9sar Rodrigues de Azevedo .st0{fill:#19844E;} LACORR &#8211; Laborat\u00f3rio de An\u00e1lise Conformacional e Recursos Renov\u00e1veis Laborat\u00f3rio de pesquisa. Respons\u00e1veis: prof. Paulo Roberto de Oliveira e prof. Palim\u00e9cio Gimenes Guerrero Jr .st0{fill:#19844E;} LSINCOL &#8211; Laborat\u00f3rio de S\u00edntese de Compostos Org\u00e2nicos e Luminescentes Laborat\u00f3rio de pesquisa. Respons\u00e1veis: prof. Cristiane Pilissao, prof. Renata Adati .st0{fill:#19844E;}","thumbnail_url":"https:\/\/utfpr-ct-static-content.s3.amazonaws.com\/utfpr.curitiba.br\/wp-content\/uploads\/sites\/149\/2023\/10\/7-150x150.jpg"}

Infraestrutura O Departamento Acadêmico de Química e Biologia conta com 13 laboratórios didáticos, 32 laboratórios de pesquisa e 2 laboratórios multiusuários alocados numa área de 7000 m2, nos blocos C, E e F da sede Ecoville da UTFPR. Navegue pelos mapas para conhecer melhor nossos espaços (indisponível em dispositivos móveis). Se preferir, acesse a listagem dos laboratórios clicando aqui .st0{fill:#18834D;} Oficina Responsável: prof. Israel Rede .st0{fill:#19844E;} Laboratório de Práticas de Química Analítica Laboratório didático. Responsáveis: Eveline Camillo, prof. Edson Luiz Seibert .st0{fill:#19844E;} LAMAQ Constituído por cinco ambientes, garantindo amplo aproveitamento dos equipamentos e instalações. A distribuição organizada da utilização dos equipamentos pelos diferentes usuários é baseada em critérios de agendamento e de normas de uso. Clique aqui para maiores informações .st0{fill:#19844E;} Laboratório de Contaminantes Ambientais Laboratório de pesquisa. Responsável: prof. Marcus Vinicius De Liz .st0{fill:#18834D;} Sala de professor .st0{fill:#18834D;} Sala de Apoio Sala de apoio ao gerenciamento de estoque e descarte de resíduos Responsável: Olga Regina Gauza .st0{fill:#18834D;} Sala de Preparação Preparo de materiais. Responsável: Olga Regina Gauza .st0{fill:#19844E;} Laboratório de Práticas de Química Geral 1 Laboratório didático. Responsáveis: Olga Regina Gauza, prof. Israel Rede, prof. Sergio Oldakoski .st0{fill:#19844E;} Laboratório de Práticas de Química Geral 2 Laboratório didático. Responsáveis: Olga Regina Gauza, prof. Israel Rede, prof. Sergio Oldakoski .st0{fill:#18834D;} Sala de Apoio Sala de apoio ao gerenciamento de estoque e descarte de resíduos Responsável: Olga Regina Gauza .st0{fill:#19844E;} LEMASSA &#8211; Laboratório de estudos em matrizes ambientais Laboratório de pesquisa. Responsável: prof. Danielle Caroline Schnitzler .st0{fill:#19844E;} LEQ &#8211; Laboratório de espectrometria e quimiometria Laboratório de pesquisa. Responsável: prof. Poliana Macedo Dos Santos .st0{fill:#19844E;} Laboratório de Práticas de Físico-química Laboratório didático. Responsáveis: prof. João Batista Floriano, prof. Luiz Marcos de Lira Faria .st0{fill:#19844E;} Labiotec &#8211; Laboratório de Biotecnologia Laboratório de pesquisa. Responsáveis: prof. Giselle Maria Maciel e prof. Charles Windson Isidoro Haminiuk Acesse a página no instagram .st0{fill:#19844E;} Laboratório de Práticas de Química Orgânca Laboratório didático. Responsáveis: professores Paulo, Cristiane, Palimécio e Fernando Molin .st0{fill:#18834D;} Sala de professor .st0{fill:#19844E;} Laboratório de Mutagênese Laboratório de pesquisa. Responsável: prof. prof. Wanessa Algarte Ramsdorf Nagata .st0{fill:#19844E;} Laboratório de Microbiologia Laboratório didático e de pesquisa. Responsável: prof. Giselle Maria Maciel e prof. Gustavo Henrique Couto .st0{fill:#19844E;} LM2C2 &#8211; Laboratório de Materiais Moleculares e Compostos de Coordenação Laboratório didático e de pesquisa. Responsáveis: prof. Fernando Molin, prof. Tiago Pacheco De Camargo .st0{fill:#19844E;} Laboratório de Práticas de Química Inorgânica Laboratório didático. Responsáveis: professores Marcela, Dayane, Renata Adati e Tiago .st0{fill:#19844E;} LEMA &#8211; Laboratório de Estudos em Matrizes Ambientais Laboratório Didático e de pesquisa. Responsáveis: prof. Erika Pereira Felix, prof. Edson Luiz Seibert .st0{fill:#19844E;} LABSIN &#8211; Laboratório de síntese inorgânica e de nanomateriais Laboratório de pesquisa. Responsáveis: prof. Marcela Mohallem Oliveira, prof. Dayane Mey Reis .st0{fill:#19844E;} LAPEC &#8211; Laboratório de pesquisa em Ecologia Laboratório de pesquisa e extensão. Responsáveis: prof. Jana Magaly Tesserolli De Souza e prof. Thomaz Aurelio Pagioro .st0{fill:#19844E;} LLieC/LAMEAA &#8211; Laboratório de Limnologia, Ecologia e Cromatografia Laboratório de pesquisa Responsáveis: prof. Thomaz Aurelio Pagioro, prof. Jana M.T. de Souza Sala 2 do LAMEAA: Clique aqui para maiores informações .st0{fill:#18834D;} Sala de aula Clique aqui para reservar este espaço (somente servidores) .st0{fill:#18834D;} Sala de aula Clique aqui para reservar este espaço (somente servidores) .st0{fill:#18834D;} Sala de professor .st0{fill:#18834D;} Sala de professor .st0{fill:#18834D;} DALP &#8211; Diretório Acadêmico Linus Pauling info .st0{fill:#18834D;} Sala de aula &#8211; PPGCTA .st0{fill:#18834D;} Sala de aula Clique aqui para reservar este espaço (somente servidores) .st0{fill:#18834D;} Sala de aula Clique aqui para reservar este espaço (somente servidores) .st0{fill:#18834D;} Sala de aula Clique aqui para reservar este espaço (somente servidores) .st0{fill:#18834D;} Sala de aula &#8211; PPGCTA .st0{fill:#18834D;} Laboratório de Informática Laboratório didático. Responsável: prof. Luiz Marcos de Lira Faria Clique aqui para reservar este espaço (somente servidores) .st0{fill:#18834D;} Coordenação PPGCTA .st0{fill:#18834D;} Sala de Estudos PPGCTA .st0{fill:#19844E;} Laboratório de Pesquisa Laboratório de pesquisa. Responsável: chefia do departamento. .st0{fill:#19844E;} LASOL &#8211; Laboratório de Análise de Solos Laboratório didático e de pesquisa. Responsáveis: prof. Larissa Kummer, prof. Carla Bastos Vidal .st0{fill:#18834D;} Sala de professor .st0{fill:#19844E;} Laboratório de Microscopia Laboratório de pesquisa. Responsável: .st0{fill:#18834D;} Sala de professor .st0{fill:#18834D;} Sala de Monitoria Clique aqui para ver os horários de atendimento .st0{fill:#18834D;} Sala de professor .st0{fill:#18834D;} Sala de Reuniões Clique aqui para reservar este espaço (somente servidores) .st0{fill:#18834D;} Secretaria Secretaria geral do DAQBi Telefone: (41) 3279-6875 .st0{fill:#18834D;} Salas das Coordenações e Chefia .st0{fill:#19844E;} LADI &#8211; Laboratório de Desenvolvimento de Instrumentação Laboratório de pesquisa. Responsável: prof. Luiz Marcos De Lira Faria .st0{fill:#19844E;} LaBio &#8211; Laboratório de Práticas em Biologia Laboratório didático. Responsável: prof. Adriane Martins de Freitas .st0{fill:#19844E;} LEC-GEA &#8211; Laboratório de Ensino de Ciências, Gestão Ambiental e Educação Ambiental Laboratório didático e de pesquisa. Responsáveis: prof. Fabiana Pauletti, prof. Tamara Van Kaick .st0{fill:#19844E;} Projeto Meninas nas Ciências Laboratório didático e de extensão. Responsáveis: prof. Maurici Luzia Del Monego e prof. Larissa Kummer Acesse a página no instagram .st0{fill:#19844E;} LADCAT &#8211; Laboratório de adsorventes e catalisadores Laboratório de pesquisa. Responsável: prof. Roberta Carolina Pelissari Rizzo Domingues .st0{fill:#19844E;} LAMAPO &#8211; Laboratório de Materiais Poliméricos Laboratório didático e de pesquisa. Responsável: prof. Juliana Regina Kloss .st0{fill:#19844E;} LABOPPI &#8211; Laboratório de Operações Unitárias e Processos Industriais Laboratório didático e de pesquisa. Responsável: prof. Roberta Carolina Pelissari Rizzo Domingues .st0{fill:#19844E;} ECOTOX &#8211; Laboratório de Ecotoxicologia Laboratório de pesquisa. Responsáveis: prof. Adriane Martins De Freitas, prof. Wanessa Algarte Ramsdorf Nagata .st0{fill:#19844E;} LAMEAA &#8211; Laboratório Multiusuário Equipamentos e Análises Ambientais Congrega equipamentos de média e alta complexidade em uma estrutura organizada, para atender demandas e dar suporte às pesquisas científicas e contribuir com o desenvolvimento tecnológico da UTFPR Clique aqui para maiores informações .st0{fill:#19844E;} NIPTA &#8211; Núcleo Interdisciplinar de Pesquisa em Tecnologias Ambientais Laboratório de pesquisa. Responsável: prof. Julio Cezar Azevedo .st0{fill:#19844E;} LEAQUA &#8211; Laboratório de Estudos Avançados em Química Ambiental Laboratório de pesquisa. Responsável: prof. Júlio César Rodrigues de Azevedo .st0{fill:#19844E;} LACORR &#8211; Laboratório de Análise Conformacional e Recursos Renováveis Laboratório de pesquisa. Responsáveis: prof. Paulo Roberto de Oliveira e prof. Palimécio Gimenes Guerrero Jr .st0{fill:#19844E;} LSINCOL &#8211; Laboratório de Síntese de Compostos Orgânicos e Luminescentes Laboratório de pesquisa. Responsáveis: prof. Cristiane Pilissao, prof. Renata Adati .st0{fill:#19844E;}
