{"version":"1.0","provider_name":"DAQBi","provider_url":"https:\/\/utfpr.curitiba.br\/daqbi","author_name":"MAIARA SOARES DE CARVALHO","author_url":"https:\/\/utfpr.curitiba.br\/daqbi\/author\/a1102338\/","title":"Extens\u00e3o - DAQBi","type":"rich","width":600,"height":338,"html":"<blockquote class=\"wp-embedded-content\" data-secret=\"mdZR4BKbNz\"><a href=\"https:\/\/utfpr.curitiba.br\/daqbi\/extensao\/\">Extens\u00e3o<\/a><\/blockquote><iframe sandbox=\"allow-scripts\" security=\"restricted\" src=\"https:\/\/utfpr.curitiba.br\/daqbi\/extensao\/embed\/#?secret=mdZR4BKbNz\" width=\"600\" height=\"338\" title=\"&#8220;Extens\u00e3o&#8221; &#8212; DAQBi\" data-secret=\"mdZR4BKbNz\" frameborder=\"0\" marginwidth=\"0\" marginheight=\"0\" scrolling=\"no\" class=\"wp-embedded-content\"><\/iframe><script>\n\/*! This file is auto-generated *\/\n!function(d,l){\"use strict\";l.querySelector&&d.addEventListener&&\"undefined\"!=typeof URL&&(d.wp=d.wp||{},d.wp.receiveEmbedMessage||(d.wp.receiveEmbedMessage=function(e){var t=e.data;if((t||t.secret||t.message||t.value)&&!\/[^a-zA-Z0-9]\/.test(t.secret)){for(var s,r,n,a=l.querySelectorAll('iframe[data-secret=\"'+t.secret+'\"]'),o=l.querySelectorAll('blockquote[data-secret=\"'+t.secret+'\"]'),c=new RegExp(\"^https?:$\",\"i\"),i=0;i<o.length;i++)o[i].style.display=\"none\";for(i=0;i<a.length;i++)s=a[i],e.source===s.contentWindow&&(s.removeAttribute(\"style\"),\"height\"===t.message?(1e3<(r=parseInt(t.value,10))?r=1e3:~~r<200&&(r=200),s.height=r):\"link\"===t.message&&(r=new URL(s.getAttribute(\"src\")),n=new URL(t.value),c.test(n.protocol))&&n.host===r.host&&l.activeElement===s&&(d.top.location.href=t.value))}},d.addEventListener(\"message\",d.wp.receiveEmbedMessage,!1),l.addEventListener(\"DOMContentLoaded\",function(){for(var e,t,s=l.querySelectorAll(\"iframe.wp-embedded-content\"),r=0;r<s.length;r++)(t=(e=s[r]).getAttribute(\"data-secret\"))||(t=Math.random().toString(36).substring(2,12),e.src+=\"#?secret=\"+t,e.setAttribute(\"data-secret\",t)),e.contentWindow.postMessage({message:\"ready\",secret:t},\"*\")},!1)))}(window,document);\n\/\/# sourceURL=https:\/\/utfpr.curitiba.br\/daqbi\/wp-includes\/js\/wp-embed.min.js\n<\/script>\n","description":"A Extens\u00e3o Universit\u00e1ria \u00e9 o processo interdisciplinar, educativo, cultural, cient\u00edfico e pol\u00edtico que articula o Ensino e a Pesquisa de forma indissoci\u00e1vel e viabiliza a rela\u00e7\u00e3o transformadora entre universidade e sociedade. \u00c9 um canal de interlocu\u00e7\u00e3o entre a Sociedade e a Universidade, trazendo as demandas da popula\u00e7\u00e3o e os desafios colocados para o desenvolvimento do pa\u00eds para o centro da Pesquisa e desta para a sociedade. Nossos Projetos de Extens\u00e3o Ampliando os conhecimentos de jovens integrantes de movimento escoteiro O presente Projeto de Extens\u00e3o visa dar aos estudantes da UTFPR a inser\u00e7\u00e3o em um processo educativo e cient\u00edfico, a partir da atua\u00e7\u00e3o como parceiros em grupos escoteiros. O Movimento Escoteiro \u00e9 reconhecido mundialmente pela sua atua\u00e7\u00e3o na educa\u00e7\u00e3o de jovens a partir de adultos volunt\u00e1rios e qualificados. A parceria selada entre este Projeto e o Grupo Escoteiro S\u00e3o Judas Tadeu (GESJT) contribuir\u00e1 para a forma\u00e7\u00e3o desses jovens, tornando-os mais conscientes e cr\u00edticos no \u00e2mbito das habilidades trabalhadas, estimulando-os ao estudo e aperfei\u00e7oamento na \u00e1rea acad\u00eamica, enquanto que, os estudantes das UTFPR se beneficiar\u00e3o pelas vivencias realizadas nesse processo de integra\u00e7\u00e3o entre os diversos conhecimentos e saberes, permitindo com mais clareza a compreens\u00e3o dos conte\u00fados estudados na vida acad\u00eamica. Professores integrantes:\u00a0Maria Giovana Binder Pagnoncelli (coordenadora &#8211; DAQBi),\u00a0Jana Magaly Tesserolli De Souza,\u00a0Larissa Kummer,\u00a0Lucia Regina Rocha Martins,\u00a0Gustavo Henrique Couto,\u00a0Maurici Luzia Del Monego,\u00a0Thomaz Aur\u00e9lio Pagioro. BioTiba &#8211; Projetos de Biodiversidade O projeto tem o intuito de sensibilizar e informar a sociedade quanto \u00e0 import\u00e2ncia de conhecer a biodiversidade e de\u00a0adotar estrat\u00e9gias que conservem os servi\u00e7os ambientais fornecidos por ela. Por meio desde projeto, pretende-se\u00a0manter a UTFPR como institui\u00e7\u00e3o articuladora dos eventos Desafio da Natureza das Cidades (City Nature Challenge &#8211;\u00a0CNC) e Grande BioBlitz do Hemisf\u00e9rio Sul (Great Southern BioBlitz &#8211; GSB) na cidade de Curitiba e demais cidades da\u00a0regi\u00e3o metropolitana. Pretende-se, ainda, idealizar e organizar um evento similar no \u00e2mbito do estado do Paran\u00e1, para\u00a0que mais pessoas se sintam instigadas a ter um novo olhar sobre a biodiversidade e adotem uma postura ativa na\u00a0conserva\u00e7\u00e3o do meio ambiente. Al\u00e9m disso, o presente projeto se prop\u00f5em a apoiar e incentivar a cria\u00e7\u00e3o de projetos\u00a0de curta dura\u00e7\u00e3o em escolas, sedes de grupos escoteiros, entre outras institui\u00e7\u00f5es, buscando inventariar a\u00a0biodiversidade e informar sobre a sua import\u00e2ncia. Coordena\u00e7\u00e3o:\u00a0 Prof.\u00aa Jana Magaly Tesserolli de Souza\u00a0 (DAQBI) e\u00a0 Prof.\u00aa Larissa Kummer (DAQBI).Integrantes: Gustavo Henrique da Silva Ribeiro, Nathali Rebeca Freitas Fernandes, Andrielle Cristiane Zan\u00e3o, Giovana Polytito Cremasco e Erika Domaniski Dos Santos.\u00a0 https:\/\/www.youtube.com\/watch?v=ds-OIF0lkSQ Projeto Conex\u00e3o Ambiental Este projeto tem o intuito de promover a forma\u00e7\u00e3o complementar, te\u00f3rica e pr\u00e1tica, de estudantes de cursos t\u00e9cnicos na \u00e1rea de Meio Ambiente, preferencialmente oriundos de escolas p\u00fablicas, por meio de oficinas, palestras, debates e atividades pr\u00e1ticas. A iniciativa visa apoiar esses alunos na identifica\u00e7\u00e3o e desenvolvimento de solu\u00e7\u00f5es para desafios ambientais relevantes para suas realidades e comunidades. Coordena\u00e7\u00e3o: Prof.\u00aa \u00a0Adriane Martins de Freitas e Prof.\u00aa Lucila Adriani de Almeida Coral.Integrantes: Lucas Rodrigues Napo e Victor Augusto Leal Alonso Ser Ambiental &#8211; Educa\u00e7\u00e3o para a Sustentabilidade Este projeto tem o intuito de aplicar estrat\u00e9gias diversas na \u00e1rea de Educa\u00e7\u00e3o Ambiental para sensibilizar, informar e\/ou orientar a Comunidade sobre temas ambientais; gerar uma troca de saberes entre a Comunidade e a Universidade; contribuir para a solu\u00e7\u00e3o de problemas relacionados ao meio ambiente, sa\u00fade e sociedade. Pretende, ainda, proporcionar aos estudantes da disciplina de Educa\u00e7\u00e3o Ambiental, e tamb\u00e9m a outros estudantes que desejem participar do projeto como volunt\u00e1rios, a oportunidade de vivenciar a extens\u00e3o universit\u00e1ria e colocar em pr\u00e1tica a\u00e7\u00f5es educativas sobre temas contempor\u00e2neos na \u00e1rea de meio ambiente, sa\u00fade e sociedade. Coordena\u00e7\u00e3o: Prof.\u00aa Renata Ruaro e \u00a0Prof.\u00aa Jana Magaly Tesserolli de Souza (DAQBI).Integrantes: \u00a0Amanda Faleiro Oliveira, Shaiane Gabriela de Lima e Aline Fernandes Fran\u00e7a. M\u00eddias Sociais Como Ferramenta Extensionista O\u00a0projeto tem como objetivo geral usar as redes sociais para engajar os alunos, especialmentedos cursos de Engenharia Ambiental e Sanit\u00e1ria e Tecnologia em Processos Ambientais daUTFPR-CT, para que divulguem as oportunidades que estes cursos e \u00e1rea de atua\u00e7\u00e3o podemoferecer para a comunidade. Coordena\u00e7\u00e3o: Prof.\u00aa Larissa Kummer (DAQBI) e Prof.\u00aa Maurici Luzia Charnevski Del Monego (DAQBI).\u00a0\u00a0Integrantes: Anna Vitoria Cardoso Martins, Ana Luiza Baungart, Lucas Rodrigues Napo, Larissa Torres Diaz, Maiara Soares de Carvalho e Luiza Beatriz Spak Kubichen.\u00a0 O Mundo das Abelhas &#8211; Conhecer para proteger, apreciar para conservar! Levando em conta a necessidade urgente de se conservar as abelhas e que medidas amig\u00e1veis a elas precisam ser adotadas o quanto antes, este projeto se prop\u00f5e a sensibilizar crian\u00e7as, adolescentes e adultos acerca das import\u00e2ncias ecol\u00f3gica e econ\u00f4mica das abelhas e da necessidade de conserva\u00e7\u00e3o das diferentes esp\u00e9cies para manter um ecossistema equilibrado, que continue fornecendo servi\u00e7os \u00fateis ao bem-estar da popula\u00e7\u00e3o humana. Como objetivos espec\u00edficos, tem-se: disponibilizar iscas com atrativo para abelhas sem ferr\u00e3o nas sedes do Campus Curitiba; estabelecer um melipon\u00e1rio e um mini-hotel para abelhas na sede Ecoville; enriquecer a flora da sede Ecoville com esp\u00e9cies de plantas mel\u00edferas; montar cole\u00e7\u00e3o entomol\u00f3gica did\u00e1tica; confeccionar material did\u00e1tico sobre temas relacionados \u00e0s abelhas; oferecer oficinas para estudantes de escolas p\u00fablicas, funcion\u00e1rios terceirizados, idosos, grupos de escoteiros e\/ou membros da comunidade acad\u00eamica visando esclarecer d\u00favidas e ampliar o conhecimento acerca das abelhas. Coordena\u00e7\u00e3o: Prof.\u00aa\u00a0Jana Magaly Tesserolli de Souza (DAQBI) e Prof.\u00aa\u00a0Katia Regina Hopfer (DAGEE).Integrantes: Bruna Louise Dering, Jheymson Martins Farias, Caio Vitor de Souza, Eric Maciel da Silva, Caiene de Oliveira, Maria Eduarda Mercante de Souza, Kelven Gabriel de Azevedo da Concei\u00e7\u00e3o, Gabriela de Andrade Cruz Hein, Leonardo Jos\u00e9 Viginheski e Andrielle Cristine Zan\u00e3o. https:\/\/drive.google.com\/file\/d\/1bVIMizWMQCs0WdobXoyXUDLEeKLrcefY\/view#t=2 Meninas nas Ci\u00eancias O Projeto de extens\u00e3o &#8220;Meninas nas Ci\u00eancias&#8221; iniciou suas atividades no ano de 2019, antes recebia o nome \u201cOlimp\u00edada de Qu\u00edmica como estrat\u00e9gia para a inser\u00e7\u00e3o e manuten\u00e7\u00e3o de meninas nas \u00e1reas de ci\u00eancias exatas e suas tecnologias&#8221; foi inaugurado no dia 14 de Junho na Sede UTFPR Ecoville . O projeto visava instigar o interesse feminino pela \u00e1rea das ci\u00eancias exatas e suas tecnologias atrav\u00e9s da participa\u00e7\u00e3o nas Olimp\u00edadas de Qu\u00edmica. No novo per\u00edodo do projeto, os objetivos passaram a incluir alunos de escolas p\u00fablicas do ensino m\u00e9dio. Nesse momento o projeto recebe esses alunos na universidade para","thumbnail_url":"https:\/\/utfpr-ct-static-content.s3.amazonaws.com\/utfpr.curitiba.br\/wp-content\/uploads\/sites\/149\/2023\/08\/PHOTO-2023-08-02-16-27-25-1.jpg","thumbnail_width":1010,"thumbnail_height":466}

Extensão - DAQBi

<blockquote class="wp-embedded-content" data-secret="mdZR4BKbNz"><a href="https://utfpr.curitiba.br/daqbi/extensao/">Extensão</a></blockquote><iframe sandbox="allow-scripts" security="restricted" src="https://utfpr.curitiba.br/daqbi/extensao/embed/#?secret=mdZR4BKbNz" width="600" height="338" title="&#8220;Extensão&#8221; &#8212; DAQBi" data-secret="mdZR4BKbNz" frameborder="0" marginwidth="0" marginheight="0" scrolling="no" class="wp-embedded-content"></iframe><script>
/*! This file is auto-generated */
!function(d,l){"use strict";l.querySelector&&d.addEventListener&&"undefined"!=typeof URL&&(d.wp=d.wp||{},d.wp.receiveEmbedMessage||(d.wp.receiveEmbedMessage=function(e){var t=e.data;if((t||t.secret||t.message||t.value)&&!/[^a-zA-Z0-9]/.test(t.secret)){for(var s,r,n,a=l.querySelectorAll('iframe[data-secret="'+t.secret+'"]'),o=l.querySelectorAll('blockquote[data-secret="'+t.secret+'"]'),c=new RegExp("^https?:$","i"),i=0;i<o.length;i++)o[i].style.display="none";for(i=0;i<a.length;i++)s=a[i],e.source===s.contentWindow&&(s.removeAttribute("style"),"height"===t.message?(1e3<(r=parseInt(t.value,10))?r=1e3:~~r<200&&(r=200),s.height=r):"link"===t.message&&(r=new URL(s.getAttribute("src")),n=new URL(t.value),c.test(n.protocol))&&n.host===r.host&&l.activeElement===s&&(d.top.location.href=t.value))}},d.addEventListener("message",d.wp.receiveEmbedMessage,!1),l.addEventListener("DOMContentLoaded",function(){for(var e,t,s=l.querySelectorAll("iframe.wp-embedded-content"),r=0;r<s.length;r++)(t=(e=s[r]).getAttribute("data-secret"))||(t=Math.random().toString(36).substring(2,12),e.src+="#?secret="+t,e.setAttribute("data-secret",t)),e.contentWindow.postMessage({message:"ready",secret:t},"*")},!1)))}(window,document);
//# sourceURL=https://utfpr.curitiba.br/daqbi/wp-includes/js/wp-embed.min.js
</script>

A Extensão Universitária é o processo interdisciplinar, educativo, cultural, científico e político que articula o Ensino e a Pesquisa de forma indissociável e viabiliza a relação transformadora entre universidade e sociedade. É um canal de interlocução entre a Sociedade e a Universidade, trazendo as demandas da população e os desafios colocados para o desenvolvimento do país para o centro da Pesquisa e desta para a sociedade. Nossos Projetos de Extensão Ampliando os conhecimentos de jovens integrantes de movimento escoteiro O presente Projeto de Extensão visa dar aos estudantes da UTFPR a inserção em um processo educativo e científico, a partir da atuação como parceiros em grupos escoteiros. O Movimento Escoteiro é reconhecido mundialmente pela sua atuação na educação de jovens a partir de adultos voluntários e qualificados. A parceria selada entre este Projeto e o Grupo Escoteiro São Judas Tadeu (GESJT) contribuirá para a formação desses jovens, tornando-os mais conscientes e críticos no âmbito das habilidades trabalhadas, estimulando-os ao estudo e aperfeiçoamento na área acadêmica, enquanto que, os estudantes das UTFPR se beneficiarão pelas vivencias realizadas nesse processo de integração entre os diversos conhecimentos e saberes, permitindo com mais clareza a compreensão dos conteúdos estudados na vida acadêmica. Professores integrantes: Maria Giovana Binder Pagnoncelli (coordenadora &#8211; DAQBi), Jana Magaly Tesserolli De Souza, Larissa Kummer, Lucia Regina Rocha Martins, Gustavo Henrique Couto, Maurici Luzia Del Monego, Thomaz Aurélio Pagioro. BioTiba &#8211; Projetos de Biodiversidade O projeto tem o intuito de sensibilizar e informar a sociedade quanto à importância de conhecer a biodiversidade e de adotar estratégias que conservem os serviços ambientais fornecidos por ela. Por meio desde projeto, pretende-se manter a UTFPR como instituição articuladora dos eventos Desafio da Natureza das Cidades (City Nature Challenge &#8211; CNC) e Grande BioBlitz do Hemisfério Sul (Great Southern BioBlitz &#8211; GSB) na cidade de Curitiba e demais cidades da região metropolitana. Pretende-se, ainda, idealizar e organizar um evento similar no âmbito do estado do Paraná, para que mais pessoas se sintam instigadas a ter um novo olhar sobre a biodiversidade e adotem uma postura ativa na conservação do meio ambiente. Além disso, o presente projeto se propõem a apoiar e incentivar a criação de projetos de curta duração em escolas, sedes de grupos escoteiros, entre outras instituições, buscando inventariar a biodiversidade e informar sobre a sua importância. Coordenação:  Prof.ª Jana Magaly Tesserolli de Souza  (DAQBI) e  Prof.ª Larissa Kummer (DAQBI).Integrantes: Gustavo Henrique da Silva Ribeiro, Nathali Rebeca Freitas Fernandes, Andrielle Cristiane Zanão, Giovana Polytito Cremasco e Erika Domaniski Dos Santos.  https://www.youtube.com/watch?v=ds-OIF0lkSQ Projeto Conexão Ambiental Este projeto tem o intuito de promover a formação complementar, teórica e prática, de estudantes de cursos técnicos na área de Meio Ambiente, preferencialmente oriundos de escolas públicas, por meio de oficinas, palestras, debates e atividades práticas. A iniciativa visa apoiar esses alunos na identificação e desenvolvimento de soluções para desafios ambientais relevantes para suas realidades e comunidades. Coordenação: Prof.ª  Adriane Martins de Freitas e Prof.ª Lucila Adriani de Almeida Coral.Integrantes: Lucas Rodrigues Napo e Victor Augusto Leal Alonso Ser Ambiental &#8211; Educação para a Sustentabilidade Este projeto tem o intuito de aplicar estratégias diversas na área de Educação Ambiental para sensibilizar, informar e/ou orientar a Comunidade sobre temas ambientais; gerar uma troca de saberes entre a Comunidade e a Universidade; contribuir para a solução de problemas relacionados ao meio ambiente, saúde e sociedade. Pretende, ainda, proporcionar aos estudantes da disciplina de Educação Ambiental, e também a outros estudantes que desejem participar do projeto como voluntários, a oportunidade de vivenciar a extensão universitária e colocar em prática ações educativas sobre temas contemporâneos na área de meio ambiente, saúde e sociedade. Coordenação: Prof.ª Renata Ruaro e  Prof.ª Jana Magaly Tesserolli de Souza (DAQBI).Integrantes:  Amanda Faleiro Oliveira, Shaiane Gabriela de Lima e Aline Fernandes França. Mídias Sociais Como Ferramenta Extensionista O projeto tem como objetivo geral usar as redes sociais para engajar os alunos, especialmentedos cursos de Engenharia Ambiental e Sanitária e Tecnologia em Processos Ambientais daUTFPR-CT, para que divulguem as oportunidades que estes cursos e área de atuação podemoferecer para a comunidade. Coordenação: Prof.ª Larissa Kummer (DAQBI) e Prof.ª Maurici Luzia Charnevski Del Monego (DAQBI).  Integrantes: Anna Vitoria Cardoso Martins, Ana Luiza Baungart, Lucas Rodrigues Napo, Larissa Torres Diaz, Maiara Soares de Carvalho e Luiza Beatriz Spak Kubichen.  O Mundo das Abelhas &#8211; Conhecer para proteger, apreciar para conservar! Levando em conta a necessidade urgente de se conservar as abelhas e que medidas amigáveis a elas precisam ser adotadas o quanto antes, este projeto se propõe a sensibilizar crianças, adolescentes e adultos acerca das importâncias ecológica e econômica das abelhas e da necessidade de conservação das diferentes espécies para manter um ecossistema equilibrado, que continue fornecendo serviços úteis ao bem-estar da população humana. Como objetivos específicos, tem-se: disponibilizar iscas com atrativo para abelhas sem ferrão nas sedes do Campus Curitiba; estabelecer um meliponário e um mini-hotel para abelhas na sede Ecoville; enriquecer a flora da sede Ecoville com espécies de plantas melíferas; montar coleção entomológica didática; confeccionar material didático sobre temas relacionados às abelhas; oferecer oficinas para estudantes de escolas públicas, funcionários terceirizados, idosos, grupos de escoteiros e/ou membros da comunidade acadêmica visando esclarecer dúvidas e ampliar o conhecimento acerca das abelhas. Coordenação: Prof.ª Jana Magaly Tesserolli de Souza (DAQBI) e Prof.ª Katia Regina Hopfer (DAGEE).Integrantes: Bruna Louise Dering, Jheymson Martins Farias, Caio Vitor de Souza, Eric Maciel da Silva, Caiene de Oliveira, Maria Eduarda Mercante de Souza, Kelven Gabriel de Azevedo da Conceição, Gabriela de Andrade Cruz Hein, Leonardo José Viginheski e Andrielle Cristine Zanão. https://drive.google.com/file/d/1bVIMizWMQCs0WdobXoyXUDLEeKLrcefY/view#t=2 Meninas nas Ciências O Projeto de extensão &#8220;Meninas nas Ciências&#8221; iniciou suas atividades no ano de 2019, antes recebia o nome “Olimpíada de Química como estratégia para a inserção e manutenção de meninas nas áreas de ciências exatas e suas tecnologias&#8221; foi inaugurado no dia 14 de Junho na Sede UTFPR Ecoville . O projeto visava instigar o interesse feminino pela área das ciências exatas e suas tecnologias através da participação nas Olimpíadas de Química. No novo período do projeto, os objetivos passaram a incluir alunos de escolas públicas do ensino médio. Nesse momento o projeto recebe esses alunos na universidade para
