{"id":2654,"date":"2024-02-08T22:31:40","date_gmt":"2024-02-09T01:31:40","guid":{"rendered":"https:\/\/utfpr.curitiba.br\/damec\/?page_id=2654"},"modified":"2025-06-12T08:54:49","modified_gmt":"2025-06-12T11:54:49","slug":"prof-moises-alves-marcelino-neto","status":"publish","type":"page","link":"https:\/\/utfpr.curitiba.br\/damec\/?page_id=2654","title":{"rendered":"PROF. MOISES ALVES MARCELINO NETO"},"content":{"rendered":"\t\t<div data-elementor-type=\"wp-page\" data-elementor-id=\"2654\" class=\"elementor elementor-2654\">\n\t\t\t\t\t\t<section class=\"elementor-section elementor-top-section elementor-element elementor-element-64cd813b elementor-section-boxed elementor-section-height-default elementor-section-height-default\" data-id=\"64cd813b\" data-element_type=\"section\" data-e-type=\"section\">\n\t\t\t\t\t\t<div class=\"elementor-container elementor-column-gap-default\">\n\t\t\t\t\t<div class=\"elementor-column elementor-col-100 elementor-top-column elementor-element elementor-element-7a88db9b\" data-id=\"7a88db9b\" data-element_type=\"column\" data-e-type=\"column\">\n\t\t\t<div class=\"elementor-widget-wrap elementor-element-populated\">\n\t\t\t\t\t\t<div class=\"elementor-element elementor-element-5e0bc775 elementor-widget elementor-widget-text-editor\" data-id=\"5e0bc775\" data-element_type=\"widget\" data-e-type=\"widget\" data-widget_type=\"text-editor.default\">\n\t\t\t\t<div class=\"elementor-widget-container\">\n\t\t\t\t\t\t\t\t\t<div class=\"wp-block-group has-background\" style=\"border-style: none;border-width: 0px;border-radius: 10px;background: linear-gradient(135deg,#08753a 0%,#22bb64 100%);padding: 15px\">\n<p><\/p>\n<h1 class=\"wp-block-heading has-white-color has-text-color\">PROF. DR. MOISES ALVES MARCELINO NETO<\/h1>\n<p><\/p>\n<h3 class=\"wp-block-heading has-white-color has-text-color\">Professor Titular<\/h3>\n<p><\/p>\n<\/div>\n<p><!-- \/wp:group --><!-- wp:spacer {\"height\":\"50px\"} --><\/p>\n<div class=\"wp-block-spacer\" style=\"height: 50px\" aria-hidden=\"true\">&nbsp;<\/div>\n<div class=\"wp-block-columns\">\n<div class=\"wp-block-column\" style=\"flex-basis: 33.33%\">\n<p><!-- wp:image {\"id\":1531,\"sizeSlug\":\"full\",\"linkDestination\":\"none\",\"style\":{\"border\":{\"radius\":\"0px\"}},\"className\":\"is-style-rounded\"} --><\/p>\n<figure class=\"wp-block-image size-full has-custom-border is-style-rounded\"><img fetchpriority=\"high\" decoding=\"async\" class=\"alignleft wp-image-2656\" style=\"border-radius: 0px\" src=\"https:\/\/utfpr-ct-static-content.s3.amazonaws.com\/utfpr.curitiba.br\/wp-content\/uploads\/sites\/67\/2024\/02\/PROF.-DR.-MOISES-ALVES-MARCELINO-NETO.png\" alt=\"\" width=\"300\" height=\"405\"><\/figure>\n<p><!-- \/wp:image --><\/p>\n<\/div>\n<p><!-- \/wp:spacer --><!-- wp:column {\"width\":\"66.66%\"} --><\/p>\n<div class=\"wp-block-column\" style=\"flex-basis: 66.66%\">\n<p><!-- wp:heading {\"style\":{\"color\":{\"text\":\"#08753a\"}}} --><\/p>\n<h2 class=\"wp-block-heading has-text-color\" style=\"color: #08753a\">Sobre<\/h2>\n<p><!-- \/wp:heading --><!-- wp:paragraph {\"fontSize\":\"medium\"} --><\/p>\n<p class=\"has-medium-font-size\">Engenheiro Mec\u00e2nico &#8211; UFC (2003)<br>Mestre em Engenharia Mec\u00e2nica &#8211; UFSC (2006)<br>Doutor em Engenharia Mec\u00e2nica &#8211; UFSC (2011)<\/p>\n<p><!-- \/wp:paragraph --><!-- wp:paragraph {\"fontSize\":\"medium\"} --><\/p>\n<p class=\"has-medium-font-size\" style=\"text-align: justify\">Graduado em Engenharia Mec\u00e2nica pela Universidade Federal do Cear\u00e1 (2003), mestrado em Engenharia Mec\u00e2nica pela Universidade Federal de Santa Catarina (2006) e doutorado em Engenharia Mec\u00e2nica pela Universidade Federal de Santa Catarina (2011). Atualmente \u00e9 Professor Adjunto A na Universidade Tecnol\u00f3gica Federal do Paran\u00e1 (UTFPR). Pesquisa na \u00e1rea de Engenharia e Ci\u00eancias T\u00e9rmicas, principalmente em Termodin\u00e2mica de Misturas, atuando nos seguintes temas: Equil\u00edbrio de Fases, Garantia de Escoamento, Hidratos, Parafinas e Propriedades Termof\u00edsicas e Termodin\u00e2micas.<\/p>\n<\/div>\n<\/div>\n<p><!-- \/wp:paragraph --><!-- wp:group {\"align\":\"full\",\"layout\":{\"inherit\":true,\"type\":\"constrained\"}} --><\/p>\n<div class=\"wp-block-group alignfull\">\n<p><!-- wp:columns {\"verticalAlignment\":\"center\"} --><\/p>\n<div class=\"wp-block-columns are-vertically-aligned-center\">\n<p><!-- wp:column {\"verticalAlignment\":\"center\"} --><\/p>\n<div class=\"wp-block-column is-vertically-aligned-center\">\n<p><!-- wp:paragraph {\"align\":\"center\",\"style\":{\"color\":{\"text\":\"#08753a\"}},\"fontSize\":\"medium\"} --><\/p>\n<p class=\"has-text-align-center has-text-color has-medium-font-size\" style=\"color: #08753a\"><strong>E-Mail<\/strong><\/p>\n<p><!-- \/wp:paragraph --><\/p>\n<\/div>\n<p><!-- \/wp:column --><!-- wp:column {\"verticalAlignment\":\"center\"} --><\/p>\n<div class=\"wp-block-column is-vertically-aligned-center\">\n<p><!-- wp:paragraph {\"align\":\"center\",\"fontSize\":\"medium\"} --><\/p>\n<p class=\"has-text-align-center has-medium-font-size\">mneto@utfpr.edu.br<\/p>\n<p><!-- \/wp:paragraph --><\/p>\n<\/div>\n<p><!-- \/wp:column --><\/p>\n<\/div>\n<p><!-- \/wp:columns --><!-- wp:columns --><\/p>\n<div class=\"wp-block-columns\">\n<p><!-- wp:column --><\/p>\n<div class=\"wp-block-column\">\n<p><!-- wp:paragraph {\"align\":\"center\",\"style\":{\"color\":{\"text\":\"#08753a\"}},\"fontSize\":\"medium\"} --><\/p>\n<p class=\"has-text-align-center has-text-color has-medium-font-size\" style=\"color: #08753a\"><strong>Sala<\/strong><\/p>\n<p><!-- \/wp:paragraph --><\/p>\n<\/div>\n<p><!-- \/wp:column --><!-- wp:column --><\/p>\n<div class=\"wp-block-column\">\n<p><!-- wp:paragraph {\"align\":\"center\",\"fontSize\":\"medium\"} --><\/p>\n<p class=\"has-text-align-center has-medium-font-size\">Sede Ecoville Bloco N &#8211; 309<\/p>\n<p><!-- \/wp:paragraph --><\/p>\n<\/div>\n<p><!-- \/wp:column --><\/p>\n<\/div>\n<p><!-- \/wp:columns --><!-- wp:columns {\"verticalAlignment\":\"center\"} --><\/p>\n<div class=\"wp-block-columns are-vertically-aligned-center\">\n<p><!-- wp:column {\"verticalAlignment\":\"center\"} --><\/p>\n<div class=\"wp-block-column is-vertically-aligned-center\">\n<p><!-- wp:paragraph {\"align\":\"center\",\"style\":{\"color\":{\"text\":\"#08753a\"}},\"fontSize\":\"medium\"} --><\/p>\n<p class=\"has-text-align-center has-text-color has-medium-font-size\" style=\"color: #08753a\"><strong>\u00c1rea<\/strong><\/p>\n<p><!-- \/wp:paragraph --><\/p>\n<\/div>\n<p><!-- \/wp:column --><!-- wp:column {\"verticalAlignment\":\"center\"} --><\/p>\n<div class=\"wp-block-column is-vertically-aligned-center\">\n<p class=\"has-text-align-center has-medium-font-size\">T\u00e9rmica<\/p>\n<\/div>\n<p><!-- \/wp:column --><\/p>\n<\/div>\n<p><!-- \/wp:columns --><\/p>\n<\/div>\n<p><!-- \/wp:group --><!-- wp:separator {\"className\":\"is-style-wide\"} --><\/p>\n<hr class=\"wp-block-separator has-alpha-channel-opacity is-style-wide\">\n<p><!-- \/wp:separator --><!-- wp:heading {\"textAlign\":\"center\",\"style\":{\"color\":{\"text\":\"#08753a\"}}} --><\/p>\n<h2 class=\"wp-block-heading has-text-align-center has-text-color\" style=\"color: #08753a\">Disciplinas Lecionadas<\/h2>\n<p><!-- \/wp:heading --><!-- wp:paragraph {\"align\":\"center\",\"fontSize\":\"medium\"} --><\/p>\n<p class=\"has-text-align-center has-medium-font-size\">M\u00e1quinas de Fluxo (ME7AM &#8211; S01)<br>Termodin\u00e2mica 1 (MEC74E &#8211; S41)<\/p>\n<p><!-- \/wp:paragraph --><!-- wp:separator {\"className\":\"is-style-wide\"} --><\/p>\n<hr class=\"wp-block-separator has-alpha-channel-opacity is-style-wide\">\n<p><!-- \/wp:separator --><\/p>\n<p><!-- wp:heading {\"textAlign\":\"center\",\"style\":{\"color\":{\"text\":\"#08753a\"}}} --><\/p>\n<h2 class=\"wp-block-heading has-text-align-center has-text-color\" style=\"color: #08753a\">Curr\u00edculo Lattes<\/h2>\n<p><!-- \/wp:heading --><!-- wp:paragraph {\"align\":\"center\",\"fontSize\":\"medium\"} --><\/p>\n<p class=\"has-text-align-center has-medium-font-size\"><a href=\"http:\/\/lattes.cnpq.br\/2071333457212415\">Clique aqui para ser redirecionado \u00e0 Plataforma Lattes<\/a><\/p>\n<p><!-- \/wp:paragraph --><\/p>\n<p><!-- \/wp:column --><\/p>\t\t\t\t\t\t\t\t<\/div>\n\t\t\t\t<\/div>\n\t\t\t\t\t<\/div>\n\t\t<\/div>\n\t\t\t\t\t<\/div>\n\t\t<\/section>\n\t\t\t\t<\/div>\n\t\t","protected":false},"excerpt":{"rendered":"<p>PROF. DR. MOISES ALVES MARCELINO NETO Professor Titular &nbsp; Sobre Engenheiro Mec\u00e2nico &#8211; UFC (2003)Mestre em Engenharia Mec\u00e2nica &#8211; UFSC<\/p>\n","protected":false},"author":284,"featured_media":0,"parent":0,"menu_order":0,"comment_status":"closed","ping_status":"closed","template":"","meta":{"colormag_page_container_layout":"default_layout","colormag_page_sidebar_layout":"default_layout","footnotes":""},"class_list":["post-2654","page","type-page","status-publish","hentry"],"_links":{"self":[{"href":"https:\/\/utfpr.curitiba.br\/damec\/index.php?rest_route=\/wp\/v2\/pages\/2654","targetHints":{"allow":["GET"]}}],"collection":[{"href":"https:\/\/utfpr.curitiba.br\/damec\/index.php?rest_route=\/wp\/v2\/pages"}],"about":[{"href":"https:\/\/utfpr.curitiba.br\/damec\/index.php?rest_route=\/wp\/v2\/types\/page"}],"author":[{"embeddable":true,"href":"https:\/\/utfpr.curitiba.br\/damec\/index.php?rest_route=\/wp\/v2\/users\/284"}],"replies":[{"embeddable":true,"href":"https:\/\/utfpr.curitiba.br\/damec\/index.php?rest_route=%2Fwp%2Fv2%2Fcomments&post=2654"}],"version-history":[{"count":10,"href":"https:\/\/utfpr.curitiba.br\/damec\/index.php?rest_route=\/wp\/v2\/pages\/2654\/revisions"}],"predecessor-version":[{"id":3315,"href":"https:\/\/utfpr.curitiba.br\/damec\/index.php?rest_route=\/wp\/v2\/pages\/2654\/revisions\/3315"}],"wp:attachment":[{"href":"https:\/\/utfpr.curitiba.br\/damec\/index.php?rest_route=%2Fwp%2Fv2%2Fmedia&parent=2654"}],"curies":[{"name":"wp","href":"https:\/\/api.w.org\/{rel}","templated":true}]}}

<div data-elementor-type="wp-page" data-elementor-id="2654" class="elementor elementor-2654">
						<section class="elementor-section elementor-top-section elementor-element elementor-element-64cd813b elementor-section-boxed elementor-section-height-default elementor-section-height-default" data-id="64cd813b" data-element_type="section" data-e-type="section">
						<div class="elementor-container elementor-column-gap-default">
					<div class="elementor-column elementor-col-100 elementor-top-column elementor-element elementor-element-7a88db9b" data-id="7a88db9b" data-element_type="column" data-e-type="column">
			<div class="elementor-widget-wrap elementor-element-populated">
						<div class="elementor-element elementor-element-5e0bc775 elementor-widget elementor-widget-text-editor" data-id="5e0bc775" data-element_type="widget" data-e-type="widget" data-widget_type="text-editor.default">
				<div class="elementor-widget-container">
									<div class="wp-block-group has-background" style="border-style: none;border-width: 0px;border-radius: 10px;background: linear-gradient(135deg,#08753a 0%,#22bb64 100%);padding: 15px">
<p></p>
<h1 class="wp-block-heading has-white-color has-text-color">PROF. DR. MOISES ALVES MARCELINO NETO</h1>
<p></p>
<h3 class="wp-block-heading has-white-color has-text-color">Professor Titular</h3>
<p></p>
</div>
<p><!-- /wp:group --><!-- wp:spacer {"height":"50px"} --></p>
<div class="wp-block-spacer" style="height: 50px" aria-hidden="true">&nbsp;</div>
<div class="wp-block-columns">
<div class="wp-block-column" style="flex-basis: 33.33%">
<p><!-- wp:image {"id":1531,"sizeSlug":"full","linkDestination":"none","style":{"border":{"radius":"0px"}},"className":"is-style-rounded"} --></p>
<figure class="wp-block-image size-full has-custom-border is-style-rounded"><img fetchpriority="high" decoding="async" class="alignleft wp-image-2656" style="border-radius: 0px" src="https://utfpr-ct-static-content.s3.amazonaws.com/utfpr.curitiba.br/wp-content/uploads/sites/67/2024/02/PROF.-DR.-MOISES-ALVES-MARCELINO-NETO.png" alt="" width="300" height="405"></figure>
<p><!-- /wp:image --></p>
</div>
<p><!-- /wp:spacer --><!-- wp:column {"width":"66.66%"} --></p>
<div class="wp-block-column" style="flex-basis: 66.66%">
<p><!-- wp:heading {"style":{"color":{"text":"#08753a"}}} --></p>
<h2 class="wp-block-heading has-text-color" style="color: #08753a">Sobre</h2>
<p><!-- /wp:heading --><!-- wp:paragraph {"fontSize":"medium"} --></p>
<p class="has-medium-font-size">Engenheiro Mecânico &#8211; UFC (2003)<br>Mestre em Engenharia Mecânica &#8211; UFSC (2006)<br>Doutor em Engenharia Mecânica &#8211; UFSC (2011)</p>
<p><!-- /wp:paragraph --><!-- wp:paragraph {"fontSize":"medium"} --></p>
<p class="has-medium-font-size" style="text-align: justify">Graduado em Engenharia Mecânica pela Universidade Federal do Ceará (2003), mestrado em Engenharia Mecânica pela Universidade Federal de Santa Catarina (2006) e doutorado em Engenharia Mecânica pela Universidade Federal de Santa Catarina (2011). Atualmente é Professor Adjunto A na Universidade Tecnológica Federal do Paraná (UTFPR). Pesquisa na área de Engenharia e Ciências Térmicas, principalmente em Termodinâmica de Misturas, atuando nos seguintes temas: Equilíbrio de Fases, Garantia de Escoamento, Hidratos, Parafinas e Propriedades Termofísicas e Termodinâmicas.</p>
</div>
</div>
<p><!-- /wp:paragraph --><!-- wp:group {"align":"full","layout":{"inherit":true,"type":"constrained"}} --></p>
<div class="wp-block-group alignfull">
<p><!-- wp:columns {"verticalAlignment":"center"} --></p>
<div class="wp-block-columns are-vertically-aligned-center">
<p><!-- wp:column {"verticalAlignment":"center"} --></p>
<div class="wp-block-column is-vertically-aligned-center">
<p><!-- wp:paragraph {"align":"center","style":{"color":{"text":"#08753a"}},"fontSize":"medium"} --></p>
<p class="has-text-align-center has-text-color has-medium-font-size" style="color: #08753a"><strong>E-Mail</strong></p>
<p><!-- /wp:paragraph --></p>
</div>
<p><!-- /wp:column --><!-- wp:column {"verticalAlignment":"center"} --></p>
<div class="wp-block-column is-vertically-aligned-center">
<p><!-- wp:paragraph {"align":"center","fontSize":"medium"} --></p>
<p class="has-text-align-center has-medium-font-size">mneto@utfpr.edu.br</p>
<p><!-- /wp:paragraph --></p>
</div>
<p><!-- /wp:column --></p>
</div>
<p><!-- /wp:columns --><!-- wp:columns --></p>
<div class="wp-block-columns">
<p><!-- wp:column --></p>
<div class="wp-block-column">
<p><!-- wp:paragraph {"align":"center","style":{"color":{"text":"#08753a"}},"fontSize":"medium"} --></p>
<p class="has-text-align-center has-text-color has-medium-font-size" style="color: #08753a"><strong>Sala</strong></p>
<p><!-- /wp:paragraph --></p>
</div>
<p><!-- /wp:column --><!-- wp:column --></p>
<div class="wp-block-column">
<p><!-- wp:paragraph {"align":"center","fontSize":"medium"} --></p>
<p class="has-text-align-center has-medium-font-size">Sede Ecoville Bloco N &#8211; 309</p>
<p><!-- /wp:paragraph --></p>
</div>
<p><!-- /wp:column --></p>
</div>
<p><!-- /wp:columns --><!-- wp:columns {"verticalAlignment":"center"} --></p>
<div class="wp-block-columns are-vertically-aligned-center">
<p><!-- wp:column {"verticalAlignment":"center"} --></p>
<div class="wp-block-column is-vertically-aligned-center">
<p><!-- wp:paragraph {"align":"center","style":{"color":{"text":"#08753a"}},"fontSize":"medium"} --></p>
<p class="has-text-align-center has-text-color has-medium-font-size" style="color: #08753a"><strong>Área</strong></p>
<p><!-- /wp:paragraph --></p>
</div>
<p><!-- /wp:column --><!-- wp:column {"verticalAlignment":"center"} --></p>
<div class="wp-block-column is-vertically-aligned-center">
<p class="has-text-align-center has-medium-font-size">Térmica</p>
</div>
<p><!-- /wp:column --></p>
</div>
<p><!-- /wp:columns --></p>
</div>
<p><!-- /wp:group --><!-- wp:separator {"className":"is-style-wide"} --></p>
<hr class="wp-block-separator has-alpha-channel-opacity is-style-wide">
<p><!-- /wp:separator --><!-- wp:heading {"textAlign":"center","style":{"color":{"text":"#08753a"}}} --></p>
<h2 class="wp-block-heading has-text-align-center has-text-color" style="color: #08753a">Disciplinas Lecionadas</h2>
<p><!-- /wp:heading --><!-- wp:paragraph {"align":"center","fontSize":"medium"} --></p>
<p class="has-text-align-center has-medium-font-size">Máquinas de Fluxo (ME7AM &#8211; S01)<br>Termodinâmica 1 (MEC74E &#8211; S41)</p>
<p><!-- /wp:paragraph --><!-- wp:separator {"className":"is-style-wide"} --></p>
<hr class="wp-block-separator has-alpha-channel-opacity is-style-wide">
<p><!-- /wp:separator --></p>
<p><!-- wp:heading {"textAlign":"center","style":{"color":{"text":"#08753a"}}} --></p>
<h2 class="wp-block-heading has-text-align-center has-text-color" style="color: #08753a">Currículo Lattes</h2>
<p><!-- /wp:heading --><!-- wp:paragraph {"align":"center","fontSize":"medium"} --></p>
<p class="has-text-align-center has-medium-font-size"><a href="http://lattes.cnpq.br/2071333457212415">Clique aqui para ser redirecionado à Plataforma Lattes</a></p>
<p><!-- /wp:paragraph --></p>
<p><!-- /wp:column --></p>								</div>
				</div>
					</div>
		</div>
					</div>
		</section>
				</div>

<p>PROF. DR. MOISES ALVES MARCELINO NETO Professor Titular &nbsp; Sobre Engenheiro Mecânico &#8211; UFC (2003)Mestre em Engenharia Mecânica &#8211; UFSC</p>
