{"id":2574,"date":"2024-02-08T20:52:56","date_gmt":"2024-02-08T23:52:56","guid":{"rendered":"https:\/\/utfpr.curitiba.br\/damec\/?page_id=2574"},"modified":"2024-02-08T20:59:22","modified_gmt":"2024-02-08T23:59:22","slug":"prof-marco-antonio-luersen","status":"publish","type":"page","link":"https:\/\/utfpr.curitiba.br\/damec\/?page_id=2574","title":{"rendered":"PROF. MARCO ANTONIO LUERSEN"},"content":{"rendered":"\t\t<div data-elementor-type=\"wp-page\" data-elementor-id=\"2574\" class=\"elementor elementor-2574\">\n\t\t\t\t\t\t<section class=\"elementor-section elementor-top-section elementor-element elementor-element-5def288b elementor-section-boxed elementor-section-height-default elementor-section-height-default\" data-id=\"5def288b\" data-element_type=\"section\" data-e-type=\"section\">\n\t\t\t\t\t\t<div class=\"elementor-container elementor-column-gap-default\">\n\t\t\t\t\t<div class=\"elementor-column elementor-col-100 elementor-top-column elementor-element elementor-element-371f5167\" data-id=\"371f5167\" data-element_type=\"column\" data-e-type=\"column\">\n\t\t\t<div class=\"elementor-widget-wrap elementor-element-populated\">\n\t\t\t\t\t\t<div class=\"elementor-element elementor-element-2bbd91f9 elementor-widget elementor-widget-text-editor\" data-id=\"2bbd91f9\" data-element_type=\"widget\" data-e-type=\"widget\" data-widget_type=\"text-editor.default\">\n\t\t\t\t<div class=\"elementor-widget-container\">\n\t\t\t\t\t\t\t\t\t<p><\/p>\n<div class=\"wp-block-group has-background is-vertical is-content-justification-left is-layout-flex wp-container-core-group-is-layout-a2dc6e3f wp-block-group-is-layout-flex\" style=\"border-style: none;border-width: 0px;border-radius: 10px;background: linear-gradient(135deg,#08753a 0%,#22bb64 100%);padding: 15px\">\n<p><\/p>\n<h1 class=\"wp-block-heading has-white-color has-text-color\">PROF. DR. MARCO ANTONIO LUERSEN<\/h1>\n<p><\/p>\n<h3 class=\"wp-block-heading has-white-color has-text-color\">Professor Titular<\/h3>\n<p><\/p>\n<\/div>\n<p><\/p>\n<div class=\"wp-block-spacer\" style=\"height: 50px\" aria-hidden=\"true\"><br><br><\/div><div class=\"wp-block-columns\">\n<div class=\"wp-block-column\" style=\"flex-basis: 33.33%\">\n<p><\/p>\n<figure class=\"wp-block-image size-full has-custom-border is-style-rounded\"><img fetchpriority=\"high\" decoding=\"async\" class=\"alignleft wp-image-2576\" style=\"border-radius: 0px\" src=\"https:\/\/utfpr-ct-static-content.s3.amazonaws.com\/utfpr.curitiba.br\/wp-content\/uploads\/sites\/67\/2024\/02\/PROF.-DR.-MARCO-ANTONIO-LUERSEN.png\" alt=\"\" width=\"300\" height=\"401\"><\/figure>\n<p><\/p>\n<\/div>\n<p><\/p>\n<div class=\"wp-block-column is-layout-flow wp-block-column-is-layout-flow\" style=\"flex-basis: 66.66%\">\n<p><\/p>\n<h2 class=\"wp-block-heading has-text-color\" style=\"color: #08753a\">Sobre<\/h2>\n<p><\/p>\n<p class=\"has-medium-font-size\">Engenheiro Mec\u00e2nico &#8211; UFSC (1990)<br>Mestre em Engenharia Mec\u00e2nica &#8211; UFSC (1993)<br>Doutor em Ci\u00eancia da Engenharia Mec\u00e2nica &#8211; INSA DE ROUEN (2004)<\/p>\n<p><\/p>\n<p class=\"has-medium-font-size\" style=\"text-align: justify\">Graduado em Engenharia Mec\u00e2nica pela Universidade Federal de Santa Catarina (UFSC-1990), mestrado em Engenharia Mec\u00e2nica por essa mesma universidade (1994) e doutorado em Sciences de l&#8217;Ing\u00e9nieur &#8211; Discipline M\u00e9canique &#8211; pelo Institut National des Sciences Appliqu\u00e9es de Rouen (INSA de Rouen &#8211; Fran\u00e7a &#8211; 2004). De junho\/2013 a maio\/2014 realizou est\u00e1gio p\u00f3s-doutoral (visiting research scholar) no Instituto de Estudos Aeroespaciais da Universidade de Toronto (University of Toronto Institute for Aerospace Studies &#8211; UTIAS), no Canad\u00e1, junto ao grupo do Prof. Craig Steeves. Desde 1996 \u00e9 professor da Universidade Tecnol\u00f3gica Federal do Paran\u00e1 (UTFPR) no campus Curitiba, sendo atualmente professor titular. Atua como docente nos cursos de gradua\u00e7\u00e3o em Engenharia Mec\u00e2nica e Engenharia Mecatr\u00f4nica e no Programa de P\u00f3s-Gradua\u00e7\u00e3o em Engenharia Mec\u00e2nica e de Materiais (PPGEM-CT\/UTFPR). \u00c9 coordenador do Laborat\u00f3rio de Mec\u00e2nica Estrutural &#8211; LaMEs -, e l\u00edder do Grupo de Pesquisa em Otimiza\u00e7\u00e3o e An\u00e1lise Estrutural &#8211; GEOTI (grupo cadastrado no CNPq e certificado pela UTFPR). De setembro\/2009 a agosto\/2011 foi coordenador do Centro de Inova\u00e7\u00e3o Tecnol\u00f3gica da UTFPR (CITEC &#8211; campus Curitiba), o qual, na \u00e9poca, congregava 10 laborat\u00f3rios de pesquisa e desenvolvimento nas diversas \u00e1reas das engenharias mec\u00e2nica, el\u00e9trica e eletr\u00f4nica. De junho\/2018 a abril\/2022 foi coordenador do PPGEM-CT\/UTFPR, sendo que de setembro\/2017 a maio\/2018 foi vice-coordenador desse programa. Foi membro do Comit\u00ea de Assessores de \u00c1reas (CAAs) da Funda\u00e7\u00e3o Arauc\u00e1ria de Apoio ao Desenvolvimento Cient\u00edfico e Tecnol\u00f3gico do Estado do Paran\u00e1 (per\u00edodo 2017-2019) &#8211; \u00c1rea de Engenharias. Tem experi\u00eancia na \u00e1rea de Engenharia Mec\u00e2nica, com \u00eanfase em Mec\u00e2nica dos S\u00f3lidos, atuando principalmente nos seguintes temas: M\u00e9todo dos Elementos Finitos, Otimiza\u00e7\u00e3o Estrutural, Mec\u00e2nica dos Materiais Comp\u00f3sitos Laminados e An\u00e1lise Experimental de Tens\u00f5es por Extensometria. Possui experi\u00eancia na execu\u00e7\u00e3o e coordena\u00e7\u00e3o de projetos de pesquisa e\/ou de desenvolvimento financiados tanto por ag\u00eancias p\u00fablicas de fomento (FINEP, CNPq) como empresas privadas (WEG Equipamentos El\u00e9tricos, Siemens Brasil, Volvo do Brasil, Case New Holland, Vale S.A., entre outras). Atua como revisor t\u00e9cnico para peri\u00f3dicos, tendo revisado artigos para as seguintes revistas: Composite Structures, Journal of the Brazilian Society of Mechanical Sciences and Engineering, Computers and Structures, Journal of Reinforced Plastics and Composites, Latin American Journal of Solids and Structures, Journal of Aerospace Technology and Management, Materials Design, KSCE Journal of Civil Engineering, Thin-Walled Structures, Optimization Letters, Structural Engineering and Mechanics, Composites Part B, SN Applied Sciences, Engineering Computations, AIAA Journal. Al\u00e9m de artigos publicados em peri\u00f3dicos cient\u00edficos e em anais de congressos, possui tamb\u00e9m concess\u00e3o de patente de produto tecnol\u00f3gico.<\/p>\n<\/div>\n<\/div>\n<p><\/p>\n<div class=\"wp-block-group alignfull is-layout-constrained wp-block-group-is-layout-constrained\">\n<p><\/p>\n<div class=\"wp-block-columns are-vertically-aligned-center is-layout-flex wp-container-core-columns-is-layout-28f84493 wp-block-columns-is-layout-flex\">\n<p><\/p>\n<div class=\"wp-block-column is-vertically-aligned-center is-layout-flow wp-block-column-is-layout-flow\">\n<p><\/p>\n<p class=\"has-text-align-center has-text-color has-medium-font-size\" style=\"color: #08753a\"><strong>E-Mail<\/strong><\/p>\n<p><\/p>\n<\/div>\n<p><\/p>\n<div class=\"wp-block-column is-vertically-aligned-center is-layout-flow wp-block-column-is-layout-flow\">\n<p><\/p>\n<p class=\"has-text-align-center has-medium-font-size\">luersen@utfpr.edu.br<\/p>\n<p><\/p>\n<\/div>\n<p><\/p>\n<\/div>\n<p><\/p>\n<div class=\"wp-block-columns is-layout-flex wp-container-core-columns-is-layout-28f84493 wp-block-columns-is-layout-flex\">\n<p><\/p>\n<div class=\"wp-block-column is-layout-flow wp-block-column-is-layout-flow\">\n<p><\/p>\n<p class=\"has-text-align-center has-text-color has-medium-font-size\" style=\"color: #08753a\"><strong>Sala<\/strong><\/p>\n<p><\/p>\n<\/div>\n<p><\/p>\n<div class=\"wp-block-column is-layout-flow wp-block-column-is-layout-flow\">\n<p><\/p>\n<p class=\"has-text-align-center has-medium-font-size\">Sede Ecoville Bloco M &#8211; 308<\/p>\n<p><\/p>\n<\/div>\n<p><\/p>\n<\/div>\n<p><\/p>\n<div class=\"wp-block-columns are-vertically-aligned-center is-layout-flex wp-container-core-columns-is-layout-28f84493 wp-block-columns-is-layout-flex\">\n<p><\/p>\n<div class=\"wp-block-column is-vertically-aligned-center is-layout-flow wp-block-column-is-layout-flow\">\n<p><\/p>\n<p class=\"has-text-align-center has-text-color has-medium-font-size\" style=\"color: #08753a\"><strong>\u00c1rea<\/strong><\/p>\n<p><\/p>\n<\/div>\n<p><\/p>\n<div class=\"wp-block-column is-vertically-aligned-center is-layout-flow wp-block-column-is-layout-flow\">\n<p class=\"has-text-align-center has-medium-font-size\">Estrutural<\/p>\n<\/div>\n<p><\/p>\n<\/div>\n<p><\/p>\n<\/div>\n<p><\/p>\n<hr class=\"wp-block-separator has-alpha-channel-opacity is-style-wide\">\n<p><\/p>\n<h2 class=\"wp-block-heading has-text-align-center has-text-color\" style=\"color: #08753a\">Disciplinas Lecionadas<\/h2>\n<p><\/p>\n<p class=\"has-text-align-center has-medium-font-size\">Mec\u00e2nica Dos S\u00f3lidos 1 (MEC76A &#8211; S15)<\/p>\n<p><\/p>\n<hr class=\"wp-block-separator has-alpha-channel-opacity is-style-wide\">\n<p><\/p>\n<p><\/p>\n<h2 class=\"wp-block-heading has-text-align-center has-text-color\" style=\"color: #08753a\">Curr\u00edculo Lattes<\/h2>\n<p><\/p>\n<p class=\"has-text-align-center has-medium-font-size\"><a href=\"http:\/\/lattes.cnpq.br\/4815765372448868\">Clique aqui para ser redirecionado \u00e0 Plataforma Lattes<\/a><\/p>\n<p><\/p>\n<p><\/p>\t\t\t\t\t\t\t\t<\/div>\n\t\t\t\t<\/div>\n\t\t\t\t\t<\/div>\n\t\t<\/div>\n\t\t\t\t\t<\/div>\n\t\t<\/section>\n\t\t\t\t<\/div>\n\t\t","protected":false},"excerpt":{"rendered":"<p>PROF. DR. MARCO ANTONIO LUERSEN Professor Titular Sobre Engenheiro Mec\u00e2nico &#8211; UFSC (1990)Mestre em Engenharia Mec\u00e2nica &#8211; UFSC (1993)Doutor em<\/p>\n","protected":false},"author":284,"featured_media":0,"parent":0,"menu_order":0,"comment_status":"closed","ping_status":"closed","template":"","meta":{"colormag_page_container_layout":"default_layout","colormag_page_sidebar_layout":"default_layout","footnotes":""},"class_list":["post-2574","page","type-page","status-publish","hentry"],"_links":{"self":[{"href":"https:\/\/utfpr.curitiba.br\/damec\/index.php?rest_route=\/wp\/v2\/pages\/2574","targetHints":{"allow":["GET"]}}],"collection":[{"href":"https:\/\/utfpr.curitiba.br\/damec\/index.php?rest_route=\/wp\/v2\/pages"}],"about":[{"href":"https:\/\/utfpr.curitiba.br\/damec\/index.php?rest_route=\/wp\/v2\/types\/page"}],"author":[{"embeddable":true,"href":"https:\/\/utfpr.curitiba.br\/damec\/index.php?rest_route=\/wp\/v2\/users\/284"}],"replies":[{"embeddable":true,"href":"https:\/\/utfpr.curitiba.br\/damec\/index.php?rest_route=%2Fwp%2Fv2%2Fcomments&post=2574"}],"version-history":[{"count":7,"href":"https:\/\/utfpr.curitiba.br\/damec\/index.php?rest_route=\/wp\/v2\/pages\/2574\/revisions"}],"predecessor-version":[{"id":2582,"href":"https:\/\/utfpr.curitiba.br\/damec\/index.php?rest_route=\/wp\/v2\/pages\/2574\/revisions\/2582"}],"wp:attachment":[{"href":"https:\/\/utfpr.curitiba.br\/damec\/index.php?rest_route=%2Fwp%2Fv2%2Fmedia&parent=2574"}],"curies":[{"name":"wp","href":"https:\/\/api.w.org\/{rel}","templated":true}]}}

<div data-elementor-type="wp-page" data-elementor-id="2574" class="elementor elementor-2574">
						<section class="elementor-section elementor-top-section elementor-element elementor-element-5def288b elementor-section-boxed elementor-section-height-default elementor-section-height-default" data-id="5def288b" data-element_type="section" data-e-type="section">
						<div class="elementor-container elementor-column-gap-default">
					<div class="elementor-column elementor-col-100 elementor-top-column elementor-element elementor-element-371f5167" data-id="371f5167" data-element_type="column" data-e-type="column">
			<div class="elementor-widget-wrap elementor-element-populated">
						<div class="elementor-element elementor-element-2bbd91f9 elementor-widget elementor-widget-text-editor" data-id="2bbd91f9" data-element_type="widget" data-e-type="widget" data-widget_type="text-editor.default">
				<div class="elementor-widget-container">
									<p></p>
<div class="wp-block-group has-background is-vertical is-content-justification-left is-layout-flex wp-container-core-group-is-layout-a2dc6e3f wp-block-group-is-layout-flex" style="border-style: none;border-width: 0px;border-radius: 10px;background: linear-gradient(135deg,#08753a 0%,#22bb64 100%);padding: 15px">
<p></p>
<h1 class="wp-block-heading has-white-color has-text-color">PROF. DR. MARCO ANTONIO LUERSEN</h1>
<p></p>
<h3 class="wp-block-heading has-white-color has-text-color">Professor Titular</h3>
<p></p>
</div>
<p></p>
<div class="wp-block-spacer" style="height: 50px" aria-hidden="true"><br><br></div><div class="wp-block-columns">
<div class="wp-block-column" style="flex-basis: 33.33%">
<p></p>
<figure class="wp-block-image size-full has-custom-border is-style-rounded"><img fetchpriority="high" decoding="async" class="alignleft wp-image-2576" style="border-radius: 0px" src="https://utfpr-ct-static-content.s3.amazonaws.com/utfpr.curitiba.br/wp-content/uploads/sites/67/2024/02/PROF.-DR.-MARCO-ANTONIO-LUERSEN.png" alt="" width="300" height="401"></figure>
<p></p>
</div>
<p></p>
<div class="wp-block-column is-layout-flow wp-block-column-is-layout-flow" style="flex-basis: 66.66%">
<p></p>
<h2 class="wp-block-heading has-text-color" style="color: #08753a">Sobre</h2>
<p></p>
<p class="has-medium-font-size">Engenheiro Mecânico &#8211; UFSC (1990)<br>Mestre em Engenharia Mecânica &#8211; UFSC (1993)<br>Doutor em Ciência da Engenharia Mecânica &#8211; INSA DE ROUEN (2004)</p>
<p></p>
<p class="has-medium-font-size" style="text-align: justify">Graduado em Engenharia Mecânica pela Universidade Federal de Santa Catarina (UFSC-1990), mestrado em Engenharia Mecânica por essa mesma universidade (1994) e doutorado em Sciences de l&#8217;Ingénieur &#8211; Discipline Mécanique &#8211; pelo Institut National des Sciences Appliquées de Rouen (INSA de Rouen &#8211; França &#8211; 2004). De junho/2013 a maio/2014 realizou estágio pós-doutoral (visiting research scholar) no Instituto de Estudos Aeroespaciais da Universidade de Toronto (University of Toronto Institute for Aerospace Studies &#8211; UTIAS), no Canadá, junto ao grupo do Prof. Craig Steeves. Desde 1996 é professor da Universidade Tecnológica Federal do Paraná (UTFPR) no campus Curitiba, sendo atualmente professor titular. Atua como docente nos cursos de graduação em Engenharia Mecânica e Engenharia Mecatrônica e no Programa de Pós-Graduação em Engenharia Mecânica e de Materiais (PPGEM-CT/UTFPR). É coordenador do Laboratório de Mecânica Estrutural &#8211; LaMEs -, e líder do Grupo de Pesquisa em Otimização e Análise Estrutural &#8211; GEOTI (grupo cadastrado no CNPq e certificado pela UTFPR). De setembro/2009 a agosto/2011 foi coordenador do Centro de Inovação Tecnológica da UTFPR (CITEC &#8211; campus Curitiba), o qual, na época, congregava 10 laboratórios de pesquisa e desenvolvimento nas diversas áreas das engenharias mecânica, elétrica e eletrônica. De junho/2018 a abril/2022 foi coordenador do PPGEM-CT/UTFPR, sendo que de setembro/2017 a maio/2018 foi vice-coordenador desse programa. Foi membro do Comitê de Assessores de Áreas (CAAs) da Fundação Araucária de Apoio ao Desenvolvimento Científico e Tecnológico do Estado do Paraná (período 2017-2019) &#8211; Área de Engenharias. Tem experiência na área de Engenharia Mecânica, com ênfase em Mecânica dos Sólidos, atuando principalmente nos seguintes temas: Método dos Elementos Finitos, Otimização Estrutural, Mecânica dos Materiais Compósitos Laminados e Análise Experimental de Tensões por Extensometria. Possui experiência na execução e coordenação de projetos de pesquisa e/ou de desenvolvimento financiados tanto por agências públicas de fomento (FINEP, CNPq) como empresas privadas (WEG Equipamentos Elétricos, Siemens Brasil, Volvo do Brasil, Case New Holland, Vale S.A., entre outras). Atua como revisor técnico para periódicos, tendo revisado artigos para as seguintes revistas: Composite Structures, Journal of the Brazilian Society of Mechanical Sciences and Engineering, Computers and Structures, Journal of Reinforced Plastics and Composites, Latin American Journal of Solids and Structures, Journal of Aerospace Technology and Management, Materials Design, KSCE Journal of Civil Engineering, Thin-Walled Structures, Optimization Letters, Structural Engineering and Mechanics, Composites Part B, SN Applied Sciences, Engineering Computations, AIAA Journal. Além de artigos publicados em periódicos científicos e em anais de congressos, possui também concessão de patente de produto tecnológico.</p>
</div>
</div>
<p></p>
<div class="wp-block-group alignfull is-layout-constrained wp-block-group-is-layout-constrained">
<p></p>
<div class="wp-block-columns are-vertically-aligned-center is-layout-flex wp-container-core-columns-is-layout-28f84493 wp-block-columns-is-layout-flex">
<p></p>
<div class="wp-block-column is-vertically-aligned-center is-layout-flow wp-block-column-is-layout-flow">
<p></p>
<p class="has-text-align-center has-text-color has-medium-font-size" style="color: #08753a"><strong>E-Mail</strong></p>
<p></p>
</div>
<p></p>
<div class="wp-block-column is-vertically-aligned-center is-layout-flow wp-block-column-is-layout-flow">
<p></p>
<p class="has-text-align-center has-medium-font-size">luersen@utfpr.edu.br</p>
<p></p>
</div>
<p></p>
</div>
<p></p>
<div class="wp-block-columns is-layout-flex wp-container-core-columns-is-layout-28f84493 wp-block-columns-is-layout-flex">
<p></p>
<div class="wp-block-column is-layout-flow wp-block-column-is-layout-flow">
<p></p>
<p class="has-text-align-center has-text-color has-medium-font-size" style="color: #08753a"><strong>Sala</strong></p>
<p></p>
</div>
<p></p>
<div class="wp-block-column is-layout-flow wp-block-column-is-layout-flow">
<p></p>
<p class="has-text-align-center has-medium-font-size">Sede Ecoville Bloco M &#8211; 308</p>
<p></p>
</div>
<p></p>
</div>
<p></p>
<div class="wp-block-columns are-vertically-aligned-center is-layout-flex wp-container-core-columns-is-layout-28f84493 wp-block-columns-is-layout-flex">
<p></p>
<div class="wp-block-column is-vertically-aligned-center is-layout-flow wp-block-column-is-layout-flow">
<p></p>
<p class="has-text-align-center has-text-color has-medium-font-size" style="color: #08753a"><strong>Área</strong></p>
<p></p>
</div>
<p></p>
<div class="wp-block-column is-vertically-aligned-center is-layout-flow wp-block-column-is-layout-flow">
<p class="has-text-align-center has-medium-font-size">Estrutural</p>
</div>
<p></p>
</div>
<p></p>
</div>
<p></p>
<hr class="wp-block-separator has-alpha-channel-opacity is-style-wide">
<p></p>
<h2 class="wp-block-heading has-text-align-center has-text-color" style="color: #08753a">Disciplinas Lecionadas</h2>
<p></p>
<p class="has-text-align-center has-medium-font-size">Mecânica Dos Sólidos 1 (MEC76A &#8211; S15)</p>
<p></p>
<hr class="wp-block-separator has-alpha-channel-opacity is-style-wide">
<p></p>
<p></p>
<h2 class="wp-block-heading has-text-align-center has-text-color" style="color: #08753a">Currículo Lattes</h2>
<p></p>
<p class="has-text-align-center has-medium-font-size"><a href="http://lattes.cnpq.br/4815765372448868">Clique aqui para ser redirecionado à Plataforma Lattes</a></p>
<p></p>
<p></p>								</div>
				</div>
					</div>
		</div>
					</div>
		</section>
				</div>

<p>PROF. DR. MARCO ANTONIO LUERSEN Professor Titular Sobre Engenheiro Mecânico &#8211; UFSC (1990)Mestre em Engenharia Mecânica &#8211; UFSC (1993)Doutor em</p>
