{"id":2264,"date":"2024-02-07T16:48:35","date_gmt":"2024-02-07T19:48:35","guid":{"rendered":"https:\/\/utfpr.curitiba.br\/damec\/?page_id=2264"},"modified":"2024-02-07T16:54:18","modified_gmt":"2024-02-07T19:54:18","slug":"prof-carlos-henrique-da-silva","status":"publish","type":"page","link":"https:\/\/utfpr.curitiba.br\/damec\/?page_id=2264","title":{"rendered":"PROF. CARLOS HENRIQUE DA SILVA"},"content":{"rendered":"\t\t<div data-elementor-type=\"wp-page\" data-elementor-id=\"2264\" class=\"elementor elementor-2264\">\n\t\t\t\t\t\t<section class=\"elementor-section elementor-top-section elementor-element elementor-element-5c6e9f12 elementor-section-boxed elementor-section-height-default elementor-section-height-default\" data-id=\"5c6e9f12\" data-element_type=\"section\" data-e-type=\"section\">\n\t\t\t\t\t\t<div class=\"elementor-container elementor-column-gap-default\">\n\t\t\t\t\t<div class=\"elementor-column elementor-col-100 elementor-top-column elementor-element elementor-element-5153f671\" data-id=\"5153f671\" data-element_type=\"column\" data-e-type=\"column\">\n\t\t\t<div class=\"elementor-widget-wrap elementor-element-populated\">\n\t\t\t\t\t\t<div class=\"elementor-element elementor-element-11638b8f elementor-widget elementor-widget-text-editor\" data-id=\"11638b8f\" data-element_type=\"widget\" data-e-type=\"widget\" data-widget_type=\"text-editor.default\">\n\t\t\t\t<div class=\"elementor-widget-container\">\n\t\t\t\t\t\t\t\t\t<p><\/p><div class=\"wp-block-group has-background is-vertical is-content-justification-left is-layout-flex wp-container-core-group-is-layout-a2dc6e3f wp-block-group-is-layout-flex\" style=\"border-style: none;border-width: 0px;border-radius: 10px;background: linear-gradient(135deg,#08753a 0%,#22bb64 100%);padding: 15px\"><p><\/p><h1 class=\"wp-block-heading has-white-color has-text-color\">PROF. DR. CARLOS HENRIQUE DA SILVA<\/h1><p><\/p><h3 class=\"wp-block-heading has-white-color has-text-color\">Professor Titular<\/h3><p><\/p><\/div><p><\/p><div class=\"wp-block-spacer\" style=\"height: 50px\" aria-hidden=\"true\">\u00a0<\/div><p><\/p><div class=\"wp-block-columns is-layout-flex wp-container-core-columns-is-layout-28f84493 wp-block-columns-is-layout-flex\"><p><\/p><div class=\"wp-block-column is-layout-flow wp-block-column-is-layout-flow\" style=\"flex-basis: 33.33%\"><p><\/p><figure class=\"wp-block-image size-full has-custom-border is-style-rounded\"><img fetchpriority=\"high\" decoding=\"async\" class=\"wp-image-2267 alignleft\" style=\"border-radius: 0px\" src=\"https:\/\/utfpr-ct-static-content.s3.amazonaws.com\/utfpr.curitiba.br\/wp-content\/uploads\/sites\/67\/2024\/02\/PROF.-DR.-CARLOS-HENRIQUE-DA-SILVA.png\" alt=\"\" width=\"300\" height=\"402\" \/><\/figure><p><\/p><\/div><p><\/p><div class=\"wp-block-column is-layout-flow wp-block-column-is-layout-flow\" style=\"flex-basis: 66.66%\"><p><\/p><h2 class=\"wp-block-heading has-text-color\" style=\"color: #08753a\">\u00a0Sobre<\/h2><p><\/p><p class=\"has-medium-font-size\">Engenheiro Mec\u00e2nico &#8211; UNIFEI (1994)<br \/>Mestre em Engenharia Mec\u00e2nica &#8211; USP (1998)<br \/>Doutor em Engenharia Mec\u00e2nica &#8211; USP (2003)<\/p><p><\/p><p class=\"has-medium-font-size\" style=\"text-align: justify\">Gradua\u00e7\u00e3o em Engenharia Mec\u00e2nica pela Universidade Federal de Itajub\u00e1 (1994), al\u00e9m de mestrado (1998) e doutorado (2003) em Engenharia Mec\u00e2nica pela Escola Polit\u00e9cnica da Universidade de S\u00e3o Paulo. Atualmente \u00e9 professor do Ensino B\u00e1sico T\u00e9cnico e Tecnol\u00f3gico dentro do Departamento Acad\u00eamico de Mec\u00e2nica da Universidade Tecnol\u00f3gica Federal do Paran\u00e1 (Campus Curitiba). Participa do grupo de pesquisa GrMaTS (Grupo de Materiais, Tribologia e Superf\u00edcies) e atua, principalmente, na \u00e1rea de tribologia de componentes mec\u00e2nicos (Elementos de M\u00e1quinas) e no desenvolvimento e constru\u00e7\u00e3o de trib\u00f4metros para o estudo do atrito (cin\u00e9tico e est\u00e1tico) e do desgaste (engrenagens e mancais de deslizamento). Para o comportamento tribol\u00f3gico de engrenagens tem trabalhado com materiais diversificados (ADI &#8211; ferro fundido nodular austemperado e a\u00e7os liga tratados superficialmente) e sob mecanismos de desgaste diferentes (pitting, scuffing e abras\u00e3o). Em Mancais de deslizamento lubrificados (efeitos da dilui\u00e7\u00e3o por gasolina, diesel e biodiesel) no atrito. Em parceria com o Laborat\u00f3rio de Mec\u00e2nica Estrutural (LAMES-UTFPR) tem desenvolvido temas de pesquisa com a utiliza\u00e7\u00e3o de ferramentas de modelagem num\u00e9rica (m\u00e9todos dos elementos finitos) como suporte informacional para a compreens\u00e3o de fen\u00f4menos tribol\u00f3gicos em elementos de m\u00e1quinas. , Estudo das propriedades tribol\u00f3gicas materiais polim\u00e9ricos: PTFE e seus comp\u00f3sitos (grafite e bronze), Poli\u00e9ster e seus comp\u00f3sitos (PEEK, PTFE e grafite).<\/p><p><\/p><\/div><p><\/p><\/div><p><\/p><div class=\"wp-block-spacer\" style=\"height: 50px\" aria-hidden=\"true\">\u00a0<\/div><p><\/p><div class=\"wp-block-group alignfull is-layout-constrained wp-block-group-is-layout-constrained\"><p><\/p><div class=\"wp-block-columns are-vertically-aligned-center is-layout-flex wp-container-core-columns-is-layout-28f84493 wp-block-columns-is-layout-flex\"><p><\/p><div class=\"wp-block-column is-vertically-aligned-center is-layout-flow wp-block-column-is-layout-flow\"><p><\/p><p class=\"has-text-align-center has-text-color has-medium-font-size\" style=\"color: #08753a\"><strong>E-Mail<\/strong><\/p><p><\/p><\/div><p><\/p><div class=\"wp-block-column is-vertically-aligned-center is-layout-flow wp-block-column-is-layout-flow\"><p><\/p><p class=\"has-text-align-center has-medium-font-size\"><a href=\"mailto:carloshs@utfpr.edu.br\" target=\"_blank\" rel=\"noopener\">carloshs@utfpr.edu.br<\/a><\/p><p><\/p><\/div><p><\/p><\/div><p><\/p><div class=\"wp-block-columns is-layout-flex wp-container-core-columns-is-layout-28f84493 wp-block-columns-is-layout-flex\"><p><\/p><div class=\"wp-block-column is-layout-flow wp-block-column-is-layout-flow\"><p><\/p><p class=\"has-text-align-center has-text-color has-medium-font-size\" style=\"color: #08753a\"><strong>Sala<\/strong><\/p><p><\/p><\/div><p><\/p><div class=\"wp-block-column is-layout-flow wp-block-column-is-layout-flow\"><p><\/p><p class=\"has-text-align-center has-medium-font-size\">Sede Ecoville Bloco M &#8211; 204<\/p><p><\/p><\/div><p><\/p><\/div><p><\/p><div class=\"wp-block-columns are-vertically-aligned-center is-layout-flex wp-container-core-columns-is-layout-28f84493 wp-block-columns-is-layout-flex\"><p><\/p><div class=\"wp-block-column is-vertically-aligned-center is-layout-flow wp-block-column-is-layout-flow\"><p><\/p><p class=\"has-text-align-center has-text-color has-medium-font-size\" style=\"color: #08753a\"><strong>\u00c1rea<\/strong><\/p><p><\/p><\/div><p><\/p><div class=\"wp-block-column is-vertically-aligned-center is-layout-flow wp-block-column-is-layout-flow\"><p class=\"has-text-align-center has-medium-font-size\">Estrutural<\/p><\/div><p><\/p><\/div><p><\/p><\/div><p><\/p><hr class=\"wp-block-separator has-alpha-channel-opacity is-style-wide\" \/><p><\/p><h2 class=\"wp-block-heading has-text-align-center has-text-color\" style=\"color: #08753a\">Disciplinas Lecionadas<\/h2><p><\/p><p class=\"has-text-align-center has-medium-font-size\">Elementos De M\u00e1quinas 2 (MEC77A &#8211; S15)<br \/>Elementos De M\u00e1quinas 2 (ME78H &#8211; S43)<\/p><p><\/p><hr class=\"wp-block-separator has-alpha-channel-opacity is-style-wide\" \/><p><\/p><p><\/p><h2 class=\"wp-block-heading has-text-align-center has-text-color\" style=\"color: #08753a\">Curr\u00edculo Lattes<\/h2><p><\/p><p class=\"has-text-align-center has-medium-font-size\"><a href=\"http:\/\/lattes.cnpq.br\/6218847264452522\">Clique aqui para ser redirecionado \u00e0 Plataforma Lattes<\/a><\/p><p><\/p>\t\t\t\t\t\t\t\t<\/div>\n\t\t\t\t<\/div>\n\t\t\t\t\t<\/div>\n\t\t<\/div>\n\t\t\t\t\t<\/div>\n\t\t<\/section>\n\t\t\t\t<\/div>\n\t\t","protected":false},"excerpt":{"rendered":"<p>PROF. DR. CARLOS HENRIQUE DA SILVA Professor Titular \u00a0Sobre Engenheiro Mec\u00e2nico &#8211; UNIFEI (1994)Mestre em Engenharia Mec\u00e2nica &#8211; USP (1998)Doutor<\/p>\n","protected":false},"author":284,"featured_media":0,"parent":0,"menu_order":0,"comment_status":"closed","ping_status":"closed","template":"","meta":{"colormag_page_container_layout":"default_layout","colormag_page_sidebar_layout":"default_layout","footnotes":""},"class_list":["post-2264","page","type-page","status-publish","hentry"],"_links":{"self":[{"href":"https:\/\/utfpr.curitiba.br\/damec\/index.php?rest_route=\/wp\/v2\/pages\/2264","targetHints":{"allow":["GET"]}}],"collection":[{"href":"https:\/\/utfpr.curitiba.br\/damec\/index.php?rest_route=\/wp\/v2\/pages"}],"about":[{"href":"https:\/\/utfpr.curitiba.br\/damec\/index.php?rest_route=\/wp\/v2\/types\/page"}],"author":[{"embeddable":true,"href":"https:\/\/utfpr.curitiba.br\/damec\/index.php?rest_route=\/wp\/v2\/users\/284"}],"replies":[{"embeddable":true,"href":"https:\/\/utfpr.curitiba.br\/damec\/index.php?rest_route=%2Fwp%2Fv2%2Fcomments&post=2264"}],"version-history":[{"count":4,"href":"https:\/\/utfpr.curitiba.br\/damec\/index.php?rest_route=\/wp\/v2\/pages\/2264\/revisions"}],"predecessor-version":[{"id":2270,"href":"https:\/\/utfpr.curitiba.br\/damec\/index.php?rest_route=\/wp\/v2\/pages\/2264\/revisions\/2270"}],"wp:attachment":[{"href":"https:\/\/utfpr.curitiba.br\/damec\/index.php?rest_route=%2Fwp%2Fv2%2Fmedia&parent=2264"}],"curies":[{"name":"wp","href":"https:\/\/api.w.org\/{rel}","templated":true}]}}