{"id":33,"date":"2020-12-16T20:17:42","date_gmt":"2020-12-16T23:17:42","guid":{"rendered":"https:\/\/damat.ct.utfpr.edu.br\/?page_id=33"},"modified":"2025-05-26T16:02:54","modified_gmt":"2025-05-26T19:02:54","slug":"extensao","status":"publish","type":"page","link":"https:\/\/utfpr.curitiba.br\/damat\/extensao\/","title":{"rendered":"Extens\u00e3o"},"content":{"rendered":"\t\t<div data-elementor-type=\"wp-page\" data-elementor-id=\"33\" class=\"elementor elementor-33\">\n\t\t\t\t\t\t<section class=\"elementor-section elementor-top-section elementor-element elementor-element-4915023 elementor-section-boxed elementor-section-height-default elementor-section-height-default\" data-id=\"4915023\" data-element_type=\"section\" data-e-type=\"section\">\n\t\t\t\t\t\t<div class=\"elementor-container elementor-column-gap-default\">\n\t\t\t\t\t<div class=\"elementor-column elementor-col-100 elementor-top-column elementor-element elementor-element-eca7f65\" data-id=\"eca7f65\" data-element_type=\"column\" data-e-type=\"column\">\n\t\t\t<div class=\"elementor-widget-wrap elementor-element-populated\">\n\t\t\t\t\t\t<div class=\"elementor-element elementor-element-7c34131 elementor-widget elementor-widget-text-editor\" data-id=\"7c34131\" data-element_type=\"widget\" data-e-type=\"widget\" data-widget_type=\"text-editor.default\">\n\t\t\t\t<div class=\"elementor-widget-container\">\n\t\t\t\t\t\t\t\t\t<p>Os projetos de extens\u00e3o s\u00e3o uma \u00f3tima oportunidade para aplicar o que se aprende no curso de forma pr\u00e1tica e com prop\u00f3sito. Eles aproximam o estudante da comunidade, incentivam a troca de conhecimento e mostram como a Matem\u00e1tica pode ser uma ferramenta poderosa para resolver problemas reais.<\/p><p><strong>Veja aqui nossos projetos extensionistas:<\/strong><\/p>\t\t\t\t\t\t\t\t<\/div>\n\t\t\t\t<\/div>\n\t\t\t\t<div class=\"elementor-element elementor-element-432b71e elementor-tabs-view-horizontal elementor-widget elementor-widget-tabs\" data-id=\"432b71e\" data-element_type=\"widget\" data-e-type=\"widget\" data-widget_type=\"tabs.default\">\n\t\t\t\t<div class=\"elementor-widget-container\">\n\t\t\t\t\t\t\t<div class=\"elementor-tabs\">\n\t\t\t<div class=\"elementor-tabs-wrapper\" role=\"tablist\" >\n\t\t\t\t\t\t\t\t\t<div id=\"elementor-tab-title-7041\" class=\"elementor-tab-title elementor-tab-desktop-title\" aria-selected=\"true\" data-tab=\"1\" role=\"tab\" tabindex=\"0\" aria-controls=\"elementor-tab-content-7041\" aria-expanded=\"false\">AcerMat<\/div>\n\t\t\t\t\t\t\t\t\t<div id=\"elementor-tab-title-7042\" class=\"elementor-tab-title elementor-tab-desktop-title\" aria-selected=\"false\" data-tab=\"2\" role=\"tab\" tabindex=\"-1\" aria-controls=\"elementor-tab-content-7042\" aria-expanded=\"false\">CiMa<\/div>\n\t\t\t\t\t\t\t\t\t<div id=\"elementor-tab-title-7043\" class=\"elementor-tab-title elementor-tab-desktop-title\" aria-selected=\"false\" data-tab=\"3\" role=\"tab\" tabindex=\"-1\" aria-controls=\"elementor-tab-content-7043\" aria-expanded=\"false\">OPM<\/div>\n\t\t\t\t\t\t\t\t\t<div id=\"elementor-tab-title-7044\" class=\"elementor-tab-title elementor-tab-desktop-title\" aria-selected=\"false\" data-tab=\"4\" role=\"tab\" tabindex=\"-1\" aria-controls=\"elementor-tab-content-7044\" aria-expanded=\"false\">UTFdx<\/div>\n\t\t\t\t\t\t\t<\/div>\n\t\t\t<div class=\"elementor-tabs-content-wrapper\" role=\"tablist\" aria-orientation=\"vertical\">\n\t\t\t\t\t\t\t\t\t<div class=\"elementor-tab-title elementor-tab-mobile-title\" aria-selected=\"true\" data-tab=\"1\" role=\"tab\" tabindex=\"0\" aria-controls=\"elementor-tab-content-7041\" aria-expanded=\"false\">AcerMat<\/div>\n\t\t\t\t\t<div id=\"elementor-tab-content-7041\" class=\"elementor-tab-content elementor-clearfix\" data-tab=\"1\" role=\"tabpanel\" aria-labelledby=\"elementor-tab-title-7041\" tabindex=\"0\" hidden=\"false\"><h2><b>Acermat<\/b><\/h2><p><img decoding=\"async\" class=\"wp-image-1050 alignleft\" src=\"https:\/\/utfpr-ct-static-content.s3.amazonaws.com\/utfpr.curitiba.br\/wp-content\/uploads\/sites\/66\/2025\/05\/acermat-2-e1748283544652-300x270.jpg\" alt=\"\" width=\"167\" height=\"151\" srcset=\"https:\/\/utfpr-ct-static-content.s3.amazonaws.com\/utfpr.curitiba.br\/wp-content\/uploads\/sites\/66\/2025\/05\/acermat-2-e1748283544652-300x270.jpg 300w, https:\/\/utfpr-ct-static-content.s3.amazonaws.com\/utfpr.curitiba.br\/wp-content\/uploads\/sites\/66\/2025\/05\/acermat-2-e1748283544652.jpg 598w\" sizes=\"(max-width: 167px) 100vw, 167px\" \/><\/p><h5>\u00a0<\/h5><h5><b>Sobre o projeto:<\/b><\/h5><p><b><\/b> O Acermat tem como foco principal a forma\u00e7\u00e3o de professores e a produ\u00e7\u00e3o de recursos did\u00e1ticos digitais. Por meio da cria\u00e7\u00e3o de videoaulas, o projeto estimula o uso de tecnologias na educa\u00e7\u00e3o e contribui para o desenvolvimento da Cidadania Digital.<\/p><h5>\u00a0<\/h5><h5><b>Objetivos:<\/b><\/h5><ul><li style=\"font-weight: 400\">Qualificar professores em forma\u00e7\u00e3o e em exerc\u00edcio com foco em educa\u00e7\u00e3o digital<\/li><li style=\"font-weight: 400\">Produzir videoaulas de matem\u00e1tica com participa\u00e7\u00e3o ativa da comunidade acad\u00eamica<\/li><li style=\"font-weight: 400\">Ensinar todas as etapas de cria\u00e7\u00e3o de materiais audiovisuais educativos<\/li><li style=\"font-weight: 400\">Publicar os materiais como Recursos Educacionais Abertos (REA)<\/li><li style=\"font-weight: 400\">Fortalecer os v\u00ednculos entre universidade e escolas por meio da difus\u00e3o de conte\u00fados digitais<\/li><\/ul>\n\t\t<style type=\"text\/css\">\n\t\t\t#gallery-1 {\n\t\t\t\tmargin: auto;\n\t\t\t}\n\t\t\t#gallery-1 .gallery-item {\n\t\t\t\tfloat: left;\n\t\t\t\tmargin-top: 10px;\n\t\t\t\ttext-align: center;\n\t\t\t\twidth: 20%;\n\t\t\t}\n\t\t\t#gallery-1 img {\n\t\t\t\tborder: 2px solid #cfcfcf;\n\t\t\t}\n\t\t\t#gallery-1 .gallery-caption {\n\t\t\t\tmargin-left: 0;\n\t\t\t}\n\t\t\t\/* see gallery_shortcode() in wp-includes\/media.php *\/\n\t\t<\/style>\n\t\t<div id='gallery-1' class='gallery galleryid-33 gallery-columns-5 gallery-size-thumbnail'><dl class='gallery-item'>\n\t\t\t<dt class='gallery-icon landscape'>\n\t\t\t\t<a href='https:\/\/utfpr.curitiba.br\/damat\/oficina-sobre-roteirizacao-de-videoaulas-de-matematica-no-evento-do-worcktec\/'><img decoding=\"async\" width=\"150\" height=\"150\" src=\"https:\/\/utfpr-ct-static-content.s3.amazonaws.com\/utfpr.curitiba.br\/wp-content\/uploads\/sites\/66\/2025\/05\/Oficina-sobre-roteirizacao-de-videoaulas-de-matematica-no-evento-do-Worcktec-150x150.jpeg\" class=\"attachment-thumbnail size-thumbnail\" alt=\"\" \/><\/a>\n\t\t\t<\/dt><\/dl><dl class='gallery-item'>\n\t\t\t<dt class='gallery-icon landscape'>\n\t\t\t\t<a href='https:\/\/utfpr.curitiba.br\/damat\/oficina-sobre-cidadania-digital-no-colegio-xavier-2\/'><img decoding=\"async\" width=\"150\" height=\"150\" src=\"https:\/\/utfpr-ct-static-content.s3.amazonaws.com\/utfpr.curitiba.br\/wp-content\/uploads\/sites\/66\/2025\/05\/Oficina-sobre-cidadania-digital-no-Colegio-Xavier-2-150x150.jpeg\" class=\"attachment-thumbnail size-thumbnail\" alt=\"\" \/><\/a>\n\t\t\t<\/dt><\/dl><dl class='gallery-item'>\n\t\t\t<dt class='gallery-icon landscape'>\n\t\t\t\t<a href='https:\/\/utfpr.curitiba.br\/damat\/palestra-sobre-como-agir-atraz-das-cameras-no-evento-worktec\/'><img loading=\"lazy\" decoding=\"async\" width=\"150\" height=\"150\" src=\"https:\/\/utfpr-ct-static-content.s3.amazonaws.com\/utfpr.curitiba.br\/wp-content\/uploads\/sites\/66\/2025\/05\/Palestra-sobre-como-agir-atraz-das-cameras-no-evento-Worktec-150x150.jpeg\" class=\"attachment-thumbnail size-thumbnail\" alt=\"\" \/><\/a>\n\t\t\t<\/dt><\/dl>\n\t\t\t<br style='clear: both' \/>\n\t\t<\/div>\n<p>\ud83d\udd17 <strong data-start=\"1123\" data-end=\"1150\">Veja mais no Instagram: <a href=\"https:\/\/www.instagram.com\/acermat.utfpr\/#\">acermat.utfpr<\/a><\/strong><\/p><\/div>\n\t\t\t\t\t\t\t\t\t<div class=\"elementor-tab-title elementor-tab-mobile-title\" aria-selected=\"false\" data-tab=\"2\" role=\"tab\" tabindex=\"-1\" aria-controls=\"elementor-tab-content-7042\" aria-expanded=\"false\">CiMa<\/div>\n\t\t\t\t\t<div id=\"elementor-tab-content-7042\" class=\"elementor-tab-content elementor-clearfix\" data-tab=\"2\" role=\"tabpanel\" aria-labelledby=\"elementor-tab-title-7042\" tabindex=\"0\" hidden=\"hidden\"><h2><b>Elas V\u00e3o para CiMa<\/b><\/h2><h5><b>Sobre o projeto:<\/b><b><br \/><\/b><\/h5><p>O projeto &#8220;Elas V\u00e3o para Ci\u00eancias e Matem\u00e1tica&#8221; (CiMa) incentiva a participa\u00e7\u00e3o de meninas em \u00e1reas como Ci\u00eancia, Tecnologia, Engenharia e Matem\u00e1tica (STEM), por meio de a\u00e7\u00f5es pr\u00e1ticas que conectam os conte\u00fados escolares \u00e0 tecnologia e ao pensamento computacional.<\/p><h5><b>Objetivos:<\/b><\/h5><ul><li style=\"font-weight: 400\">Motivar o interesse de alunas pelas \u00e1reas STEM<\/li><li style=\"font-weight: 400\">Desenvolver habilidades computacionais com base no curr\u00edculo escolar<\/li><li style=\"font-weight: 400\">Aproximar teoria e pr\u00e1tica em contextos tecnol\u00f3gicos<\/li><li style=\"font-weight: 400\">Fortalecer a presen\u00e7a feminina nas ci\u00eancias exatas<\/li><\/ul><p>\ud83d\udd17 <strong data-start=\"1123\" data-end=\"1150\">Veja mais no Instagram: <a href=\"https:\/\/www.instagram.com\/elasvaopracima\/#\">elasvaopracima<\/a><\/strong><\/p><\/div>\n\t\t\t\t\t\t\t\t\t<div class=\"elementor-tab-title elementor-tab-mobile-title\" aria-selected=\"false\" data-tab=\"3\" role=\"tab\" tabindex=\"-1\" aria-controls=\"elementor-tab-content-7043\" aria-expanded=\"false\">OPM<\/div>\n\t\t\t\t\t<div id=\"elementor-tab-content-7043\" class=\"elementor-tab-content elementor-clearfix\" data-tab=\"3\" role=\"tabpanel\" aria-labelledby=\"elementor-tab-title-7043\" tabindex=\"0\" hidden=\"hidden\"><h2><b>Oficina Pedag\u00f3gica de Matem\u00e1tica (OPM)<\/b><\/h2><div><b><b> <img loading=\"lazy\" decoding=\"async\" class=\"wp-image-1040 alignleft\" src=\"https:\/\/utfpr-ct-static-content.s3.amazonaws.com\/utfpr.curitiba.br\/wp-content\/uploads\/sites\/66\/2025\/05\/logo_opm-BAIXAR-E-ABRIR-NO-PPT.pptx-1-300x169.jpeg\" alt=\"\" width=\"259\" height=\"146\" data-wp-editing=\"1\" srcset=\"https:\/\/utfpr-ct-static-content.s3.amazonaws.com\/utfpr.curitiba.br\/wp-content\/uploads\/sites\/66\/2025\/05\/logo_opm-BAIXAR-E-ABRIR-NO-PPT.pptx-1-300x169.jpeg 300w, https:\/\/utfpr-ct-static-content.s3.amazonaws.com\/utfpr.curitiba.br\/wp-content\/uploads\/sites\/66\/2025\/05\/logo_opm-BAIXAR-E-ABRIR-NO-PPT.pptx-1-768x432.jpeg 768w, https:\/\/utfpr-ct-static-content.s3.amazonaws.com\/utfpr.curitiba.br\/wp-content\/uploads\/sites\/66\/2025\/05\/logo_opm-BAIXAR-E-ABRIR-NO-PPT.pptx-1.jpeg 960w\" sizes=\"(max-width: 259px) 100vw, 259px\" \/><\/b><\/b><b><\/b><\/div><div>\u00a0<\/div><h5><b>Sobre o projeto:<\/b><b><br \/><\/b><\/h5><p style=\"text-align: left\">A OPM busca promover a troca de experi\u00eancias entre licenciandos em Matem\u00e1tica e Pedagogia, professores dos anos iniciais e finais do ensino fundamental. A proposta \u00e9 criar um espa\u00e7o colaborativo de discuss\u00e3o sobre o ensino de matem\u00e1tica na escola b\u00e1sica.<\/p><h5>\u00a0<\/h5><h5 style=\"text-align: left\"><b>Objetivos:<\/b><\/h5><ul><li>Estreitar a rela\u00e7\u00e3o entre universidade e escolas de educa\u00e7\u00e3o b\u00e1sica<\/li><li>Incentivar reflex\u00f5es sobre pr\u00e1ticas pedag\u00f3gicas em Matem\u00e1tica<\/li><li>Unir teoria e pr\u00e1tica na forma\u00e7\u00e3o docente<\/li><li>Apoiar-se em abordagens como a Teoria Hist\u00f3rico-Cultural e a Atividade Orientadora de Ensino<\/li><\/ul>\n\t\t<style type=\"text\/css\">\n\t\t\t#gallery-2 {\n\t\t\t\tmargin: auto;\n\t\t\t}\n\t\t\t#gallery-2 .gallery-item {\n\t\t\t\tfloat: left;\n\t\t\t\tmargin-top: 10px;\n\t\t\t\ttext-align: center;\n\t\t\t\twidth: 20%;\n\t\t\t}\n\t\t\t#gallery-2 img {\n\t\t\t\tborder: 2px solid #cfcfcf;\n\t\t\t}\n\t\t\t#gallery-2 .gallery-caption {\n\t\t\t\tmargin-left: 0;\n\t\t\t}\n\t\t\t\/* see gallery_shortcode() in wp-includes\/media.php *\/\n\t\t<\/style>\n\t\t<div id='gallery-2' class='gallery galleryid-33 gallery-columns-5 gallery-size-thumbnail'><dl class='gallery-item'>\n\t\t\t<dt class='gallery-icon landscape'>\n\t\t\t\t<a href='https:\/\/utfpr.curitiba.br\/damat\/20240302_120934-2\/'><img loading=\"lazy\" decoding=\"async\" width=\"150\" height=\"150\" src=\"https:\/\/utfpr-ct-static-content.s3.amazonaws.com\/utfpr.curitiba.br\/wp-content\/uploads\/sites\/66\/2025\/05\/20240302_120934-1-150x150.jpg\" class=\"attachment-thumbnail size-thumbnail\" alt=\"\" \/><\/a>\n\t\t\t<\/dt><\/dl><dl class='gallery-item'>\n\t\t\t<dt class='gallery-icon landscape'>\n\t\t\t\t<a href='https:\/\/utfpr.curitiba.br\/damat\/damat-ct\/20250308_115837\/'><img loading=\"lazy\" decoding=\"async\" width=\"150\" height=\"150\" src=\"https:\/\/utfpr-ct-static-content.s3.amazonaws.com\/utfpr.curitiba.br\/wp-content\/uploads\/sites\/66\/2025\/05\/20250308_115837-150x150.jpg\" class=\"attachment-thumbnail size-thumbnail\" alt=\"\" \/><\/a>\n\t\t\t<\/dt><\/dl><dl class='gallery-item'>\n\t\t\t<dt class='gallery-icon portrait'>\n\t\t\t\t<a href='https:\/\/utfpr.curitiba.br\/damat\/20240810_121514\/'><img loading=\"lazy\" decoding=\"async\" width=\"150\" height=\"150\" src=\"https:\/\/utfpr-ct-static-content.s3.amazonaws.com\/utfpr.curitiba.br\/wp-content\/uploads\/sites\/66\/2025\/05\/20240810_121514-150x150.jpg\" class=\"attachment-thumbnail size-thumbnail\" alt=\"\" \/><\/a>\n\t\t\t<\/dt><\/dl><dl class='gallery-item'>\n\t\t\t<dt class='gallery-icon landscape'>\n\t\t\t\t<a href='https:\/\/utfpr.curitiba.br\/damat\/20241018_123320\/'><img loading=\"lazy\" decoding=\"async\" width=\"150\" height=\"150\" src=\"https:\/\/utfpr-ct-static-content.s3.amazonaws.com\/utfpr.curitiba.br\/wp-content\/uploads\/sites\/66\/2025\/05\/20241018_123320-150x150.jpg\" class=\"attachment-thumbnail size-thumbnail\" alt=\"\" \/><\/a>\n\t\t\t<\/dt><\/dl>\n\t\t\t<br style='clear: both' \/>\n\t\t<\/div>\n<p>\ud83d\udd17 <strong data-start=\"1123\" data-end=\"1150\">Veja mais no Instagram: <a href=\"https:\/\/www.instagram.com\/opm_utfpr\/#\">opm_utfpr<\/a><\/strong><\/p><\/div>\n\t\t\t\t\t\t\t\t\t<div class=\"elementor-tab-title elementor-tab-mobile-title\" aria-selected=\"false\" data-tab=\"4\" role=\"tab\" tabindex=\"-1\" aria-controls=\"elementor-tab-content-7044\" aria-expanded=\"false\">UTFdx<\/div>\n\t\t\t\t\t<div id=\"elementor-tab-content-7044\" class=\"elementor-tab-content elementor-clearfix\" data-tab=\"4\" role=\"tabpanel\" aria-labelledby=\"elementor-tab-title-7044\" tabindex=\"0\" hidden=\"hidden\"><h2><b>UTFdx: integra\u00e7\u00e3o de acad\u00eamicos \u00e0 Matem\u00e1tica<\/b><\/h2><h5><b>Sobre o projeto:<\/b><b><br \/><\/b><\/h5><p>O UTFdx organiza a\u00e7\u00f5es que incentivam o aprofundamento em conte\u00fados matem\u00e1ticos, especialmente c\u00e1lculo diferencial, entre estudantes do ensino superior. A iniciativa busca criar uma cultura de estudo cont\u00ednuo por meio de encontros, oficinas e desafios.<\/p><h5><b>Objetivos:<\/b><\/h5><ul><li style=\"font-weight: 400\">Promover o interesse constante por conte\u00fados matem\u00e1ticos na gradua\u00e7\u00e3o<\/li><li style=\"font-weight: 400\">Oferecer espa\u00e7os abertos para estudo de c\u00e1lculo e derivadas<\/li><li style=\"font-weight: 400\">Estimular eventos intercampi e torneios acad\u00eamicos<\/li><li>Criar oportunidades de troca de experi\u00eancias entre estudantes, com eventos como oficinas, competi\u00e7\u00f5es e atividades interinstitucionais<\/li><\/ul><p>\ud83d\udd17 <strong data-start=\"1123\" data-end=\"1150\">Veja mais no Instagram: <a href=\"https:\/\/www.instagram.com\/utfdx_curitiba\/#\">utfdx_curitiba<\/a><\/strong><\/p><\/div>\n\t\t\t\t\t\t\t<\/div>\n\t\t<\/div>\n\t\t\t\t\t\t<\/div>\n\t\t\t\t<\/div>\n\t\t\t\t\t<\/div>\n\t\t<\/div>\n\t\t\t\t\t<\/div>\n\t\t<\/section>\n\t\t\t\t<section class=\"elementor-section elementor-top-section elementor-element elementor-element-3e10df0 elementor-section-boxed elementor-section-height-default elementor-section-height-default\" data-id=\"3e10df0\" data-element_type=\"section\" data-e-type=\"section\">\n\t\t\t\t\t\t<div class=\"elementor-container elementor-column-gap-default\">\n\t\t\t\t\t<div class=\"elementor-column elementor-col-100 elementor-top-column elementor-element elementor-element-8ed8dcd\" data-id=\"8ed8dcd\" data-element_type=\"column\" data-e-type=\"column\">\n\t\t\t<div class=\"elementor-widget-wrap\">\n\t\t\t\t\t\t\t<\/div>\n\t\t<\/div>\n\t\t\t\t\t<\/div>\n\t\t<\/section>\n\t\t\t\t<\/div>\n\t\t","protected":false},"excerpt":{"rendered":"<p>Os projetos de extens\u00e3o s\u00e3o uma \u00f3tima oportunidade para aplicar o que se aprende no curso de forma pr\u00e1tica e com prop\u00f3sito. Eles aproximam o estudante da comunidade, incentivam a troca de conhecimento e mostram como a Matem\u00e1tica pode ser uma ferramenta poderosa para resolver problemas reais. Veja aqui nossos projetos extensionistas: AcerMat CiMa OPM [&hellip;]<\/p>\n","protected":false},"author":3,"featured_media":0,"parent":0,"menu_order":0,"comment_status":"closed","ping_status":"closed","template":"","meta":{"footnotes":""},"class_list":["post-33","page","type-page","status-publish","hentry"],"_links":{"self":[{"href":"https:\/\/utfpr.curitiba.br\/damat\/wp-json\/wp\/v2\/pages\/33","targetHints":{"allow":["GET"]}}],"collection":[{"href":"https:\/\/utfpr.curitiba.br\/damat\/wp-json\/wp\/v2\/pages"}],"about":[{"href":"https:\/\/utfpr.curitiba.br\/damat\/wp-json\/wp\/v2\/types\/page"}],"author":[{"embeddable":true,"href":"https:\/\/utfpr.curitiba.br\/damat\/wp-json\/wp\/v2\/users\/3"}],"replies":[{"embeddable":true,"href":"https:\/\/utfpr.curitiba.br\/damat\/wp-json\/wp\/v2\/comments?post=33"}],"version-history":[{"count":79,"href":"https:\/\/utfpr.curitiba.br\/damat\/wp-json\/wp\/v2\/pages\/33\/revisions"}],"predecessor-version":[{"id":1082,"href":"https:\/\/utfpr.curitiba.br\/damat\/wp-json\/wp\/v2\/pages\/33\/revisions\/1082"}],"wp:attachment":[{"href":"https:\/\/utfpr.curitiba.br\/damat\/wp-json\/wp\/v2\/media?parent=33"}],"curies":[{"name":"wp","href":"https:\/\/api.w.org\/{rel}","templated":true}]}}