{"id":1031,"date":"2025-05-26T14:22:23","date_gmt":"2025-05-26T17:22:23","guid":{"rendered":"https:\/\/utfpr-ct-static-content.s3.amazonaws.com\/utfpr.curitiba.br\/wp-content\/uploads\/sites\/66\/2025\/05\/Oficina-sobre-roteirizacao-de-videoaulas-de-matematica-no-evento-do-Worcktec.jpeg"},"modified":"2025-05-26T14:22:23","modified_gmt":"2025-05-26T17:22:23","slug":"oficina-sobre-roteirizacao-de-videoaulas-de-matematica-no-evento-do-worcktec","status":"inherit","type":"attachment","link":"https:\/\/utfpr.curitiba.br\/damat\/oficina-sobre-roteirizacao-de-videoaulas-de-matematica-no-evento-do-worcktec\/","title":{"rendered":"Oficina sobre roteiriza\u00e7\u00e3o de videoaulas de matem\u00e1tica no evento do Worcktec"},"author":377,"featured_media":0,"comment_status":"closed","ping_status":"closed","template":"","meta":[],"class_list":["post-1031","attachment","type-attachment","status-inherit","hentry"],"description":{"rendered":"<p class=\"attachment\"><a href='https:\/\/utfpr-ct-static-content.s3.amazonaws.com\/utfpr.curitiba.br\/wp-content\/uploads\/sites\/66\/2025\/05\/Oficina-sobre-roteirizacao-de-videoaulas-de-matematica-no-evento-do-Worcktec.jpeg'><img fetchpriority=\"high\" decoding=\"async\" width=\"300\" height=\"226\" src=\"https:\/\/utfpr-ct-static-content.s3.amazonaws.com\/utfpr.curitiba.br\/wp-content\/uploads\/sites\/66\/2025\/05\/Oficina-sobre-roteirizacao-de-videoaulas-de-matematica-no-evento-do-Worcktec-300x226.jpeg\" class=\"attachment-medium size-medium\" alt=\"\" srcset=\"https:\/\/utfpr-ct-static-content.s3.amazonaws.com\/utfpr.curitiba.br\/wp-content\/uploads\/sites\/66\/2025\/05\/Oficina-sobre-roteirizacao-de-videoaulas-de-matematica-no-evento-do-Worcktec-300x226.jpeg 300w, https:\/\/utfpr-ct-static-content.s3.amazonaws.com\/utfpr.curitiba.br\/wp-content\/uploads\/sites\/66\/2025\/05\/Oficina-sobre-roteirizacao-de-videoaulas-de-matematica-no-evento-do-Worcktec-1024x771.jpeg 1024w, https:\/\/utfpr-ct-static-content.s3.amazonaws.com\/utfpr.curitiba.br\/wp-content\/uploads\/sites\/66\/2025\/05\/Oficina-sobre-roteirizacao-de-videoaulas-de-matematica-no-evento-do-Worcktec-768x578.jpeg 768w, https:\/\/utfpr-ct-static-content.s3.amazonaws.com\/utfpr.curitiba.br\/wp-content\/uploads\/sites\/66\/2025\/05\/Oficina-sobre-roteirizacao-de-videoaulas-de-matematica-no-evento-do-Worcktec-1536x1156.jpeg 1536w, https:\/\/utfpr-ct-static-content.s3.amazonaws.com\/utfpr.curitiba.br\/wp-content\/uploads\/sites\/66\/2025\/05\/Oficina-sobre-roteirizacao-de-videoaulas-de-matematica-no-evento-do-Worcktec.jpeg 1600w\" sizes=\"(max-width: 300px) 100vw, 300px\" \/><\/a><\/p>\n"},"caption":{"rendered":""},"alt_text":"","media_type":"image","mime_type":"image\/jpeg","media_details":{"width":1600,"height":1204,"file":"2025\/05\/Oficina-sobre-roteirizacao-de-videoaulas-de-matematica-no-evento-do-Worcktec.jpeg","filesize":381645,"sizes":{"medium":{"file":"Oficina-sobre-roteirizacao-de-videoaulas-de-matematica-no-evento-do-Worcktec-300x226.jpeg","width":300,"height":226,"mime_type":"image\/jpeg","source_url":"https:\/\/utfpr-ct-static-content.s3.amazonaws.com\/utfpr.curitiba.br\/wp-content\/uploads\/sites\/66\/2025\/05\/Oficina-sobre-roteirizacao-de-videoaulas-de-matematica-no-evento-do-Worcktec-300x226.jpeg"},"large":{"file":"Oficina-sobre-roteirizacao-de-videoaulas-de-matematica-no-evento-do-Worcktec-1024x771.jpeg","width":1024,"height":771,"mime_type":"image\/jpeg","source_url":"https:\/\/utfpr-ct-static-content.s3.amazonaws.com\/utfpr.curitiba.br\/wp-content\/uploads\/sites\/66\/2025\/05\/Oficina-sobre-roteirizacao-de-videoaulas-de-matematica-no-evento-do-Worcktec-1024x771.jpeg"},"thumbnail":{"file":"Oficina-sobre-roteirizacao-de-videoaulas-de-matematica-no-evento-do-Worcktec-150x150.jpeg","width":150,"height":150,"mime_type":"image\/jpeg","source_url":"https:\/\/utfpr-ct-static-content.s3.amazonaws.com\/utfpr.curitiba.br\/wp-content\/uploads\/sites\/66\/2025\/05\/Oficina-sobre-roteirizacao-de-videoaulas-de-matematica-no-evento-do-Worcktec-150x150.jpeg"},"medium_large":{"file":"Oficina-sobre-roteirizacao-de-videoaulas-de-matematica-no-evento-do-Worcktec-768x578.jpeg","width":768,"height":578,"mime_type":"image\/jpeg","source_url":"https:\/\/utfpr-ct-static-content.s3.amazonaws.com\/utfpr.curitiba.br\/wp-content\/uploads\/sites\/66\/2025\/05\/Oficina-sobre-roteirizacao-de-videoaulas-de-matematica-no-evento-do-Worcktec-768x578.jpeg"},"1536x1536":{"file":"Oficina-sobre-roteirizacao-de-videoaulas-de-matematica-no-evento-do-Worcktec-1536x1156.jpeg","width":1536,"height":1156,"mime_type":"image\/jpeg","source_url":"https:\/\/utfpr-ct-static-content.s3.amazonaws.com\/utfpr.curitiba.br\/wp-content\/uploads\/sites\/66\/2025\/05\/Oficina-sobre-roteirizacao-de-videoaulas-de-matematica-no-evento-do-Worcktec-1536x1156.jpeg"},"sirat-homepage-thumb":{"file":"Oficina-sobre-roteirizacao-de-videoaulas-de-matematica-no-evento-do-Worcktec-240x145.jpeg","width":240,"height":145,"mime_type":"image\/jpeg","source_url":"https:\/\/utfpr-ct-static-content.s3.amazonaws.com\/utfpr.curitiba.br\/wp-content\/uploads\/sites\/66\/2025\/05\/Oficina-sobre-roteirizacao-de-videoaulas-de-matematica-no-evento-do-Worcktec-240x145.jpeg"},"full":{"file":"Oficina-sobre-roteirizacao-de-videoaulas-de-matematica-no-evento-do-Worcktec.jpeg","width":1600,"height":1204,"mime_type":"image\/jpeg","source_url":"https:\/\/utfpr-ct-static-content.s3.amazonaws.com\/utfpr.curitiba.br\/wp-content\/uploads\/sites\/66\/2025\/05\/Oficina-sobre-roteirizacao-de-videoaulas-de-matematica-no-evento-do-Worcktec.jpeg"}},"image_meta":{"aperture":"0","credit":"","camera":"","caption":"","created_timestamp":"0","copyright":"","focal_length":"0","iso":"0","shutter_speed":"0","title":"","orientation":"0","keywords":[]}},"post":null,"source_url":"https:\/\/utfpr-ct-static-content.s3.amazonaws.com\/utfpr.curitiba.br\/wp-content\/uploads\/sites\/66\/2025\/05\/Oficina-sobre-roteirizacao-de-videoaulas-de-matematica-no-evento-do-Worcktec.jpeg","_links":{"self":[{"href":"https:\/\/utfpr.curitiba.br\/damat\/wp-json\/wp\/v2\/media\/1031","targetHints":{"allow":["GET"]}}],"collection":[{"href":"https:\/\/utfpr.curitiba.br\/damat\/wp-json\/wp\/v2\/media"}],"about":[{"href":"https:\/\/utfpr.curitiba.br\/damat\/wp-json\/wp\/v2\/types\/attachment"}],"author":[{"embeddable":true,"href":"https:\/\/utfpr.curitiba.br\/damat\/wp-json\/wp\/v2\/users\/377"}],"replies":[{"embeddable":true,"href":"https:\/\/utfpr.curitiba.br\/damat\/wp-json\/wp\/v2\/comments?post=1031"}]}}

Oficina sobre roteirização de videoaulas de matemática no evento do Worcktec
