{"id":641,"date":"2024-04-24T12:20:43","date_gmt":"2024-04-24T15:20:43","guid":{"rendered":"https:\/\/utfpr.curitiba.br\/dalemdidatico\/?page_id=641"},"modified":"2024-06-03T23:27:22","modified_gmt":"2024-06-04T02:27:22","slug":"equipe","status":"publish","type":"page","link":"https:\/\/utfpr.curitiba.br\/dalemdidatico\/equipe\/","title":{"rendered":"Equipe"},"content":{"rendered":"\n<p class=\"has-text-align-left\"><strong>Professores<\/strong><\/p>\n\n\n\n<p class=\"has-text-align-left\"><a href=\"http:\/\/lattes.cnpq.br\/0904067563497910\" target=\"_blank\" rel=\"noreferrer noopener\">Andressa Brawerman Albini<\/a> &#8211; coordena\u00e7\u00e3o geral<\/p>\n\n\n\n<p class=\"has-text-align-left\"><a href=\"http:\/\/lattes.cnpq.br\/3888517099645193\" target=\"_blank\" rel=\"noreferrer noopener\">Walker Douglas Pincerati<\/a> &#8211; coordena\u00e7\u00e3o de edi\u00e7\u00e3o e webdesign<\/p>\n\n\n\n<p class=\"has-text-align-left\"><\/p>\n\n\n\n<p class=\"has-text-align-left\"><strong>Estudantes <\/strong><\/p>\n\n\n\n<p class=\"has-text-align-left\">Amanda Andrade Paludo &#8211; bolsista DALEM<\/p>\n\n\n\n<p>Amanda Cristina Maia da Silva &#8211; bolsista\u00a0PROREC<\/p>\n\n\n\n<p class=\"has-text-align-left\">Gabriela Tsuneta Tavares &#8211; bolsista PROREC<\/p>\n\n\n\n<p class=\"has-text-align-left\"><\/p>\n\n\n\n<p class=\"has-text-align-left\"><strong>Ex-colaboradores-participantes<\/strong><\/p>\n\n\n\n<p class=\"has-text-align-left\"><a href=\"http:\/\/lattes.cnpq.br\/9987720279696805\" target=\"_blank\" rel=\"noreferrer noopener\">Jo\u00e3o Gabriel da Cunha Brauhardt Hessel<\/a> &#8211; bolsista DALEM<\/p>\n\n\n\n<p class=\"has-text-align-left\">Julia Camile dos Santos &#8211; bolsista DALEM<\/p>\n\n\n\n<p class=\"has-text-align-left\">Rafaela Sander de Barros Carvalho &#8211; bolsista DALEM<\/p>\n","protected":false},"excerpt":{"rendered":"<p>Professores Andressa Brawerman Albini &#8211; coordena\u00e7\u00e3o geral Walker Douglas Pincerati &#8211; coordena\u00e7\u00e3o de edi\u00e7\u00e3o e webdesign Estudantes Amanda Andrade Paludo &#8211; bolsista DALEM Amanda Cristina Maia da Silva &#8211; bolsista\u00a0PROREC Gabriela Tsuneta Tavares &#8211; bolsista PROREC Ex-colaboradores-participantes Jo\u00e3o Gabriel da Cunha Brauhardt Hessel &#8211; bolsista DALEM Julia Camile dos Santos &#8211; bolsista DALEM Rafaela Sander [&hellip;]<\/p>\n","protected":false},"author":39,"featured_media":0,"parent":0,"menu_order":0,"comment_status":"closed","ping_status":"closed","template":"","meta":{"footnotes":""},"class_list":["post-641","page","type-page","status-publish","hentry"],"_links":{"self":[{"href":"https:\/\/utfpr.curitiba.br\/dalemdidatico\/wp-json\/wp\/v2\/pages\/641","targetHints":{"allow":["GET"]}}],"collection":[{"href":"https:\/\/utfpr.curitiba.br\/dalemdidatico\/wp-json\/wp\/v2\/pages"}],"about":[{"href":"https:\/\/utfpr.curitiba.br\/dalemdidatico\/wp-json\/wp\/v2\/types\/page"}],"author":[{"embeddable":true,"href":"https:\/\/utfpr.curitiba.br\/dalemdidatico\/wp-json\/wp\/v2\/users\/39"}],"replies":[{"embeddable":true,"href":"https:\/\/utfpr.curitiba.br\/dalemdidatico\/wp-json\/wp\/v2\/comments?post=641"}],"version-history":[{"count":11,"href":"https:\/\/utfpr.curitiba.br\/dalemdidatico\/wp-json\/wp\/v2\/pages\/641\/revisions"}],"predecessor-version":[{"id":719,"href":"https:\/\/utfpr.curitiba.br\/dalemdidatico\/wp-json\/wp\/v2\/pages\/641\/revisions\/719"}],"wp:attachment":[{"href":"https:\/\/utfpr.curitiba.br\/dalemdidatico\/wp-json\/wp\/v2\/media?parent=641"}],"curies":[{"name":"wp","href":"https:\/\/api.w.org\/{rel}","templated":true}]}}

<p class="has-text-align-left"><strong>Professores</strong></p>



<p class="has-text-align-left"><a href="http://lattes.cnpq.br/0904067563497910" target="_blank" rel="noreferrer noopener">Andressa Brawerman Albini</a> &#8211; coordenação geral</p>



<p class="has-text-align-left"><a href="http://lattes.cnpq.br/3888517099645193" target="_blank" rel="noreferrer noopener">Walker Douglas Pincerati</a> &#8211; coordenação de edição e webdesign</p>



<p class="has-text-align-left"></p>



<p class="has-text-align-left"><strong>Estudantes </strong></p>



<p class="has-text-align-left">Amanda Andrade Paludo &#8211; bolsista DALEM</p>



<p>Amanda Cristina Maia da Silva &#8211; bolsista PROREC</p>



<p class="has-text-align-left">Gabriela Tsuneta Tavares &#8211; bolsista PROREC</p>



<p class="has-text-align-left"></p>



<p class="has-text-align-left"><strong>Ex-colaboradores-participantes</strong></p>



<p class="has-text-align-left"><a href="http://lattes.cnpq.br/9987720279696805" target="_blank" rel="noreferrer noopener">João Gabriel da Cunha Brauhardt Hessel</a> &#8211; bolsista DALEM</p>



<p class="has-text-align-left">Julia Camile dos Santos &#8211; bolsista DALEM</p>



<p class="has-text-align-left">Rafaela Sander de Barros Carvalho &#8211; bolsista DALEM</p>

<p>Professores Andressa Brawerman Albini &#8211; coordenação geral Walker Douglas Pincerati &#8211; coordenação de edição e webdesign Estudantes Amanda Andrade Paludo &#8211; bolsista DALEM Amanda Cristina Maia da Silva &#8211; bolsista PROREC Gabriela Tsuneta Tavares &#8211; bolsista PROREC Ex-colaboradores-participantes João Gabriel da Cunha Brauhardt Hessel &#8211; bolsista DALEM Julia Camile dos Santos &#8211; bolsista DALEM Rafaela Sander [&hellip;]</p>
