{"id":631,"date":"2024-04-24T12:01:49","date_gmt":"2024-04-24T15:01:49","guid":{"rendered":"https:\/\/utfpr.curitiba.br\/dalemdidatico\/?page_id=631"},"modified":"2024-10-02T21:35:45","modified_gmt":"2024-10-03T00:35:45","slug":"contato","status":"publish","type":"page","link":"https:\/\/utfpr.curitiba.br\/dalemdidatico\/contato\/","title":{"rendered":"Contato"},"content":{"rendered":"\n<p><strong>Projeto de Extens\u00e3o &#8220;Dalem Did\u00e1tico&#8221;<\/strong><\/p>\n\n\n\n<p><a href=\"https:\/\/ct.utfpr.edu.br\/dalem\/\" target=\"_blank\" rel=\"noreferrer noopener\">Departamento Acad\u00eamico de L\u00ednguas Estrangeiras Modernas<\/a>.<\/p>\n\n\n\n<p><a href=\"https:\/\/www.utfpr.edu.br\/\" target=\"_blank\" rel=\"noreferrer noopener\">Universidade Tecnol\u00f3gica Federal do Paran\u00e1<\/a>, <a href=\"https:\/\/www.utfpr.edu.br\/campus\/curitiba\">Campus Curitiba<\/a>.<br>Av. Sete de Setembro, 3165. Rebou\u00e7as. 80230901 &#8211; Curitiba, PR &#8211; Brasil.<br>Telefone: (41) 3310.4597<\/p>\n\n\n\n<p>Email do projeto: <a href=\"mailto:dalemdidatico@gmail.com\" target=\"_blank\" rel=\"noreferrer noopener\">dalemdidatico@gmail.com<\/a>. <\/p>\n\n\n\n<p><strong>Aten\u00e7\u00e3o<\/strong>: Se voc\u00ea tem sugest\u00f5es, coment\u00e1rios, cr\u00edticas ou quer algum material que n\u00e3o encontrou aqui, <a href=\"https:\/\/forms.gle\/o5UuWCnXe5mNdqUP6\" target=\"_blank\" rel=\"noreferrer noopener\">clique aqui<\/a> e preencha o formul\u00e1rio!<br><\/p>\n","protected":false},"excerpt":{"rendered":"<p>Projeto de Extens\u00e3o &#8220;Dalem Did\u00e1tico&#8221; Departamento Acad\u00eamico de L\u00ednguas Estrangeiras Modernas. Universidade Tecnol\u00f3gica Federal do Paran\u00e1, Campus Curitiba.Av. Sete de Setembro, 3165. Rebou\u00e7as. 80230901 &#8211; Curitiba, PR &#8211; Brasil.Telefone: (41) 3310.4597 Email do projeto: dalemdidatico@gmail.com. Aten\u00e7\u00e3o: Se voc\u00ea tem sugest\u00f5es, coment\u00e1rios, cr\u00edticas ou quer algum material que n\u00e3o encontrou aqui, clique aqui e preencha o [&hellip;]<\/p>\n","protected":false},"author":39,"featured_media":0,"parent":0,"menu_order":0,"comment_status":"closed","ping_status":"closed","template":"","meta":{"footnotes":""},"class_list":["post-631","page","type-page","status-publish","hentry"],"_links":{"self":[{"href":"https:\/\/utfpr.curitiba.br\/dalemdidatico\/wp-json\/wp\/v2\/pages\/631","targetHints":{"allow":["GET"]}}],"collection":[{"href":"https:\/\/utfpr.curitiba.br\/dalemdidatico\/wp-json\/wp\/v2\/pages"}],"about":[{"href":"https:\/\/utfpr.curitiba.br\/dalemdidatico\/wp-json\/wp\/v2\/types\/page"}],"author":[{"embeddable":true,"href":"https:\/\/utfpr.curitiba.br\/dalemdidatico\/wp-json\/wp\/v2\/users\/39"}],"replies":[{"embeddable":true,"href":"https:\/\/utfpr.curitiba.br\/dalemdidatico\/wp-json\/wp\/v2\/comments?post=631"}],"version-history":[{"count":4,"href":"https:\/\/utfpr.curitiba.br\/dalemdidatico\/wp-json\/wp\/v2\/pages\/631\/revisions"}],"predecessor-version":[{"id":1583,"href":"https:\/\/utfpr.curitiba.br\/dalemdidatico\/wp-json\/wp\/v2\/pages\/631\/revisions\/1583"}],"wp:attachment":[{"href":"https:\/\/utfpr.curitiba.br\/dalemdidatico\/wp-json\/wp\/v2\/media?parent=631"}],"curies":[{"name":"wp","href":"https:\/\/api.w.org\/{rel}","templated":true}]}}

<p><strong>Projeto de Extensão &#8220;Dalem Didático&#8221;</strong></p>



<p><a href="https://ct.utfpr.edu.br/dalem/" target="_blank" rel="noreferrer noopener">Departamento Acadêmico de Línguas Estrangeiras Modernas</a>.</p>



<p><a href="https://www.utfpr.edu.br/" target="_blank" rel="noreferrer noopener">Universidade Tecnológica Federal do Paraná</a>, <a href="https://www.utfpr.edu.br/campus/curitiba">Campus Curitiba</a>.<br>Av. Sete de Setembro, 3165. Rebouças. 80230901 &#8211; Curitiba, PR &#8211; Brasil.<br>Telefone: (41) 3310.4597</p>



<p>Email do projeto: <a href="mailto:dalemdidatico@gmail.com" target="_blank" rel="noreferrer noopener">dalemdidatico@gmail.com</a>. </p>



<p><strong>Atenção</strong>: Se você tem sugestões, comentários, críticas ou quer algum material que não encontrou aqui, <a href="https://forms.gle/o5UuWCnXe5mNdqUP6" target="_blank" rel="noreferrer noopener">clique aqui</a> e preencha o formulário!<br></p>

<p>Projeto de Extensão &#8220;Dalem Didático&#8221; Departamento Acadêmico de Línguas Estrangeiras Modernas. Universidade Tecnológica Federal do Paraná, Campus Curitiba.Av. Sete de Setembro, 3165. Rebouças. 80230901 &#8211; Curitiba, PR &#8211; Brasil.Telefone: (41) 3310.4597 Email do projeto: dalemdidatico@gmail.com. Atenção: Se você tem sugestões, comentários, críticas ou quer algum material que não encontrou aqui, clique aqui e preencha o [&hellip;]</p>
