{"id":5068,"date":"2025-03-14T14:45:10","date_gmt":"2025-03-14T17:45:10","guid":{"rendered":"https:\/\/utfpr.curitiba.br\/dalem\/?page_id=5068"},"modified":"2025-03-14T16:09:27","modified_gmt":"2025-03-14T19:09:27","slug":"internacionalizacao","status":"publish","type":"page","link":"https:\/\/utfpr.curitiba.br\/dalem\/?page_id=5068","title":{"rendered":"INTERNACIONALIZA\u00c7\u00c3O"},"content":{"rendered":"\t\t<div data-elementor-type=\"wp-page\" data-elementor-id=\"5068\" class=\"elementor elementor-5068\">\n\t\t\t\t\t\t<section class=\"elementor-section elementor-top-section elementor-element elementor-element-5316003 elementor-section-boxed elementor-section-height-default elementor-section-height-default\" data-id=\"5316003\" data-element_type=\"section\" data-e-type=\"section\">\n\t\t\t\t\t\t<div class=\"elementor-container elementor-column-gap-default\">\n\t\t\t\t\t<div class=\"elementor-column elementor-col-50 elementor-top-column elementor-element elementor-element-ae6443f\" data-id=\"ae6443f\" data-element_type=\"column\" data-e-type=\"column\">\n\t\t\t<div class=\"elementor-widget-wrap elementor-element-populated\">\n\t\t\t\t\t\t<div class=\"elementor-element elementor-element-e41f4b5 elementor-widget elementor-widget-heading\" data-id=\"e41f4b5\" data-element_type=\"widget\" data-e-type=\"widget\" data-widget_type=\"heading.default\">\n\t\t\t\t<div class=\"elementor-widget-container\">\n\t\t\t\t\t<h2 class=\"elementor-heading-title elementor-size-default\">Mobilidade Estudantil Internacional (MEI)<\/h2>\t\t\t\t<\/div>\n\t\t\t\t<\/div>\n\t\t\t\t<div class=\"elementor-element elementor-element-3ba1167 elementor-widget elementor-widget-text-editor\" data-id=\"3ba1167\" data-element_type=\"widget\" data-e-type=\"widget\" data-widget_type=\"text-editor.default\">\n\t\t\t\t<div class=\"elementor-widget-container\">\n\t\t\t\t\t\t\t\t\t<p><span style=\"font-family: Arial, serif\"><span style=\"font-size: medium\">Entende-se como Mobilidade Estudantil Internacional (MEI) o processo que\u00a0<\/span><\/span><span style=\"font-family: Arial, serif\"><span style=\"font-size: medium\">possibilita o afastamento tempor\u00e1rio do estudante para estudo em institui\u00e7\u00f5es <\/span><\/span><span style=\"font-family: Arial, serif\"><span style=\"font-size: medium\">estrangeiras conveniadas, prevendo que a conclus\u00e3o do curso se d\u00ea na\u00a0<\/span><\/span><span style=\"font-family: Arial, serif\"><span style=\"font-size: medium\">UTFPR. As disciplinas cursadas no exterior podem ser convalidadas no curso de Letras-Ingl\u00eas da UTFPR se a carga hor\u00e1ria e o conte\u00fado forem compat\u00edveis com o nosso PPC, caso contr\u00e1rio, essas disciplinas ser\u00e3o consideradas apenas um enriquecimento curricular. As despesas com viagem, acomoda\u00e7\u00e3o e alimenta\u00e7\u00e3o s\u00e3o por conta do intercambista, o(a) estudante n\u00e3o precisar\u00e1 pagar nada para universidade onde for estudar.<\/span><\/span><\/p><p><span style=\"font-family: Arial, serif\"><span style=\"font-size: medium\">No curso de Letras-Ingl\u00eas da UTFPR a pessoa respons\u00e1vel pela internacionaliza\u00e7\u00e3o \u00e9 o prof. <a href=\"https:\/\/buscatextual.cnpq.br\/buscatextual\/visualizacv.do?metodo=apresentar&amp;id=K4219893U9\"><strong>Dr. Dante Luiz de Lima. <\/strong><\/a><\/span><\/span><\/p><p><span style=\"font-size: medium;font-family: Arial, serif\">Para mais informa\u00e7\u00f5es leia:<\/span><\/p>\t\t\t\t\t\t\t\t<\/div>\n\t\t\t\t<\/div>\n\t\t\t\t<div class=\"elementor-element elementor-element-a16cc60 elementor-widget elementor-widget-button\" data-id=\"a16cc60\" data-element_type=\"widget\" data-e-type=\"widget\" data-widget_type=\"button.default\">\n\t\t\t\t<div class=\"elementor-widget-container\">\n\t\t\t\t\t\t\t\t\t<div class=\"elementor-button-wrapper\">\n\t\t\t\t\t<a class=\"elementor-button elementor-button-link elementor-size-sm\" href=\"https:\/\/drive.google.com\/file\/d\/150nfY9HCJyH3MOlI0g7M9bl_Bh5vJu2X\/view?usp=drive_link\">\n\t\t\t\t\t\t<span class=\"elementor-button-content-wrapper\">\n\t\t\t\t\t\t\t\t\t<span class=\"elementor-button-text\">Instru\u00e7\u00e3o Normativa Conjunta 01\/14 \u2013 PROREC \/ PROGRAD<\/span>\n\t\t\t\t\t<\/span>\n\t\t\t\t\t<\/a>\n\t\t\t\t<\/div>\n\t\t\t\t\t\t\t\t<\/div>\n\t\t\t\t<\/div>\n\t\t\t\t\t<\/div>\n\t\t<\/div>\n\t\t\t\t<div class=\"elementor-column elementor-col-50 elementor-top-column elementor-element elementor-element-6b07eb7\" data-id=\"6b07eb7\" data-element_type=\"column\" data-e-type=\"column\">\n\t\t\t<div class=\"elementor-widget-wrap elementor-element-populated\">\n\t\t\t\t\t\t<div class=\"elementor-element elementor-element-776ae57 elementor-widget elementor-widget-wp-widget-colormag_featured_posts_widget\" data-id=\"776ae57\" data-element_type=\"widget\" data-e-type=\"widget\" data-widget_type=\"wp-widget-colormag_featured_posts_widget.default\">\n\t\t\t\t<div class=\"elementor-widget-container\">\n\t\t\t\t\t<section class=\"widget widget_featured_posts widget_featured_meta clearfix\">\r\n\t\t<div class=\"cm-first-post\">\r\n\t\t\t<div class=\"cm-post\">\r\n\t\t\t\t\r\n\t\t\t\t<div class=\"cm-post-content\">\r\n\t\t\t\t\t<div class=\"cm-entry-header-meta\"><div class=\"cm-post-categories\"><a href=\"https:\/\/utfpr.curitiba.br\/dalem\/?cat=44\" rel=\"category tag\">DALEM<\/a><a href=\"https:\/\/utfpr.curitiba.br\/dalem\/?cat=47\" rel=\"category tag\">Editais<\/a><a href=\"https:\/\/utfpr.curitiba.br\/dalem\/?cat=10\" rel=\"category tag\">Profici\u00eancia<\/a><\/div><\/div>\t\t<h3 class=\"cm-entry-title\">\r\n\t\t\t<a href=\"https:\/\/utfpr.curitiba.br\/dalem\/?p=5793\" title=\"RESULTADO FINAL &#8211; Exame de Profici\u00eancia em L\u00edngua Estrangeira &#8211; Edital 01\/2026\">\r\n\t\t\t\tRESULTADO FINAL &#8211; Exame de Profici\u00eancia em L\u00edngua Estrangeira &#8211; Edital 01\/2026\t\t\t<\/a>\r\n\t\t<\/h3>\r\n\t\t<div class=\"cm-below-entry-meta \"><span class=\"cm-post-date\"><a href=\"https:\/\/utfpr.curitiba.br\/dalem\/?p=5793\" title=\"18:39\" rel=\"bookmark\"><svg class=\"cm-icon cm-icon--calendar-fill\" xmlns=\"http:\/\/www.w3.org\/2000\/svg\" viewBox=\"0 0 24 24\"><path d=\"M21.1 6.6v1.6c0 .6-.4 1-1 1H3.9c-.6 0-1-.4-1-1V6.6c0-1.5 1.3-2.8 2.8-2.8h1.7V3c0-.6.4-1 1-1s1 .4 1 1v.8h5.2V3c0-.6.4-1 1-1s1 .4 1 1v.8h1.7c1.5 0 2.8 1.3 2.8 2.8zm-1 4.6H3.9c-.6 0-1 .4-1 1v7c0 1.5 1.3 2.8 2.8 2.8h12.6c1.5 0 2.8-1.3 2.8-2.8v-7c0-.6-.4-1-1-1z\"><\/path><\/svg> <time class=\"entry-date published updated\" datetime=\"2026-04-01T18:39:53-03:00\">1 de abril de 2026<\/time><\/a><\/span>\r\n\t\t<span class=\"cm-author cm-vcard\">\r\n\t\t\t<svg class=\"cm-icon cm-icon--user\" xmlns=\"http:\/\/www.w3.org\/2000\/svg\" viewBox=\"0 0 24 24\"><path d=\"M7 7c0-2.8 2.2-5 5-5s5 2.2 5 5-2.2 5-5 5-5-2.2-5-5zm9 7H8c-2.8 0-5 2.2-5 5v2c0 .6.4 1 1 1h16c.6 0 1-.4 1-1v-2c0-2.8-2.2-5-5-5z\"><\/path><\/svg>\t\t\t<a class=\"url fn n\"\r\n\t\t\thref=\"https:\/\/utfpr.curitiba.br\/dalem\/?author=362\"\r\n\t\t\ttitle=\"KALIANNI DEJAVITE GONCALVES\"\r\n\t\t\t>\r\n\t\t\t\tKALIANNI DEJAVITE GONCALVES\t\t\t<\/a>\r\n\t\t<\/span>\r\n\r\n\t\t<\/div>\r\n\t\t\t\t\t\t\t\t\t\t\t<div class=\"cm-entry-summary\">\r\n\t\t\t\t\t\t\t\t\t\t\t\t\t<\/div>\r\n\t\t\t\t\t\t\t\t\t<\/div>\r\n\r\n\t\t\t<\/div>\r\n\r\n\t\t\t<\/div><div class=\"cm-posts\">\r\n\t\t\t<div class=\"cm-post\">\r\n\t\t\t\t\r\n\t\t\t\t<div class=\"cm-post-content\">\r\n\t\t\t\t\t<div class=\"cm-entry-header-meta\"><div class=\"cm-post-categories\"><a href=\"https:\/\/utfpr.curitiba.br\/dalem\/?cat=44\" rel=\"category tag\">DALEM<\/a><a href=\"https:\/\/utfpr.curitiba.br\/dalem\/?cat=10\" rel=\"category tag\">Profici\u00eancia<\/a><\/div><\/div>\t\t<h3 class=\"cm-entry-title\">\r\n\t\t\t<a href=\"https:\/\/utfpr.curitiba.br\/dalem\/?p=5767\" title=\"Resultado Preliminar &#8211; Prova de Profici\u00eancia em L\u00edngua Estrangeira &#8211; Edital 01\/2026\">\r\n\t\t\t\tResultado Preliminar &#8211; Prova de Profici\u00eancia em L\u00edngua Estrangeira &#8211; Edital 01\/2026\t\t\t<\/a>\r\n\t\t<\/h3>\r\n\t\t<div class=\"cm-below-entry-meta \"><span class=\"cm-post-date\"><a href=\"https:\/\/utfpr.curitiba.br\/dalem\/?p=5767\" title=\"15:36\" rel=\"bookmark\"><svg class=\"cm-icon cm-icon--calendar-fill\" xmlns=\"http:\/\/www.w3.org\/2000\/svg\" viewBox=\"0 0 24 24\"><path d=\"M21.1 6.6v1.6c0 .6-.4 1-1 1H3.9c-.6 0-1-.4-1-1V6.6c0-1.5 1.3-2.8 2.8-2.8h1.7V3c0-.6.4-1 1-1s1 .4 1 1v.8h5.2V3c0-.6.4-1 1-1s1 .4 1 1v.8h1.7c1.5 0 2.8 1.3 2.8 2.8zm-1 4.6H3.9c-.6 0-1 .4-1 1v7c0 1.5 1.3 2.8 2.8 2.8h12.6c1.5 0 2.8-1.3 2.8-2.8v-7c0-.6-.4-1-1-1z\"><\/path><\/svg> <time class=\"entry-date published updated\" datetime=\"2026-03-27T15:36:16-03:00\">27 de mar\u00e7o de 2026<\/time><\/a><\/span>\r\n\t\t<span class=\"cm-author cm-vcard\">\r\n\t\t\t<svg class=\"cm-icon cm-icon--user\" xmlns=\"http:\/\/www.w3.org\/2000\/svg\" viewBox=\"0 0 24 24\"><path d=\"M7 7c0-2.8 2.2-5 5-5s5 2.2 5 5-2.2 5-5 5-5-2.2-5-5zm9 7H8c-2.8 0-5 2.2-5 5v2c0 .6.4 1 1 1h16c.6 0 1-.4 1-1v-2c0-2.8-2.2-5-5-5z\"><\/path><\/svg>\t\t\t<a class=\"url fn n\"\r\n\t\t\thref=\"https:\/\/utfpr.curitiba.br\/dalem\/?author=362\"\r\n\t\t\ttitle=\"KALIANNI DEJAVITE GONCALVES\"\r\n\t\t\t>\r\n\t\t\t\tKALIANNI DEJAVITE GONCALVES\t\t\t<\/a>\r\n\t\t<\/span>\r\n\r\n\t\t<\/div>\r\n\t\t\t\t\t\t\t\t\t<\/div>\r\n\r\n\t\t\t<\/div>\r\n\r\n\t\t\t<\/div><\/section>\t\t\t\t<\/div>\n\t\t\t\t<\/div>\n\t\t\t\t\t<\/div>\n\t\t<\/div>\n\t\t\t\t\t<\/div>\n\t\t<\/section>\n\t\t\t\t<section class=\"elementor-section elementor-top-section elementor-element elementor-element-ad2b8df elementor-section-boxed elementor-section-height-default elementor-section-height-default\" data-id=\"ad2b8df\" data-element_type=\"section\" data-e-type=\"section\">\n\t\t\t\t\t\t<div class=\"elementor-container elementor-column-gap-default\">\n\t\t\t\t\t<div class=\"elementor-column elementor-col-100 elementor-top-column elementor-element elementor-element-3ed1dbe\" data-id=\"3ed1dbe\" data-element_type=\"column\" data-e-type=\"column\">\n\t\t\t<div class=\"elementor-widget-wrap\">\n\t\t\t\t\t\t\t<\/div>\n\t\t<\/div>\n\t\t\t\t\t<\/div>\n\t\t<\/section>\n\t\t\t\t<section class=\"elementor-section elementor-top-section elementor-element elementor-element-791fd8a elementor-section-boxed elementor-section-height-default elementor-section-height-default\" data-id=\"791fd8a\" data-element_type=\"section\" data-e-type=\"section\">\n\t\t\t\t\t\t<div class=\"elementor-container elementor-column-gap-default\">\n\t\t\t\t\t<div class=\"elementor-column elementor-col-100 elementor-top-column elementor-element elementor-element-80f08d4\" data-id=\"80f08d4\" data-element_type=\"column\" data-e-type=\"column\">\n\t\t\t<div class=\"elementor-widget-wrap\">\n\t\t\t\t\t\t\t<\/div>\n\t\t<\/div>\n\t\t\t\t\t<\/div>\n\t\t<\/section>\n\t\t\t\t<section class=\"elementor-section elementor-top-section elementor-element elementor-element-8f07da3 elementor-section-boxed elementor-section-height-default elementor-section-height-default\" data-id=\"8f07da3\" data-element_type=\"section\" data-e-type=\"section\">\n\t\t\t\t\t\t<div class=\"elementor-container elementor-column-gap-default\">\n\t\t\t\t\t<div class=\"elementor-column elementor-col-100 elementor-top-column elementor-element elementor-element-be5107f\" data-id=\"be5107f\" data-element_type=\"column\" data-e-type=\"column\">\n\t\t\t<div class=\"elementor-widget-wrap\">\n\t\t\t\t\t\t\t<\/div>\n\t\t<\/div>\n\t\t\t\t\t<\/div>\n\t\t<\/section>\n\t\t\t\t<\/div>\n\t\t","protected":false},"excerpt":{"rendered":"<p>Mobilidade Estudantil Internacional (MEI) Entende-se como Mobilidade Estudantil Internacional (MEI) o processo que\u00a0possibilita o afastamento tempor\u00e1rio do estudante para estudo<\/p>\n","protected":false},"author":21,"featured_media":0,"parent":0,"menu_order":0,"comment_status":"closed","ping_status":"closed","template":"","meta":{"colormag_page_container_layout":"default_layout","colormag_page_sidebar_layout":"default_layout","footnotes":""},"class_list":["post-5068","page","type-page","status-publish","hentry"],"_links":{"self":[{"href":"https:\/\/utfpr.curitiba.br\/dalem\/index.php?rest_route=\/wp\/v2\/pages\/5068","targetHints":{"allow":["GET"]}}],"collection":[{"href":"https:\/\/utfpr.curitiba.br\/dalem\/index.php?rest_route=\/wp\/v2\/pages"}],"about":[{"href":"https:\/\/utfpr.curitiba.br\/dalem\/index.php?rest_route=\/wp\/v2\/types\/page"}],"author":[{"embeddable":true,"href":"https:\/\/utfpr.curitiba.br\/dalem\/index.php?rest_route=\/wp\/v2\/users\/21"}],"replies":[{"embeddable":true,"href":"https:\/\/utfpr.curitiba.br\/dalem\/index.php?rest_route=%2Fwp%2Fv2%2Fcomments&post=5068"}],"version-history":[{"count":14,"href":"https:\/\/utfpr.curitiba.br\/dalem\/index.php?rest_route=\/wp\/v2\/pages\/5068\/revisions"}],"predecessor-version":[{"id":5097,"href":"https:\/\/utfpr.curitiba.br\/dalem\/index.php?rest_route=\/wp\/v2\/pages\/5068\/revisions\/5097"}],"wp:attachment":[{"href":"https:\/\/utfpr.curitiba.br\/dalem\/index.php?rest_route=%2Fwp%2Fv2%2Fmedia&parent=5068"}],"curies":[{"name":"wp","href":"https:\/\/api.w.org\/{rel}","templated":true}]}}