{"id":547,"date":"2023-07-28T14:21:52","date_gmt":"2023-07-28T17:21:52","guid":{"rendered":"https:\/\/utfpr.curitiba.br\/dainf\/?page_id=547"},"modified":"2026-01-08T23:30:35","modified_gmt":"2026-01-09T02:30:35","slug":"guia-do-calouro","status":"publish","type":"page","link":"https:\/\/utfpr.curitiba.br\/dainf\/guia-do-calouro\/","title":{"rendered":"Guia do Calouro"},"content":{"rendered":"\t\t<div data-elementor-type=\"wp-page\" data-elementor-id=\"547\" class=\"elementor elementor-547\">\n\t\t\t\t\t\t<section class=\"elementor-section elementor-top-section elementor-element elementor-element-3284066f elementor-section-boxed elementor-section-height-default elementor-section-height-default\" data-id=\"3284066f\" data-element_type=\"section\" data-e-type=\"section\">\n\t\t\t\t\t\t<div class=\"elementor-container elementor-column-gap-default\">\n\t\t\t\t\t<div class=\"elementor-column elementor-col-100 elementor-top-column elementor-element elementor-element-4fc482d5\" data-id=\"4fc482d5\" data-element_type=\"column\" data-e-type=\"column\">\n\t\t\t<div class=\"elementor-widget-wrap elementor-element-populated\">\n\t\t\t\t\t\t<div class=\"elementor-element elementor-element-38a1b4ec elementor-widget elementor-widget-text-editor\" data-id=\"38a1b4ec\" data-element_type=\"widget\" data-e-type=\"widget\" data-widget_type=\"text-editor.default\">\n\t\t\t\t<div class=\"elementor-widget-container\">\n\t\t\t\t\t\t\t\t\t\n<p>Bem-vindo(a) \u00e0 UTFPR! Reunimos as informa\u00e7\u00f5es abaixo para que voc\u00ea, calouro(a) de Engenharia da Computa\u00e7\u00e3o ou Sistemas de Informa\u00e7\u00e3o, possa se ambientar melhor na universidade.<\/p>\n\n<p class=\"has-medium-font-size\"><strong>Atividades Complementares<\/strong><\/p>\n\n<p>Para completar a pontua\u00e7\u00e3o necess\u00e1ria para validar as Atividades Complementares, fique atento aos canais de comunica\u00e7\u00e3o da UTFPR, nos quais s\u00e3o divulgados eventos de interesse dos cursos. Procure n\u00e3o deixar para a \u00faltima hora, pois a falta de horas complementares pode impedir a conclus\u00e3o da gradua\u00e7\u00e3o.<\/p>\n\n<p class=\"has-medium-font-size\"><strong>Aux\u00edlio Estudantil<\/strong><\/p>\n\n<p>O <a href=\"http:\/\/www.utfpr.edu.br\/alunos\/bolsas\/auxilio-estudantil\">Programa de Aux\u00edlio Estudantil &#8211; PAE<\/a> \u00e9 destinado aos estudantes regularmente matriculados nos cursos da UTFPR.\u00a0Atende, prioritariamente,\u00a0os que comprovam renda familiar mensal\u00a0<em>per capita\u00a0<\/em>de\u00a0at\u00e9 um sal\u00e1rio m\u00ednimo\u00a0e meio nacional, vigente \u00e0 \u00e9poca do processo de sele\u00e7\u00e3o. O PAE-UTFPR distribui os seguintes benef\u00edcios:\u00a0aux\u00edlio-alimenta\u00e7\u00e3o, aux\u00edlio-moradia e aux\u00edlio-b\u00e1sico, de acordo com edital anual especifico.<\/p>\n\n<p class=\"has-medium-font-size\"><strong>Bibliotecas<\/strong><\/p>\n\n<p>As Bibliotecas da UTFPR oferecem diversos servi\u00e7os, entre eles a consulta ao acervo f\u00edsico e digital, o acesso \u00e0 internet nos computadores disponibilizados, o empr\u00e9stimo de materiais, o empr\u00e9stimo entre Bibliotecas (dos Campi e de outras institui\u00e7\u00f5es), a orienta\u00e7\u00e3o quanto \u00e0 normaliza\u00e7\u00e3o de documentos t\u00e9cnico-cient\u00edficos, e terminais de autoatendimento para empr\u00e9stimo e devolu\u00e7\u00e3o de materiais. Para mais informa\u00e7\u00f5es, acesse esse <a href=\"https:\/\/portal.utfpr.edu.br\/biblioteca\">link<\/a>.<\/p>\n\n<p class=\"has-medium-font-size\"><strong>Calend\u00e1rio Acad\u00eamico<\/strong><\/p>\n\n<p>O calend\u00e1rio acad\u00eamico do Campus Curitiba atualizado est\u00e1 dispon\u00edvel nesse <a href=\"http:\/\/www.utfpr.edu.br\/alunos\/calendario\">link<\/a>. Nesta p\u00e1gina, o aluno pode encontrar o calend\u00e1rio resumido, assim como o completo, o qual indica os prazos para requerimentos de exames de sufici\u00eancia, cancelamento de disciplinas, manuten\u00e7\u00e3o de v\u00ednculo e mobilidade estudantil intercampus.<\/p>\n\n<p class=\"has-medium-font-size\"><strong>Coeficiente de Rendimento<\/strong><\/p>\n\n<p>O Coeficiente de Rendimento (CR) \u00e9 o \u00edndice de rendimento acad\u00eamico, que considera a m\u00e9dia final e a carga hor\u00e1ria de cada disciplina, e \u00e9 calculado ap\u00f3s o fim de cada semestre de forma cumulativa. O coeficiente, que aparece no hist\u00f3rico do aluno a partir do segundo semestre, \u00e9 considerado de forma classificat\u00f3ria em v\u00e1rios processos na universidade, como no requerimento de matr\u00edcula em uma disciplina e na participa\u00e7\u00e3o em sele\u00e7\u00f5es para uma Inicia\u00e7\u00e3o Cient\u00edfica ou grupo PET, por exemplo. Para mais detalhes, acesse a aba de Hist\u00f3rico Completo no <a href=\"http:\/\/www.utfpr.edu.br\/alunos\/portal-do-aluno\">Portal do Aluno<\/a>.<\/p>\n\n<p class=\"has-medium-font-size\"><strong>Convalida\u00e7\u00e3o e Equival\u00eancia<\/strong><\/p>\n\n<p>Quando o aluno cursou uma disciplina de gradua\u00e7\u00e3o em outra institui\u00e7\u00e3o, ou em outro curso ou campus da UTFPR, e quer aproveitar essa disciplina no seu curso atual, deve fazer um requerimento solicitando a\u00a0convalida\u00e7\u00e3o ou equival\u00eancia\u00a0\u00e0 coordena\u00e7\u00e3o do curso por e-mail.\u00a0Para convalida\u00e7\u00e3o de disciplinas cursadas na UTFPR, \u00e9 preciso anexar a <a href=\"http:\/\/www.utfpr.edu.br\/secretaria\/curitiba\/arquivos\/tabela-de-equivalencias.pdf\">planilha de requerimento<\/a>, e para disciplinas equivalentes cursadas em outras institui\u00e7\u00f5es, deve anexar o hist\u00f3rico escolar e os planos de ensino de todas as disciplinas cursadas. Esse requerimento pode ser feito a qualquer momento do per\u00edodo letivo.<\/p>\n\n<p class=\"has-medium-font-size\"><strong>DERAC<\/strong><\/p>\n\n<p>O Departamento de Registros Acad\u00eamicos (DERAC) lida com requerimentos como desist\u00eancias de curso, exames de sufici\u00eancia, manuten\u00e7\u00e3o de v\u00ednculo e trancamento de matr\u00edcula, al\u00e9m de confeccionar os crach\u00e1s (alunos, principalmente calouros, devem ficar atentos ao broadcast institucional com as datas disponibilizadas). Para esses requerimentos e outros, \u00e9 necess\u00e1rio enviar um e-mail para o <a href=\"mailto:derac-ct@utfpr.edu.br\">derac-ct@utfpr.edu.br<\/a>,\u00a0informando o nome completo, RA (Registro de Aluno ou N\u00famero de Matr\u00edcula) e nome do curso, e indicando o assunto e anexando os requerimentos e\/ou documentos que podem ser necess\u00e1rios para a solicita\u00e7\u00e3o. Para mais informa\u00e7\u00f5es, clique\u00a0<a href=\"http:\/\/www.utfpr.edu.br\/secretaria\/curitiba\" target=\"_blank\" rel=\"noreferrer noopener\">aqui<\/a>.<\/p>\n\n<p class=\"has-medium-font-size\"><strong>Entidades Estudantis<\/strong><\/p>\n\n<p>O Diret\u00f3rio Central dos Estudantes \u00e9 a entidade estudantil que representa todos os discentes da universidade, seja a n\u00edvel <a href=\"https:\/\/www.instagram.com\/dceutfpr.curitiba\/\">estadual<\/a> ou do campus <a href=\"https:\/\/www.instagram.com\/dceutfpr.curitiba\/\">Curitiba<\/a>. J\u00e1 um Centro ou Diret\u00f3rio Acad\u00eamico \u00e9 a entidade que representa os alunos de um ou mais cursos. Os alunos de Engenharia de Computa\u00e7\u00e3o e Sistemas de Informa\u00e7\u00e3o s\u00e3o representados pelo <a href=\"https:\/\/www.instagram.com\/dasc.utfpr\/\">DASC<\/a> (Diret\u00f3rio Acad\u00eamico de Sistemas de Informa\u00e7\u00e3o e Engenharia de Computa\u00e7\u00e3o).<\/p>\n\n<p class=\"has-medium-font-size\"><strong>Hor\u00e1rio de Perman\u00eancia<\/strong><\/p>\n\n<p>Para consultar os hor\u00e1rios de perman\u00eancia\/atendimento de cada docente, fa\u00e7a login no <a href=\"http:\/\/www.utfpr.edu.br\/alunos\/portal-do-aluno\">Portal do Aluno<\/a>, e na aba de Mapa de Professores, selecione o departamento, seguido do nome do professor. A agenda semanal indicar\u00e1 os hor\u00e1rios reservados para o atendimento discente (PAluno) e as disciplinas lecionadas.<\/p>\n\n<p class=\"has-medium-font-size\"><strong>Inicia\u00e7\u00e3o Cient\u00edfica<\/strong>\u00a0<strong>e Tecnol\u00f3gica<\/strong><\/p>\n\n<p>Os professores respons\u00e1veis pelos projetos PIBIC\/PIBIT costumam procurar alunos com bom coeficiente de rendimento, mas tamb\u00e9m prezam por caracter\u00edsticas como autonomia e responsabilidade para garantir a dedica\u00e7\u00e3o na carga hor\u00e1ria semanal de 20h de pesquisa. O processo de sele\u00e7\u00e3o de bolsistas ocorre todos os anos, usualmente no m\u00eas de maio.<\/p>\n\n<p class=\"has-medium-font-size\"><strong>Mapas do Campus Curitiba<\/strong><\/p>\n\n<p><img fetchpriority=\"high\" decoding=\"async\" width=\"584\" height=\"480\" class=\"wp-image-498\" style=\"width: 480px\" src=\"https:\/\/utfpr-ct-static-content.s3.amazonaws.com\/utfpr.curitiba.br\/wp-content\/uploads\/sites\/160\/2023\/07\/mapacentro.png\" alt=\"\" srcset=\"https:\/\/utfpr-ct-static-content.s3.amazonaws.com\/utfpr.curitiba.br\/wp-content\/uploads\/sites\/160\/2023\/07\/mapacentro.png 584w, https:\/\/utfpr-ct-static-content.s3.amazonaws.com\/utfpr.curitiba.br\/wp-content\/uploads\/sites\/160\/2023\/07\/mapacentro-300x247.png 300w\" sizes=\"(max-width: 584px) 100vw, 584px\" \/> <img decoding=\"async\" width=\"507\" height=\"489\" class=\"wp-image-515\" style=\"width: 410px\" src=\"https:\/\/utfpr-ct-static-content.s3.amazonaws.com\/utfpr.curitiba.br\/wp-content\/uploads\/sites\/160\/2023\/07\/mapa-ecoville-1.png\" alt=\"\" srcset=\"https:\/\/utfpr-ct-static-content.s3.amazonaws.com\/utfpr.curitiba.br\/wp-content\/uploads\/sites\/160\/2023\/07\/mapa-ecoville-1.png 507w, https:\/\/utfpr-ct-static-content.s3.amazonaws.com\/utfpr.curitiba.br\/wp-content\/uploads\/sites\/160\/2023\/07\/mapa-ecoville-1-300x289.png 300w\" sizes=\"(max-width: 507px) 100vw, 507px\" \/><\/p>\n\n<p>Acesse o <a href=\"https:\/\/utfpr.curitiba.br\/cogerh\/2019\/10\/25\/mapa-da-utfpr\/\">mapa online<\/a> interativo da COGERH, ou se localize nos mapas acima, da sede Centro \u00e0 esquerda, e da sede Ecoville, \u00e0 direita.\u00a0O DAINF e o RLE (Rede Local de Ensino, o suporte aos laborat\u00f3rios do departamento) est\u00e3o localizados no primeiro andar do bloco B da sede Centro. H\u00e1 computadores no corredor entre eles, para consultas r\u00e1pidas. O DERAC fica no bloco K da sede Centro, ap\u00f3s um lance de escadas. Na sede Centro, a Biblioteca se encontra no bloco L e a entrada \u00e9 pelo segundo andar, e o Restaurante Universit\u00e1rio (RU) est\u00e1 no bloco M. J\u00e1 na sede Ecoville, ambos se encontram no bloco B. A nomenclatura das salas \u00e9 a seguinte: sede, bloco e n\u00famero da sala, que tamb\u00e9m indica o andar. Por exemplo, o DAINF se encontra na sala CB-101 &#8211; sede Centro, bloco B, primeiro andar.<\/p>\n\n<p class=\"has-medium-font-size\"><strong>Matr\u00edcula de Veteranos<\/strong><\/p>\n\n<p>No primeiro per\u00edodo, o aluno \u00e9 matriculado automaticamente pelo sistema em todas as disciplinas correspondentes. A partir do segundo per\u00edodo dos cursos de Engenharia da Computa\u00e7\u00e3o e Sistemas de Informa\u00e7\u00e3o, \u00e9 necess\u00e1rio que o aluno se matricule em disciplinas por meio do<a href=\"http:\/\/www.utfpr.edu.br\/alunos\/portal-do-aluno\"> Portal do Aluno<\/a>, na aba Matr\u00edcula do menu, nas datas pr\u00e9-determinadas.\u00a0Para mais informa\u00e7\u00f5es sobre o calend\u00e1rio de matr\u00edcula, clique<a href=\"http:\/\/www.utfpr.edu.br\/secretaria\/matricula\/cronograma-de-matricula\"> aqui<\/a>, e para informa\u00e7\u00f5es sobre o processo, \u00e9 poss\u00edvel consultar essa<a href=\"https:\/\/wiki.utfpr.edu.br\/doku.php?id=publico:academico:matricula_veteranos&amp;s[]=matricula&amp;s[]=de&amp;s[]=veteranos\"> p\u00e1gina<\/a>, apesar de estar desatualizada. H\u00e1 tamb\u00e9m o site<a href=\"https:\/\/gradenahora.com.br\/utfpr\/grade_na_hora.html\"> Grade na Hora<\/a>, que disponibiliza as turmas abertas do curso para auxiliar a planejar o semestre. Atente-se \u00e0 matriz do seu curso, pois muitas disciplinas possuem pr\u00e9-requisitos, ou seja, s\u00f3 podem ser cursadas ap\u00f3s a aprova\u00e7\u00e3o em outra disciplina relacionada a ela.<\/p>\n\n<p class=\"has-medium-font-size\"><strong>Matriz Curricular<\/strong><\/p>\n\n<p>A matriz curricular define as disciplinas obrigat\u00f3rias e as optativas dispon\u00edveis no curso, e tamb\u00e9m a carga hor\u00e1ria de eletivas, est\u00e1gio obrigat\u00f3rio e atividades complementares nos cursos de <a href=\"http:\/\/portal.utfpr.edu.br\/cursos\/coordenacoes\/graduacao\/curitiba\/ct-engenharia-de-computacao\/matriz-e-docentes\">Engenharia de Computa\u00e7\u00e3o<\/a> e <a href=\"http:\/\/portal.utfpr.edu.br\/cursos\/coordenacoes\/graduacao\/curitiba\/ct-sistemas-de-informacao\/matriz-e-docentes\" target=\"_blank\" rel=\"noreferrer noopener\">Sistemas de Informa\u00e7\u00e3o<\/a>. H\u00e1 uma\u00a0<a href=\"https:\/\/www.youtube.com\/watch?v=i75aKfeYHCA\">live<\/a>\u00a0do projeto Em\u00edlias no YouTube, realizada na pandemia, mas ainda relevante por responder as principais d\u00favidas dos estudantes de Sistemas de Informa\u00e7\u00e3o e Engenharia de Computa\u00e7\u00e3o em rela\u00e7\u00e3o aos percursos nos cursos. J\u00e1 <a href=\"https:\/\/utfpr.curitiba.br\/dainf\/matriz-de-sistemas-de-informacao\/\">nesta<\/a> p\u00e1gina, o aluno encontra uma explica\u00e7\u00e3o mais detalhada sobre a matriz de Sistemas de Informa\u00e7\u00e3o, que foi elaborada de forma diferente da maioria dos cursos de gradua\u00e7\u00e3o da UTFPR.<\/p>\n\n<p class=\"has-medium-font-size\"><strong>Monitoria<\/strong><\/p>\n\n<p>O estudante monitor assiste os alunos dos cursos de gradua\u00e7\u00e3o na\u00a0resolu\u00e7\u00e3o de exerc\u00edcios e esclarecimento de d\u00favidas. O atendimento \u00e9 feito de forma presencial e pelo Discord. Os hor\u00e1rios de atendimentos ser\u00e3o informados pelo professor de cada disciplina que possui monitor no in\u00edcio do semestre. J\u00e1 a Monitoria em Rede tem o objetivo de conectar monitores e estudantes de todos os campi da UTFPR. No <a href=\"http:\/\/www.utfpr.edu.br\/alunos\/portal-do-aluno\">Portal do Aluno<\/a>, h\u00e1 o acesso \u00e0s disciplinas que t\u00eam monitores no per\u00edodo letivo atual, com o respectivo link para atendimento remoto. \u00c9 poss\u00edvel acessar qualquer um deles, mesmo que seja de um campus diferente.<\/p>\n\n<p class=\"has-medium-font-size\"><strong>NUAPE<\/strong><\/p>\n\n<p>O N\u00facleo de Acompanhamento Psicopedag\u00f3gico e Assist\u00eancia Estudantil (NUAPE) est\u00e1 diretamente voltado ao atendimento, orienta\u00e7\u00e3o e acompanhamento do estudante, visando a sua perman\u00eancia e \u00eaxito na UTFPR. Para isso, oferece servi\u00e7os e realiza a\u00e7\u00f5es que envolvem a aten\u00e7\u00e3o \u00e0 sa\u00fade, psicologia, pedagogia e servi\u00e7o social. Para mais informa\u00e7\u00f5es sobre o NUAPE, acesse essa<a href=\"http:\/\/www.utfpr.edu.br\/alunos\/servicos\/apoio#servi-os-ofertados-pelos-nuapes\"> p\u00e1gina<\/a>, e para acessar o Manual do Aluno, um guia mais completo elaborado pelo N\u00facleo, clique<a href=\"https:\/\/drive.google.com\/file\/d\/1OfnooSO7KuAR6QluqrURJ8OFPEwgfnVu\/view\"> aqui<\/a>.<\/p>\n\n<p class=\"has-medium-font-size\"><strong>Portal do Aluno<\/strong><\/p>\n\n<p>No <a href=\"http:\/\/www.utfpr.edu.br\/alunos\/portal-do-aluno\">Portal do Aluno<\/a>, o discente da UTFPR encontra informa\u00e7\u00f5es como seu hist\u00f3rico acad\u00eamico e boletim, bem como as disciplinas matriculadas e a matriz curricular. \u00c9 nele que s\u00e3o realizados os processos de matr\u00edcula de veteranos, avalia\u00e7\u00e3o docente, emiss\u00e3o de declara\u00e7\u00e3o de matr\u00edcula na institui\u00e7\u00e3o, cria\u00e7\u00e3o de e-mail institucional (importante para facilitar o acesso a plataformas institucionais como Moodle e Google Classroom), entre outros. O primeiro acesso \u00e9 feito com o n\u00famero de Registro de Aluno (RA) antecedido por a letra &#8220;a&#8221; min\u00fascula (ex: a0000000) e a senha enviada no e-mail utilizado no ingresso na universidade (\u00e9 recomendado trocar essa senha no Portal ap\u00f3s o primeiro acesso).<\/p>\n\n<p class=\"has-medium-font-size\"><strong>UTFPR Mobile Alunos<\/strong><\/p>\n\n<p>Trata-se de um <a href=\"https:\/\/play.google.com\/store\/apps\/details?id=coted.UTFPRMobileAlunos&amp;hl=pt_BR&amp;gl=US&amp;pli=1\">aplicativo<\/a> para uso dos alunos da UTFPR, para acesso e apresenta\u00e7\u00e3o dos dados acad\u00eamicos. Al\u00e9m do acesso \u00e0 grade hor\u00e1ria do semestre, ao hist\u00f3rico acad\u00eamico, entre outras op\u00e7\u00f5es, \u00e9 poss\u00edvel utilizar o crach\u00e1 virtual nos Restaurantes Universit\u00e1rios (R.U.)\u00a0nas sedes Centro e Ecoville.<\/p>\n\n<p class=\"has-medium-font-size\"><strong>Wi-fi Institucional<\/strong><\/p>\n\n<p>O servi\u00e7o de rede sem fio institucional disponibilizado pela DIRGTI, em parceria com as COGETIs, visa fornecer acesso \u00e0 rede e\/ou Internet para servidores, alunos e visitantes. Alunos devem utilizar seu login (&#8220;a&#8221; + RA, igual ao acesso do Portal do Aluno) e senha de e-mail para conectar. Para mais informa\u00e7\u00f5es, clique <a href=\"https:\/\/ajuda.utfpr.edu.br\/pt-br\/servicos_deinfra\/wifi\">aqui<\/a>.<\/p>\n\t\t\t\t\t\t\t\t<\/div>\n\t\t\t\t<\/div>\n\t\t\t\t\t<\/div>\n\t\t<\/div>\n\t\t\t\t\t<\/div>\n\t\t<\/section>\n\t\t\t\t<\/div>\n\t\t","protected":false},"excerpt":{"rendered":"<p>Bem-vindo(a) \u00e0 UTFPR! Reunimos as informa\u00e7\u00f5es abaixo para que voc\u00ea, calouro(a) de Engenharia da Computa\u00e7\u00e3o ou Sistemas de Informa\u00e7\u00e3o, possa se ambientar melhor na universidade. Atividades Complementares Para completar a pontua\u00e7\u00e3o necess\u00e1ria para validar as Atividades Complementares, fique atento aos canais de comunica\u00e7\u00e3o da UTFPR, nos quais s\u00e3o divulgados eventos de interesse dos cursos. Procure&hellip;&nbsp;<\/p>\n","protected":false},"author":243,"featured_media":0,"parent":0,"menu_order":0,"comment_status":"closed","ping_status":"closed","template":"","meta":{"neve_meta_sidebar":"","neve_meta_container":"","neve_meta_enable_content_width":"","neve_meta_content_width":0,"neve_meta_title_alignment":"","neve_meta_author_avatar":"","neve_post_elements_order":"","neve_meta_disable_header":"","neve_meta_disable_footer":"","neve_meta_disable_title":"","footnotes":""},"class_list":["post-547","page","type-page","status-publish","hentry"],"_links":{"self":[{"href":"https:\/\/utfpr.curitiba.br\/dainf\/wp-json\/wp\/v2\/pages\/547","targetHints":{"allow":["GET"]}}],"collection":[{"href":"https:\/\/utfpr.curitiba.br\/dainf\/wp-json\/wp\/v2\/pages"}],"about":[{"href":"https:\/\/utfpr.curitiba.br\/dainf\/wp-json\/wp\/v2\/types\/page"}],"author":[{"embeddable":true,"href":"https:\/\/utfpr.curitiba.br\/dainf\/wp-json\/wp\/v2\/users\/243"}],"replies":[{"embeddable":true,"href":"https:\/\/utfpr.curitiba.br\/dainf\/wp-json\/wp\/v2\/comments?post=547"}],"version-history":[{"count":36,"href":"https:\/\/utfpr.curitiba.br\/dainf\/wp-json\/wp\/v2\/pages\/547\/revisions"}],"predecessor-version":[{"id":933,"href":"https:\/\/utfpr.curitiba.br\/dainf\/wp-json\/wp\/v2\/pages\/547\/revisions\/933"}],"wp:attachment":[{"href":"https:\/\/utfpr.curitiba.br\/dainf\/wp-json\/wp\/v2\/media?parent=547"}],"curies":[{"name":"wp","href":"https:\/\/api.w.org\/{rel}","templated":true}]}}