{"id":364,"date":"2023-07-24T18:31:33","date_gmt":"2023-07-24T21:31:33","guid":{"rendered":"https:\/\/utfpr.curitiba.br\/dainf\/?page_id=364"},"modified":"2023-08-04T14:35:31","modified_gmt":"2023-08-04T17:35:31","slug":"matriz-de-sistemas-de-informacao","status":"publish","type":"page","link":"https:\/\/utfpr.curitiba.br\/dainf\/matriz-de-sistemas-de-informacao\/","title":{"rendered":"Matriz de Sistemas de Informa\u00e7\u00e3o"},"content":{"rendered":"\n<p>O curso de Sistemas de Informa\u00e7\u00e3o tem carga de 3040h ou 3648 horas aula (aula de 50 minutos) e \u00e9 dividido da seguinte forma:<\/p>\n\n\n\n<ul class=\"wp-block-list\">\n<li>o primeiro estrato de disciplinas obrigat\u00f3rias (1515h\/1818ha);<\/li>\n\n\n\n<li>o segundo estrato obrigat\u00f3rio (360h\/432ha), sendo 10 disciplinas oferecidas, das quais o aluno deve escolher 8 (a partir do 3\u00ba per\u00edodo \u00e9 poss\u00edvel come\u00e7ar a cursar essas disciplinas, mas se atente aos pr\u00e9-requisitos de cada uma);<\/li>\n\n\n\n<li>tr\u00eas trilhas em computa\u00e7\u00e3o obrigat\u00f3rias (270h\/324ha), das onze dispon\u00edveis, com uma carga excedente de optativas em trilhas de 75h\/90ha (a partir do 4\u00ba per\u00edodo);<\/li>\n\n\n\n<li>uma carga hor\u00e1ria de 60h\/72ha de optativas, dispon\u00edveis na matriz curricular do curso (a partir do 3\u00ba per\u00edodo);<\/li>\n\n\n\n<li>uma carga hor\u00e1ria de 180h\/216ha de eletivas, \u00e0s vezes chamadas de enriquecimento curricular, pois s\u00e3o disciplinas das matrizes de outros cursos que o aluno pode escolher livremente (a partir do 4\u00ba per\u00edodo);<\/li>\n\n\n\n<li>400h\/480ha de Est\u00e1gio Curricular Obrigat\u00f3rio;<\/li>\n\n\n\n<li>180h\/216ha em Atividades Complementares.<\/li>\n<\/ul>\n\n\n\n<p>Sobre as trilhas, existe uma <a href=\"https:\/\/www.youtube.com\/playlist?list=PLQJqBSGX-GZzm6hsBZMXaXpZne_3ihrWs\">playlist<\/a> no canal do YouTube do BSI, preparada h\u00e1 alguns anos, para explica\u00e7\u00f5es e esclarecimento de d\u00favidas. Abaixo, uma imagem da matriz vigente, seguida de uma esquematiza\u00e7\u00e3o das disciplinas obrigat\u00f3rias (primeiro e segundo estratos), sendo os ret\u00e2ngulos maiores as disciplinas sem pr\u00e9-requisitos de diversos per\u00edodos, e os menores, as que precisam de outras (indicadas pelas flechas) para serem cursadas.<\/p>\n\n\n\n<p> <img fetchpriority=\"high\" decoding=\"async\" width=\"1962\" height=\"2339\" class=\"wp-image-374\" style=\"width: 1400px\" src=\"https:\/\/utfpr-ct-static-content.s3.amazonaws.com\/utfpr.curitiba.br\/wp-content\/uploads\/sites\/160\/2023\/07\/matriz-curricular-806.jpg\" alt=\"\" srcset=\"https:\/\/utfpr-ct-static-content.s3.amazonaws.com\/utfpr.curitiba.br\/wp-content\/uploads\/sites\/160\/2023\/07\/matriz-curricular-806.jpg 1962w, https:\/\/utfpr-ct-static-content.s3.amazonaws.com\/utfpr.curitiba.br\/wp-content\/uploads\/sites\/160\/2023\/07\/matriz-curricular-806-252x300.jpg 252w, https:\/\/utfpr-ct-static-content.s3.amazonaws.com\/utfpr.curitiba.br\/wp-content\/uploads\/sites\/160\/2023\/07\/matriz-curricular-806-859x1024.jpg 859w, https:\/\/utfpr-ct-static-content.s3.amazonaws.com\/utfpr.curitiba.br\/wp-content\/uploads\/sites\/160\/2023\/07\/matriz-curricular-806-768x916.jpg 768w, https:\/\/utfpr-ct-static-content.s3.amazonaws.com\/utfpr.curitiba.br\/wp-content\/uploads\/sites\/160\/2023\/07\/matriz-curricular-806-1288x1536.jpg 1288w, https:\/\/utfpr-ct-static-content.s3.amazonaws.com\/utfpr.curitiba.br\/wp-content\/uploads\/sites\/160\/2023\/07\/matriz-curricular-806-1718x2048.jpg 1718w\" sizes=\"(max-width: 1962px) 100vw, 1962px\" \/><\/p>\n\n\n\n<p><\/p>\n\n\n\n<p><img decoding=\"async\" width=\"1852\" height=\"1260\" class=\"wp-image-590\" style=\"width: 1200px\" src=\"https:\/\/utfpr-ct-static-content.s3.amazonaws.com\/utfpr.curitiba.br\/wp-content\/uploads\/sites\/160\/2023\/08\/BSI.png\" alt=\"\" srcset=\"https:\/\/utfpr-ct-static-content.s3.amazonaws.com\/utfpr.curitiba.br\/wp-content\/uploads\/sites\/160\/2023\/08\/BSI.png 1852w, https:\/\/utfpr-ct-static-content.s3.amazonaws.com\/utfpr.curitiba.br\/wp-content\/uploads\/sites\/160\/2023\/08\/BSI-300x204.png 300w, https:\/\/utfpr-ct-static-content.s3.amazonaws.com\/utfpr.curitiba.br\/wp-content\/uploads\/sites\/160\/2023\/08\/BSI-1024x697.png 1024w, https:\/\/utfpr-ct-static-content.s3.amazonaws.com\/utfpr.curitiba.br\/wp-content\/uploads\/sites\/160\/2023\/08\/BSI-768x523.png 768w, https:\/\/utfpr-ct-static-content.s3.amazonaws.com\/utfpr.curitiba.br\/wp-content\/uploads\/sites\/160\/2023\/08\/BSI-1536x1045.png 1536w\" sizes=\"(max-width: 1852px) 100vw, 1852px\" \/><\/p>\n","protected":false},"excerpt":{"rendered":"<p>O curso de Sistemas de Informa\u00e7\u00e3o tem carga de 3040h ou 3648 horas aula (aula de 50 minutos) e \u00e9 dividido da seguinte forma: Sobre as trilhas, existe uma playlist no canal do YouTube do BSI, preparada h\u00e1 alguns anos, para explica\u00e7\u00f5es e esclarecimento de d\u00favidas. Abaixo, uma imagem da matriz vigente, seguida de uma&hellip;&nbsp;<\/p>\n","protected":false},"author":243,"featured_media":0,"parent":0,"menu_order":0,"comment_status":"closed","ping_status":"closed","template":"","meta":{"neve_meta_sidebar":"","neve_meta_container":"","neve_meta_enable_content_width":"","neve_meta_content_width":0,"neve_meta_title_alignment":"","neve_meta_author_avatar":"","neve_post_elements_order":"","neve_meta_disable_header":"","neve_meta_disable_footer":"","neve_meta_disable_title":"","footnotes":""},"class_list":["post-364","page","type-page","status-publish","hentry"],"_links":{"self":[{"href":"https:\/\/utfpr.curitiba.br\/dainf\/wp-json\/wp\/v2\/pages\/364","targetHints":{"allow":["GET"]}}],"collection":[{"href":"https:\/\/utfpr.curitiba.br\/dainf\/wp-json\/wp\/v2\/pages"}],"about":[{"href":"https:\/\/utfpr.curitiba.br\/dainf\/wp-json\/wp\/v2\/types\/page"}],"author":[{"embeddable":true,"href":"https:\/\/utfpr.curitiba.br\/dainf\/wp-json\/wp\/v2\/users\/243"}],"replies":[{"embeddable":true,"href":"https:\/\/utfpr.curitiba.br\/dainf\/wp-json\/wp\/v2\/comments?post=364"}],"version-history":[{"count":23,"href":"https:\/\/utfpr.curitiba.br\/dainf\/wp-json\/wp\/v2\/pages\/364\/revisions"}],"predecessor-version":[{"id":622,"href":"https:\/\/utfpr.curitiba.br\/dainf\/wp-json\/wp\/v2\/pages\/364\/revisions\/622"}],"wp:attachment":[{"href":"https:\/\/utfpr.curitiba.br\/dainf\/wp-json\/wp\/v2\/media?parent=364"}],"curies":[{"name":"wp","href":"https:\/\/api.w.org\/{rel}","templated":true}]}}

Matriz de Sistemas de Informação

<p>O curso de Sistemas de Informação tem carga de 3040h ou 3648 horas aula (aula de 50 minutos) e é dividido da seguinte forma:</p>



<ul class="wp-block-list">
<li>o primeiro estrato de disciplinas obrigatórias (1515h/1818ha);</li>



<li>o segundo estrato obrigatório (360h/432ha), sendo 10 disciplinas oferecidas, das quais o aluno deve escolher 8 (a partir do 3º período é possível começar a cursar essas disciplinas, mas se atente aos pré-requisitos de cada uma);</li>



<li>três trilhas em computação obrigatórias (270h/324ha), das onze disponíveis, com uma carga excedente de optativas em trilhas de 75h/90ha (a partir do 4º período);</li>



<li>uma carga horária de 60h/72ha de optativas, disponíveis na matriz curricular do curso (a partir do 3º período);</li>



<li>uma carga horária de 180h/216ha de eletivas, às vezes chamadas de enriquecimento curricular, pois são disciplinas das matrizes de outros cursos que o aluno pode escolher livremente (a partir do 4º período);</li>



<li>400h/480ha de Estágio Curricular Obrigatório;</li>



<li>180h/216ha em Atividades Complementares.</li>
</ul>



<p>Sobre as trilhas, existe uma <a href="https://www.youtube.com/playlist?list=PLQJqBSGX-GZzm6hsBZMXaXpZne_3ihrWs">playlist</a> no canal do YouTube do BSI, preparada há alguns anos, para explicações e esclarecimento de dúvidas. Abaixo, uma imagem da matriz vigente, seguida de uma esquematização das disciplinas obrigatórias (primeiro e segundo estratos), sendo os retângulos maiores as disciplinas sem pré-requisitos de diversos períodos, e os menores, as que precisam de outras (indicadas pelas flechas) para serem cursadas.</p>



<p> <img fetchpriority="high" decoding="async" width="1962" height="2339" class="wp-image-374" style="width: 1400px" src="https://utfpr-ct-static-content.s3.amazonaws.com/utfpr.curitiba.br/wp-content/uploads/sites/160/2023/07/matriz-curricular-806.jpg" alt="" srcset="https://utfpr-ct-static-content.s3.amazonaws.com/utfpr.curitiba.br/wp-content/uploads/sites/160/2023/07/matriz-curricular-806.jpg 1962w, https://utfpr-ct-static-content.s3.amazonaws.com/utfpr.curitiba.br/wp-content/uploads/sites/160/2023/07/matriz-curricular-806-252x300.jpg 252w, https://utfpr-ct-static-content.s3.amazonaws.com/utfpr.curitiba.br/wp-content/uploads/sites/160/2023/07/matriz-curricular-806-859x1024.jpg 859w, https://utfpr-ct-static-content.s3.amazonaws.com/utfpr.curitiba.br/wp-content/uploads/sites/160/2023/07/matriz-curricular-806-768x916.jpg 768w, https://utfpr-ct-static-content.s3.amazonaws.com/utfpr.curitiba.br/wp-content/uploads/sites/160/2023/07/matriz-curricular-806-1288x1536.jpg 1288w, https://utfpr-ct-static-content.s3.amazonaws.com/utfpr.curitiba.br/wp-content/uploads/sites/160/2023/07/matriz-curricular-806-1718x2048.jpg 1718w" sizes="(max-width: 1962px) 100vw, 1962px" /></p>



<p></p>



<p><img decoding="async" width="1852" height="1260" class="wp-image-590" style="width: 1200px" src="https://utfpr-ct-static-content.s3.amazonaws.com/utfpr.curitiba.br/wp-content/uploads/sites/160/2023/08/BSI.png" alt="" srcset="https://utfpr-ct-static-content.s3.amazonaws.com/utfpr.curitiba.br/wp-content/uploads/sites/160/2023/08/BSI.png 1852w, https://utfpr-ct-static-content.s3.amazonaws.com/utfpr.curitiba.br/wp-content/uploads/sites/160/2023/08/BSI-300x204.png 300w, https://utfpr-ct-static-content.s3.amazonaws.com/utfpr.curitiba.br/wp-content/uploads/sites/160/2023/08/BSI-1024x697.png 1024w, https://utfpr-ct-static-content.s3.amazonaws.com/utfpr.curitiba.br/wp-content/uploads/sites/160/2023/08/BSI-768x523.png 768w, https://utfpr-ct-static-content.s3.amazonaws.com/utfpr.curitiba.br/wp-content/uploads/sites/160/2023/08/BSI-1536x1045.png 1536w" sizes="(max-width: 1852px) 100vw, 1852px" /></p>

<p>O curso de Sistemas de Informação tem carga de 3040h ou 3648 horas aula (aula de 50 minutos) e é dividido da seguinte forma: Sobre as trilhas, existe uma playlist no canal do YouTube do BSI, preparada há alguns anos, para explicações e esclarecimento de dúvidas. Abaixo, uma imagem da matriz vigente, seguida de uma&hellip;&nbsp;</p>
