{"id":4478,"date":"2024-08-22T14:27:16","date_gmt":"2024-08-22T17:27:16","guid":{"rendered":"https:\/\/utfpr.curitiba.br\/dagee\/?page_id=4478"},"modified":"2024-08-22T14:45:20","modified_gmt":"2024-08-22T17:45:20","slug":"dupla-diplomacao","status":"publish","type":"page","link":"https:\/\/utfpr.curitiba.br\/dagee\/dupla-diplomacao\/","title":{"rendered":"Dupla Diploma\u00e7\u00e3o"},"content":{"rendered":"\t\t<div data-elementor-type=\"wp-page\" data-elementor-id=\"4478\" class=\"elementor elementor-4478\">\n\t\t\t\t\t\t<section class=\"elementor-section elementor-top-section elementor-element elementor-element-63ee6dcf elementor-section-boxed elementor-section-height-default elementor-section-height-default\" data-id=\"63ee6dcf\" data-element_type=\"section\" data-e-type=\"section\">\n\t\t\t\t\t\t<div class=\"elementor-container elementor-column-gap-default\">\n\t\t\t\t\t<div class=\"elementor-column elementor-col-100 elementor-top-column elementor-element elementor-element-65d14151\" data-id=\"65d14151\" data-element_type=\"column\" data-e-type=\"column\">\n\t\t\t<div class=\"elementor-widget-wrap elementor-element-populated\">\n\t\t\t\t\t\t<div class=\"elementor-element elementor-element-280eab30 elementor-widget elementor-widget-text-editor\" data-id=\"280eab30\" data-element_type=\"widget\" data-e-type=\"widget\" data-widget_type=\"text-editor.default\">\n\t\t\t\t<div class=\"elementor-widget-container\">\n\t\t\t\t\t\t\t\t\t<p><\/p>\n<p>A dupla diploma\u00e7\u00e3o \u00e9 o processo que possibilita o afastamento tempor\u00e1rio do estudante para estudo em institui\u00e7\u00f5es estrangeiras conveniadas, seguindo um Plano de Estudos previamente acordado entre as coordena\u00e7\u00f5es de curso, para ent\u00e3o receber dois diplomas, de ambas as institui\u00e7\u00f5es.<\/p>\n<p><\/p>\n<p><\/p>\n<p>O interessado deve realizar a inscri\u00e7\u00e3o em um edital voltado ao seu curso. Ap\u00f3s o resultado final, os estudantes classificados receber\u00e3o as informa\u00e7\u00f5es sobre o processo de candidatura nas institui\u00e7\u00f5es parceiras (documenta\u00e7\u00e3o necess\u00e1ria e prazos). Ap\u00f3s finalizarem a candidatura, os estudantes classificados dever\u00e3o aguardar a an\u00e1lise e o parecer da institui\u00e7\u00e3o parceira para saber se foram aceitos ou n\u00e3o. Caso sejam aceitos, receber\u00e3o a Carta de Aceite e dever\u00e3o tomar as devidas provid\u00eancias quanto \u00e0 viagem e ao afastamento junto \u00e0 UTFPR.<\/p>\n<p><\/p>\n<p><\/p>\n<p>O curso de Administra\u00e7\u00e3o da UTFPR Curitiba possui conv\u00eanio com o Instituto de Bragan\u00e7a, em Portugal. Assim, visando orientar os estudantes interessados, o departamento promoveu uma live para tirar as d\u00favidas mais recorrentes sobre o tema, por meio de uma entrevista com uma estudante que viveu a experi\u00eancia da Dupla Diploma\u00e7\u00e3o dentro do curso de Adm.<\/p>\n<p><\/p>\n<p><\/p>\n<p><\/p>\n<p><\/p>\n<p>A grava\u00e7\u00e3o da live est\u00e1 dispon\u00edvel no canal de YouTube do Departamento Acad\u00eamico de Gest\u00e3o e Economia e pode ser acessada no bot\u00e3o abaixo:<\/p>\n<p><\/p>\t\t\t\t\t\t\t\t<\/div>\n\t\t\t\t<\/div>\n\t\t\t\t\t<\/div>\n\t\t<\/div>\n\t\t\t\t\t<\/div>\n\t\t<\/section>\n\t\t\t\t<section class=\"elementor-section elementor-top-section elementor-element elementor-element-a78f7ed elementor-section-boxed elementor-section-height-default elementor-section-height-default\" data-id=\"a78f7ed\" data-element_type=\"section\" data-e-type=\"section\">\n\t\t\t\t\t\t<div class=\"elementor-container elementor-column-gap-default\">\n\t\t\t\t\t<div class=\"elementor-column elementor-col-100 elementor-top-column elementor-element elementor-element-3487675\" data-id=\"3487675\" data-element_type=\"column\" data-e-type=\"column\">\n\t\t\t<div class=\"elementor-widget-wrap elementor-element-populated\">\n\t\t\t\t\t\t<div class=\"elementor-element elementor-element-5ace7c8 elementor-widget elementor-widget-spacer\" data-id=\"5ace7c8\" data-element_type=\"widget\" data-e-type=\"widget\" data-widget_type=\"spacer.default\">\n\t\t\t\t<div class=\"elementor-widget-container\">\n\t\t\t\t\t\t\t<div class=\"elementor-spacer\">\n\t\t\t<div class=\"elementor-spacer-inner\"><\/div>\n\t\t<\/div>\n\t\t\t\t\t\t<\/div>\n\t\t\t\t<\/div>\n\t\t\t\t\t<\/div>\n\t\t<\/div>\n\t\t\t\t\t<\/div>\n\t\t<\/section>\n\t\t\t\t<section class=\"elementor-section elementor-top-section elementor-element elementor-element-7832b8b elementor-section-boxed elementor-section-height-default elementor-section-height-default\" data-id=\"7832b8b\" data-element_type=\"section\" data-e-type=\"section\">\n\t\t\t\t\t\t<div class=\"elementor-container elementor-column-gap-default\">\n\t\t\t\t\t<div class=\"elementor-column elementor-col-100 elementor-top-column elementor-element elementor-element-e142731\" data-id=\"e142731\" data-element_type=\"column\" data-e-type=\"column\">\n\t\t\t<div class=\"elementor-widget-wrap elementor-element-populated\">\n\t\t\t\t\t\t<div class=\"elementor-element elementor-element-3e3e6cb elementor-align-center elementor-widget elementor-widget-button\" data-id=\"3e3e6cb\" data-element_type=\"widget\" data-e-type=\"widget\" data-widget_type=\"button.default\">\n\t\t\t\t<div class=\"elementor-widget-container\">\n\t\t\t\t\t\t\t\t\t<div class=\"elementor-button-wrapper\">\n\t\t\t\t\t<a class=\"elementor-button elementor-button-link elementor-size-sm\" href=\"https:\/\/www.youtube.com\/live\/pJrTqhJnwNU\" target=\"_blank\">\n\t\t\t\t\t\t<span class=\"elementor-button-content-wrapper\">\n\t\t\t\t\t\t\t\t\t<span class=\"elementor-button-text\">Grava\u00e7\u00e3o<\/span>\n\t\t\t\t\t<\/span>\n\t\t\t\t\t<\/a>\n\t\t\t\t<\/div>\n\t\t\t\t\t\t\t\t<\/div>\n\t\t\t\t<\/div>\n\t\t\t\t\t<\/div>\n\t\t<\/div>\n\t\t\t\t\t<\/div>\n\t\t<\/section>\n\t\t\t\t<section class=\"elementor-section elementor-top-section elementor-element elementor-element-5f321f5 elementor-section-boxed elementor-section-height-default elementor-section-height-default\" data-id=\"5f321f5\" data-element_type=\"section\" data-e-type=\"section\">\n\t\t\t\t\t\t<div class=\"elementor-container elementor-column-gap-default\">\n\t\t\t\t\t<div class=\"elementor-column elementor-col-100 elementor-top-column elementor-element elementor-element-767dc99\" data-id=\"767dc99\" data-element_type=\"column\" data-e-type=\"column\">\n\t\t\t<div class=\"elementor-widget-wrap elementor-element-populated\">\n\t\t\t\t\t\t<div class=\"elementor-element elementor-element-596e8da elementor-widget elementor-widget-spacer\" data-id=\"596e8da\" data-element_type=\"widget\" data-e-type=\"widget\" data-widget_type=\"spacer.default\">\n\t\t\t\t<div class=\"elementor-widget-container\">\n\t\t\t\t\t\t\t<div class=\"elementor-spacer\">\n\t\t\t<div class=\"elementor-spacer-inner\"><\/div>\n\t\t<\/div>\n\t\t\t\t\t\t<\/div>\n\t\t\t\t<\/div>\n\t\t\t\t\t<\/div>\n\t\t<\/div>\n\t\t\t\t\t<\/div>\n\t\t<\/section>\n\t\t\t\t<\/div>\n\t\t","protected":false},"excerpt":{"rendered":"<p>A dupla diploma\u00e7\u00e3o \u00e9 o processo que possibilita o afastamento tempor\u00e1rio do estudante para estudo em institui\u00e7\u00f5es estrangeiras conveniadas, seguindo um Plano de Estudos previamente acordado entre as coordena\u00e7\u00f5es de curso, para ent\u00e3o receber dois diplomas, de ambas as institui\u00e7\u00f5es. O interessado deve realizar a inscri\u00e7\u00e3o em um edital voltado ao seu curso. Ap\u00f3s o &hellip; <\/p>\n<p class=\"link-more\"><a href=\"https:\/\/utfpr.curitiba.br\/dagee\/dupla-diplomacao\/\" class=\"more-link\">Continue lendo<span class=\"screen-reader-text\"> &#8220;Dupla Diploma\u00e7\u00e3o&#8221;<\/span><\/a><\/p>\n","protected":false},"author":291,"featured_media":0,"parent":0,"menu_order":0,"comment_status":"closed","ping_status":"closed","template":"","meta":{"footnotes":""},"class_list":["post-4478","page","type-page","status-publish","hentry"],"_links":{"self":[{"href":"https:\/\/utfpr.curitiba.br\/dagee\/wp-json\/wp\/v2\/pages\/4478","targetHints":{"allow":["GET"]}}],"collection":[{"href":"https:\/\/utfpr.curitiba.br\/dagee\/wp-json\/wp\/v2\/pages"}],"about":[{"href":"https:\/\/utfpr.curitiba.br\/dagee\/wp-json\/wp\/v2\/types\/page"}],"author":[{"embeddable":true,"href":"https:\/\/utfpr.curitiba.br\/dagee\/wp-json\/wp\/v2\/users\/291"}],"replies":[{"embeddable":true,"href":"https:\/\/utfpr.curitiba.br\/dagee\/wp-json\/wp\/v2\/comments?post=4478"}],"version-history":[{"count":33,"href":"https:\/\/utfpr.curitiba.br\/dagee\/wp-json\/wp\/v2\/pages\/4478\/revisions"}],"predecessor-version":[{"id":4513,"href":"https:\/\/utfpr.curitiba.br\/dagee\/wp-json\/wp\/v2\/pages\/4478\/revisions\/4513"}],"wp:attachment":[{"href":"https:\/\/utfpr.curitiba.br\/dagee\/wp-json\/wp\/v2\/media?parent=4478"}],"curies":[{"name":"wp","href":"https:\/\/api.w.org\/{rel}","templated":true}]}}