{"id":3842,"date":"2023-05-09T13:15:53","date_gmt":"2023-05-09T16:15:53","guid":{"rendered":"https:\/\/utfpr.curitiba.br\/dagee\/?page_id=3842"},"modified":"2026-02-12T08:31:21","modified_gmt":"2026-02-12T11:31:21","slug":"requerimentos","status":"publish","type":"page","link":"https:\/\/utfpr.curitiba.br\/dagee\/requerimentos\/","title":{"rendered":"Requerimentos"},"content":{"rendered":"\n<p>Nesta p\u00e1gina s\u00e3o exibidas os procedimentos necess\u00e1rios a serem tomados pelos alunos que quiserem realizar o cancelamento de disciplinas, realiza\u00e7\u00e3o de equival\u00eancias e convalida\u00e7\u00f5es, reingresso, desist\u00eancias, exames de sufici\u00eancia e etc. Lembrando que os requerimentos possuem um prazo v\u00e1lido para a sua realiza\u00e7\u00e3o, podendo ser efetuados dentro ou fora do semestre acad\u00eamico.<\/p>\n\n\n\n<h4 class=\"wp-block-heading\">Cancelamentos de disciplinas<\/h4>\n\n\n\n<p>O cancelamento de matr\u00edcula em disciplina \u00e9 feito pelo pr\u00f3prio aluno no Portal, at\u00e9 o prazo limite definido no calend\u00e1rio acad\u00eamico da UTFPR. O cancelamento fora do prazo \u00e9 permitido somente para est\u00e1gio curricular, obrigat\u00f3rio ou n\u00e3o, por trabalho ou por motivos de for\u00e7a maior, devidamente comprovados, desde que autorizados pela coordena\u00e7\u00e3o do curso e que o fato tenha ocorrido ap\u00f3s o per\u00edodo de matr\u00edcula.<\/p>\n\n\n\n<h4 class=\"wp-block-heading\">Equival\u00eancias e convalida\u00e7\u00f5es<\/h4>\n\n\n\n<p>Os alunos do curso de Administra\u00e7\u00e3o que desejarem solicitar equival\u00eancia ou convalida\u00e7\u00e3o de disciplina dever\u00e3o encaminhar um e-mail \u00e0 Coordena\u00e7\u00e3o do Curso pelo endere\u00e7o eletr\u00f4nico: <strong>adm-ct@utfpr.edu.br<\/strong>, formalizando o pedido. O processo pode ser realizado a qualquer momento ao longo do per\u00edodo letivo. Em caso de d\u00favidas, o estudante tamb\u00e9m poder\u00e1 entrar em contato pelo mesmo e-mail.<\/p>\n\n\n\n<h4 class=\"wp-block-heading\">Reingresso<\/h4>\n\n\n\n<p>Para alunos que estiverem reingressando, tamb\u00e9m encaminhar um email para a coordena\u00e7\u00e3o do curso: <strong>adm-ct@utfpr.edu.br<\/strong><\/p>\n\n\n\n<h4 class=\"wp-block-heading\">Desist\u00eancias de curso\/Exames de sufici\u00eancia\/Manuten\u00e7\u00e3o de V\u00ednculo\/Trancamento de Matr\u00edcula\/Outros assuntos<\/h4>\n\n\n\n<p>Para os demais requerimentos como desist\u00eancias de curso, exames de sufici\u00eancia, manuten\u00e7\u00e3o de v\u00ednculo e trancamento de matr\u00edcula, enviar um email para o DERAC (Departamento de Registros Acad\u00eamicos):&nbsp;<a href=\"mailto:derac-ct@utfpr.edu.br\">derac-ct@utfpr.edu.br<\/a>.&nbsp; N\u00e3o esquecer de preencher o requerimento e informar no email o nome completo, RA (Registro de Aluno, N\u00famero de Matr\u00edcula), nome do curso e indicar o assunto. Anexar tamb\u00e9m Documentos Necess\u00e1rios e de Identifica\u00e7\u00e3o (RG) digitalizado. Para mais informa\u00e7\u00f5es a respeito de requerimentos, visite esse&nbsp;<a rel=\"noreferrer noopener\" href=\"http:\/\/www.utfpr.edu.br\/secretaria\/curitiba\/requerimento\" target=\"_blank\">link<\/a>.<\/p>\n","protected":false},"excerpt":{"rendered":"<p>Nesta p\u00e1gina s\u00e3o exibidas os procedimentos necess\u00e1rios a serem tomados pelos alunos que quiserem realizar o cancelamento de disciplinas, realiza\u00e7\u00e3o de equival\u00eancias e convalida\u00e7\u00f5es, reingresso, desist\u00eancias, exames de sufici\u00eancia e etc. Lembrando que os requerimentos possuem um prazo v\u00e1lido para a sua realiza\u00e7\u00e3o, podendo ser efetuados dentro ou fora do semestre acad\u00eamico. Cancelamentos de disciplinas &hellip; <\/p>\n<p class=\"link-more\"><a href=\"https:\/\/utfpr.curitiba.br\/dagee\/requerimentos\/\" class=\"more-link\">Continue lendo<span class=\"screen-reader-text\"> &#8220;Requerimentos&#8221;<\/span><\/a><\/p>\n","protected":false},"author":117,"featured_media":0,"parent":0,"menu_order":0,"comment_status":"closed","ping_status":"closed","template":"","meta":{"footnotes":""},"class_list":["post-3842","page","type-page","status-publish","hentry"],"_links":{"self":[{"href":"https:\/\/utfpr.curitiba.br\/dagee\/wp-json\/wp\/v2\/pages\/3842","targetHints":{"allow":["GET"]}}],"collection":[{"href":"https:\/\/utfpr.curitiba.br\/dagee\/wp-json\/wp\/v2\/pages"}],"about":[{"href":"https:\/\/utfpr.curitiba.br\/dagee\/wp-json\/wp\/v2\/types\/page"}],"author":[{"embeddable":true,"href":"https:\/\/utfpr.curitiba.br\/dagee\/wp-json\/wp\/v2\/users\/117"}],"replies":[{"embeddable":true,"href":"https:\/\/utfpr.curitiba.br\/dagee\/wp-json\/wp\/v2\/comments?post=3842"}],"version-history":[{"count":4,"href":"https:\/\/utfpr.curitiba.br\/dagee\/wp-json\/wp\/v2\/pages\/3842\/revisions"}],"predecessor-version":[{"id":4885,"href":"https:\/\/utfpr.curitiba.br\/dagee\/wp-json\/wp\/v2\/pages\/3842\/revisions\/4885"}],"wp:attachment":[{"href":"https:\/\/utfpr.curitiba.br\/dagee\/wp-json\/wp\/v2\/media?parent=3842"}],"curies":[{"name":"wp","href":"https:\/\/api.w.org\/{rel}","templated":true}]}}