{"id":3041,"date":"2017-03-12T16:17:46","date_gmt":"2017-03-12T19:17:46","guid":{"rendered":"http:\/\/blogs.ct.utfpr.edu.br\/dagee\/?page_id=3041"},"modified":"2023-05-09T16:56:04","modified_gmt":"2023-05-09T19:56:04","slug":"mba-em-gestao-empresarial","status":"publish","type":"page","link":"https:\/\/utfpr.curitiba.br\/dagee\/mba-em-gestao-empresarial\/","title":{"rendered":"MBA em Gest\u00e3o Empresarial"},"content":{"rendered":"\n<figure class=\"wp-block-image size-large\"><img fetchpriority=\"high\" decoding=\"async\" width=\"1024\" height=\"468\" src=\"https:\/\/utfpr-ct-static-content.s3.amazonaws.com\/utfpr.curitiba.br\/wp-content\/uploads\/sites\/64\/2023\/05\/MBA-em-Gestao-Empresarial-2-1024x468.png\" alt=\"\" class=\"wp-image-3884\" srcset=\"https:\/\/utfpr-ct-static-content.s3.amazonaws.com\/utfpr.curitiba.br\/wp-content\/uploads\/sites\/64\/2023\/05\/MBA-em-Gestao-Empresarial-2-1024x468.png 1024w, https:\/\/utfpr-ct-static-content.s3.amazonaws.com\/utfpr.curitiba.br\/wp-content\/uploads\/sites\/64\/2023\/05\/MBA-em-Gestao-Empresarial-2-300x137.png 300w, https:\/\/utfpr-ct-static-content.s3.amazonaws.com\/utfpr.curitiba.br\/wp-content\/uploads\/sites\/64\/2023\/05\/MBA-em-Gestao-Empresarial-2-768x351.png 768w, https:\/\/utfpr-ct-static-content.s3.amazonaws.com\/utfpr.curitiba.br\/wp-content\/uploads\/sites\/64\/2023\/05\/MBA-em-Gestao-Empresarial-2-1536x702.png 1536w, https:\/\/utfpr-ct-static-content.s3.amazonaws.com\/utfpr.curitiba.br\/wp-content\/uploads\/sites\/64\/2023\/05\/MBA-em-Gestao-Empresarial-2-2048x936.png 2048w\" sizes=\"(max-width: 706px) 89vw, (max-width: 767px) 82vw, 740px\" \/><\/figure>\n\n\n\n<p>A economia mundial tem passado por r\u00e1pidas transforma\u00e7\u00f5es que impactam diretamente as habilidades e compet\u00eancias necess\u00e1rias para que profissionais da \u00e1rea de gest\u00e3o. Tamb\u00e9m est\u00e1 ficando cada vez mais comum as pessoas empreenderem e abrirem o seu pr\u00f3prio neg\u00f3cio, que somados com o avan\u00e7o da tecnologia tem proporcionado o surgimento de novos e aprimorados modelos de neg\u00f3cios, com situa\u00e7\u00f5es nunca experimentadas na economia mundial. <\/p>\n\n\n\n<p>No Brasil, as organiza\u00e7\u00f5es s\u00e3o influenciadas diretamente por tais fen\u00f4menos globais, bem como por altera\u00e7\u00f5es no mercado interno com acirramento da concorr\u00eancia, mudan\u00e7as nas prefer\u00eancias de consumidores, dentre outros fen\u00f4menos que fazem com que as organiza\u00e7\u00f5es precisem ser cada vez mais eficientes em todas as suas \u00e1reas de gest\u00e3o. <\/p>\n\n\n\n<p>Neste sentido, a Universidade Tecnol\u00f3gica Federal do Paran\u00e1 (UTFPR), especificamente o Departamento de Gest\u00e3o e Economia, que apresenta curso de gradua\u00e7\u00e3o em administra\u00e7\u00e3o como sendo o melhor do Sul do pa\u00eds segundo o INEP (2019) e cursos de mestrado e doutorado na \u00e1rea de gest\u00e3o privada e p\u00fablica tem um papel fundamental na forma\u00e7\u00e3o de profissionais altamente qualificados para o mercado de trabalho. <\/p>\n\n\n\n<p>Assim, o curso de MBA em Gest\u00e3o Empresarial tem como objetivo fundamental capacitar e desenvolver, nos participantes, habilidades e conhecimentos t\u00e9cnicos que lhes permitam formular, discutir, analisar, selecionar e implementar estrat\u00e9gias de gest\u00e3o nas empresas e organiza\u00e7\u00f5es. O curso busca ampliar os conhecimentos dos seus integrantes, contribuindo com o desenvolvimento de diversas habilidades relacionadas ao cotidiano gerencial das organiza\u00e7\u00f5es contempor\u00e2neas, contribuindo na transforma\u00e7\u00e3o dos componentes de meros coadjuvantes na gest\u00e3o, em atores principais no processo de atualiza\u00e7\u00e3o dos modelos de gest\u00e3o implantados nas suas empresas. <\/p>\n\n\n\n<p>Deste modo, o presente projeto tem como p\u00fablico-alvo profissionais rec\u00e9m-formados em Administra\u00e7\u00e3o, com ou sem experi\u00eancia de mercado; profissionais formados em outros cursos (Economia, Ci\u00eancias Cont\u00e1beis, Engenharias, Psicologia e outros curso afins) necessitando aprofundar-se em conceitos de gest\u00e3o para sua atua\u00e7\u00e3o profissional; empres\u00e1rios de pequenas e m\u00e9dias empresas e profissionais que ocupam ou almejam ocupar cargos de ger\u00eancia ou de alta dire\u00e7\u00e3o em empresas industriais, comerciais e de servi\u00e7os.<\/p>\n\n\n\n<p>O MBA em Gest\u00e3o Empresarial, no n\u00edvel de p\u00f3s-gradua\u00e7\u00e3o lato sensu pela UTFPR, se justifica pela demanda de profissionais que consigam atender as necessidades empresariais em um mercado cada vez mais competitivo e exigente, gerando excel\u00eancia em gest\u00e3o empresarial, diferenciando as organiza\u00e7\u00f5es onde atuam e contribuindo para o crescimento e desenvolvimento do pa\u00eds, atendendo a Resolu\u00e7\u00e3o n\u00ba 01, de 06.04.2018 do CNE\/CES, bem como no Regulamento dos Cursos de Especializa\u00e7\u00e3o de P\u00f3s-Gradua\u00e7\u00e3o \u201cLato Sensu\u201d desta institui\u00e7\u00e3o.<\/p>\n\n\n\n<p><\/p>\n\n\n\n<hr class=\"wp-block-separator has-alpha-channel-opacity is-style-wide\"\/>\n\n\n\n<h2 class=\"wp-block-heading\">Per\u00edodo das aulas<\/h2>\n\n\n\n<p>Ter\u00e7a e Quinta das 18h40 \u00e0s 22h50<\/p>\n\n\n\n<h2 class=\"wp-block-heading\">Diferenciais<\/h2>\n\n\n\n<h2 class=\"wp-block-heading\">Na velocidade do seu sucesso<\/h2>\n\n\n\n<p>Saia na frente e conquiste seu MBA em gest\u00e3o empresarial em 10 meses de curso. Com aulas \u00e0s ter\u00e7as e quintas das 18h40 \u00e0s 22h50, voc\u00ea cumpre 360 horas de curso com professores doutores e o peso da Universidade Tecnol\u00f3gica Federal do Paran\u00e1.<\/p>\n\n\n\n<h2 class=\"wp-block-heading\">Foco no que realmente te interessa<\/h2>\n\n\n\n<p>Amplie seu networking com as aulas interativas e n\u00e3o se preocupe com as burocracias acad\u00eamicas: Com a \u00eanfase nas pr\u00e1ticas e conex\u00f5es interpessoais n\u00e3o ser\u00e1 necess\u00e1rio fazer um TCC para a conquistar o seu t\u00edtulo.<\/p>\n\n\n\n<h2 class=\"wp-block-heading\">Tudo Novo Para Voc\u00ea<\/h2>\n\n\n\n<p>O MBA de gest\u00e3o empresarial est\u00e1 se reinventando para as novas demandas do mercado e as mudan\u00e7as n\u00e3o est\u00e3o somente no curr\u00edculo. Temos ajustado nossa estrutura f\u00edsica para promover uma nova experi\u00eancia para voc\u00ea no campus central da UTFPR.<\/p>\n\n\n\n<div class=\"wp-block-buttons is-layout-flex wp-block-buttons-is-layout-flex\">\n<div class=\"wp-block-button\"><a class=\"wp-block-button__link\" href=\"https:\/\/utfpr.curitiba.br\/mbagestaoempresarial\/\" target=\"_blank\" rel=\"noreferrer noopener\">Saiba mais!<\/a><\/div>\n<\/div>\n","protected":false},"excerpt":{"rendered":"<p>A economia mundial tem passado por r\u00e1pidas transforma\u00e7\u00f5es que impactam diretamente as habilidades e compet\u00eancias necess\u00e1rias para que profissionais da \u00e1rea de gest\u00e3o. Tamb\u00e9m est\u00e1 ficando cada vez mais comum as pessoas empreenderem e abrirem o seu pr\u00f3prio neg\u00f3cio, que somados com o avan\u00e7o da tecnologia tem proporcionado o surgimento de novos e aprimorados modelos &hellip; <\/p>\n<p class=\"link-more\"><a href=\"https:\/\/utfpr.curitiba.br\/dagee\/mba-em-gestao-empresarial\/\" class=\"more-link\">Continue lendo<span class=\"screen-reader-text\"> &#8220;MBA em Gest\u00e3o Empresarial&#8221;<\/span><\/a><\/p>\n","protected":false},"author":5,"featured_media":0,"parent":0,"menu_order":0,"comment_status":"closed","ping_status":"closed","template":"","meta":{"footnotes":""},"class_list":["post-3041","page","type-page","status-publish","hentry"],"_links":{"self":[{"href":"https:\/\/utfpr.curitiba.br\/dagee\/wp-json\/wp\/v2\/pages\/3041","targetHints":{"allow":["GET"]}}],"collection":[{"href":"https:\/\/utfpr.curitiba.br\/dagee\/wp-json\/wp\/v2\/pages"}],"about":[{"href":"https:\/\/utfpr.curitiba.br\/dagee\/wp-json\/wp\/v2\/types\/page"}],"author":[{"embeddable":true,"href":"https:\/\/utfpr.curitiba.br\/dagee\/wp-json\/wp\/v2\/users\/5"}],"replies":[{"embeddable":true,"href":"https:\/\/utfpr.curitiba.br\/dagee\/wp-json\/wp\/v2\/comments?post=3041"}],"version-history":[{"count":7,"href":"https:\/\/utfpr.curitiba.br\/dagee\/wp-json\/wp\/v2\/pages\/3041\/revisions"}],"predecessor-version":[{"id":3885,"href":"https:\/\/utfpr.curitiba.br\/dagee\/wp-json\/wp\/v2\/pages\/3041\/revisions\/3885"}],"wp:attachment":[{"href":"https:\/\/utfpr.curitiba.br\/dagee\/wp-json\/wp\/v2\/media?parent=3041"}],"curies":[{"name":"wp","href":"https:\/\/api.w.org\/{rel}","templated":true}]}}