{"id":3031,"date":"2017-02-27T11:03:24","date_gmt":"2017-02-27T14:03:24","guid":{"rendered":"http:\/\/blogs.ct.utfpr.edu.br\/dagee\/?page_id=3031"},"modified":"2024-10-22T15:13:33","modified_gmt":"2024-10-22T18:13:33","slug":"graduacao","status":"publish","type":"page","link":"https:\/\/utfpr.curitiba.br\/dagee\/graduacao\/","title":{"rendered":"GRADUA\u00c7\u00c3O"},"content":{"rendered":"\t\t<div data-elementor-type=\"wp-page\" data-elementor-id=\"3031\" class=\"elementor elementor-3031\">\n\t\t\t\t\t\t<section class=\"elementor-section elementor-top-section elementor-element elementor-element-3d59a7e4 elementor-section-boxed elementor-section-height-default elementor-section-height-default\" data-id=\"3d59a7e4\" data-element_type=\"section\" data-e-type=\"section\">\n\t\t\t\t\t\t<div class=\"elementor-container elementor-column-gap-default\">\n\t\t\t\t\t<div class=\"elementor-column elementor-col-100 elementor-top-column elementor-element elementor-element-2e346811\" data-id=\"2e346811\" data-element_type=\"column\" data-e-type=\"column\">\n\t\t\t<div class=\"elementor-widget-wrap elementor-element-populated\">\n\t\t\t\t\t\t<div class=\"elementor-element elementor-element-4d1405b elementor-widget elementor-widget-image\" data-id=\"4d1405b\" data-element_type=\"widget\" data-e-type=\"widget\" data-widget_type=\"image.default\">\n\t\t\t\t<div class=\"elementor-widget-container\">\n\t\t\t\t\t\t\t\t\t\t\t\t\t\t\t<img decoding=\"async\" width=\"300\" height=\"160\" src=\"https:\/\/utfpr-ct-static-content.s3.amazonaws.com\/utfpr.curitiba.br\/wp-content\/uploads\/sites\/64\/2023\/05\/Graduacao-em-Adinistracao-300x160.png\" class=\"attachment-medium size-medium wp-image-3881\" alt=\"\" srcset=\"https:\/\/utfpr-ct-static-content.s3.amazonaws.com\/utfpr.curitiba.br\/wp-content\/uploads\/sites\/64\/2023\/05\/Graduacao-em-Adinistracao-300x160.png 300w, https:\/\/utfpr-ct-static-content.s3.amazonaws.com\/utfpr.curitiba.br\/wp-content\/uploads\/sites\/64\/2023\/05\/Graduacao-em-Adinistracao-1024x547.png 1024w, https:\/\/utfpr-ct-static-content.s3.amazonaws.com\/utfpr.curitiba.br\/wp-content\/uploads\/sites\/64\/2023\/05\/Graduacao-em-Adinistracao-768x410.png 768w, https:\/\/utfpr-ct-static-content.s3.amazonaws.com\/utfpr.curitiba.br\/wp-content\/uploads\/sites\/64\/2023\/05\/Graduacao-em-Adinistracao.png 1269w\" sizes=\"100vw\" \/>\t\t\t\t\t\t\t\t\t\t\t\t\t\t\t<\/div>\n\t\t\t\t<\/div>\n\t\t\t\t<div class=\"elementor-element elementor-element-2f9c424e elementor-widget elementor-widget-text-editor\" data-id=\"2f9c424e\" data-element_type=\"widget\" data-e-type=\"widget\" data-widget_type=\"text-editor.default\">\n\t\t\t\t<div class=\"elementor-widget-container\">\n\t\t\t\t\t\t\t\t\t<p><\/p>\n<p><\/p>\n<p><\/p>\n<p><\/p>\n<p><\/p>\n<p><\/p>\n<ul class=\"wp-block-list\">\n<li>Reconhecimento pelo MEC com conceito m\u00e1ximo.<\/li>\n<li>Reconhecido e recomendado pelo CRA.<\/li>\n<li>Programa de dupla diploma\u00e7\u00e3o com institui\u00e7\u00f5es europeias.<\/li>\n<li>Projeto pedag\u00f3gico diferenciado.<\/li>\n<li>Mais de 90% do corpo docente s\u00e3o doutores.<\/li>\n<li>Possui Empresa J\u00fanior.<\/li>\n<li>Forma\u00e7\u00e3o focada no mercado.<\/li>\n<\/ul>\n<p><\/p>\n<p><\/p>\n<p class=\"has-black-color has-text-color\">Conceito 5 no ENADE, o curso de Administra\u00e7\u00e3o do Campus Curitiba est\u00e1 h\u00e1 10 anos formando profissionais capacitados para atuarem em diferentes dimens\u00f5es da Administra\u00e7\u00e3o.<\/p>\n<p><\/p>\n<p><\/p>\n<p class=\"has-black-color has-text-color\">Tem por objetivo formar e capacitar profissionais com vis\u00e3o sist\u00eamica para atua\u00e7\u00e3o no vasto campo das ci\u00eancias administrativas. A \u00eanfase est\u00e1 nas posturas gerenciais, decis\u00f3rias, controle e an\u00e1lise. A partir da compreens\u00e3o de quest\u00f5es cient\u00edficas, t\u00e9cnicas, sociais, ambientais, econ\u00f4micas e financeiras, em \u00e2mbito nacional e internacional, tamb\u00e9m assegura o dom\u00ednio de ferramentas tecnol\u00f3gicas e responsabilidades \u00e9tico funcionais em atividades que envolvem planejamento, controle, arbitragens, quantifica\u00e7\u00f5es e an\u00e1lise de informa\u00e7\u00f5es para subsidiar as tomadas de decis\u00f5es.<\/p>\n<p><\/p>\n<p><\/p>\n<p class=\"has-black-color has-text-color\">A matriz curricular, desenvolvida com base nas Diretrizes Curriculares Nacionais, proporciona a\u00a0forma\u00e7\u00e3o de profissionais com postura gerencial e decis\u00f3ria, a fim de desenvolver o controle e an\u00e1lise das diferentes vari\u00e1veis que interagem nas organiza\u00e7\u00f5es, atrav\u00e9s da\u00a0compreens\u00e3o de quest\u00f5es cient\u00edficas, t\u00e9cnicas, sociais, ambientais, econ\u00f4micas, financeiras e culturais\u00a0apresentadas no decorrer dos per\u00edodos letivos.<\/p>\n<p><\/p>\n<p><\/p>\n<p><\/p>\n<p><\/p>\n<p>Ao final do curso, o Bacharel possuir\u00e1 as seguintes\u00a0compet\u00eancias:<\/p>\n<p><\/p>\n<p><\/p>\n<ul class=\"wp-block-list\">\n<li>Conhecimentos integrados das dimens\u00f5es sociais, ambientais, econ\u00f4micas e culturais;<\/li>\n<li>Analisar oportunidades e resolver problemas sob diferentes dimens\u00f5es e de forma sist\u00eamica, utilizando-se sempre de tecnologia;<\/li>\n<li>Utilizar-se de t\u00e9cnicas anal\u00edticas e quantitativas na an\u00e1lise de problemas e oportunidades;<\/li>\n<li>Ter bom relacionamento interpessoal e comunica\u00e7\u00e3o eficaz;<\/li>\n<li>Buscar sempre novos conhecimentos de forma aut\u00f4noma.<\/li>\n<\/ul>\n<p><\/p>\n<p><\/p>\n<h2 class=\"has-black-color has-white-background-color has-text-color has-background wp-block-heading\">Atua\u00e7\u00e3o<\/h2>\n<p><\/p>\n<p><\/p>\n<p>O profissional formado em Administra\u00e7\u00e3o pode atuar no mercado de trabalho nas mais variadas organiza\u00e7\u00f5es p\u00fablicas e privadas. Algumas \u00e1reas de atua\u00e7\u00e3o:<\/p>\n<p><\/p>\n<p><\/p>\n<ul class=\"wp-block-list\">\n<li>Administra\u00e7\u00e3o de empresas\u00a0p\u00fablicas e privadas;<\/li>\n<li>An\u00e1lise de sistemas: gerencia os sistemas de computa\u00e7\u00e3o e informa\u00e7\u00e3o em empresas;<\/li>\n<li>Com\u00e9rcio exterior: trabalha especificamente com o mercado internacional, balan\u00e7a de com\u00e9rcio, taxas alfandeg\u00e1rias, importa\u00e7\u00f5es e exporta\u00e7\u00f5es;<\/li>\n<li>Controladoria: controla finan\u00e7as, contabilidade, t\u00e9cnicas de organiza\u00e7\u00e3o e m\u00e9todos administrativos;<\/li>\n<li><em>Marketing<\/em>\u00a0ou mercadologia: trabalha com o mercado, fazendo pesquisas, orientando lan\u00e7amento de produtos, orienta\u00e7\u00e3o de vendas e publicidade;<\/li>\n<li>Or\u00e7amento e finan\u00e7as: trabalha com mercado de capitais, bolsa de valores, aplica\u00e7\u00f5es e investimentos de empresas;<\/li>\n<li>Produ\u00e7\u00e3o: controla a custos da produ\u00e7\u00e3o, processo produtivo, log\u00edstica, sistemas certificados e de qualidade;<\/li>\n<li>Recursos humanos: faz sele\u00e7\u00e3o, treinamento e admiss\u00e3o de pessoal, define pol\u00edticas de carreira, sal\u00e1rio e benef\u00edcios, negocia com sindicatos.<\/li>\n<li>Administra\u00e7\u00e3o do Terceiro Setor: Planejamento estrat\u00e9gico das opera\u00e7\u00f5es de ONG&#8217;s (Organiza\u00e7\u00f5es N\u00e3o Governamentais), como funda\u00e7\u00f5es e entidades filantr\u00f3picas, com vistas a capta\u00e7\u00e3o de recursos e sua aplica\u00e7\u00e3o em projetos sociais, ambientais e educacionais, entre outros.<\/li>\n<li>Empreendedor(a): comanda neg\u00f3cio pr\u00f3prio de pequeno, m\u00e9dio ou grande porte.<\/li>\n<\/ul>\n<p><\/p>\n<p><\/p>\n<h2 class=\"has-black-color has-white-background-color has-text-color has-background wp-block-heading\">Autoriza\u00e7\u00e3o e Reconhecimento do Curso<\/h2>\n<p><\/p>\n<p><\/p>\n<p>&#8211; Autoriza\u00e7\u00e3o:\u00a0Aprovado o funcionamento pela<br \/>Resolu\u00e7\u00e3o n\u00ba 172\/10 do COEPP, de 09\/12\/2010<\/p>\n<p><\/p>\n<p><\/p>\n<p>&#8211; Reconhecimento:\u00a0Portaria n\u00ba 1035, de 23\/12\/2015,<br \/>com conceito m\u00e1ximo (5)<\/p>\n<p><\/p>\n<p><\/p>\n<p><\/p>\t\t\t\t\t\t\t\t<\/div>\n\t\t\t\t<\/div>\n\t\t\t\t\t<\/div>\n\t\t<\/div>\n\t\t\t\t\t<\/div>\n\t\t<\/section>\n\t\t\t\t<section class=\"elementor-section elementor-top-section elementor-element elementor-element-85aff2a elementor-section-boxed elementor-section-height-default elementor-section-height-default\" data-id=\"85aff2a\" data-element_type=\"section\" data-e-type=\"section\">\n\t\t\t\t\t\t<div class=\"elementor-container elementor-column-gap-default\">\n\t\t\t\t\t<div class=\"elementor-column elementor-col-100 elementor-top-column elementor-element elementor-element-41f4765\" data-id=\"41f4765\" data-element_type=\"column\" data-e-type=\"column\">\n\t\t\t<div class=\"elementor-widget-wrap elementor-element-populated\">\n\t\t\t\t\t\t<div class=\"elementor-element elementor-element-7d3ab26 elementor-widget__width-initial elementor-widget elementor-widget-spacer\" data-id=\"7d3ab26\" data-element_type=\"widget\" data-e-type=\"widget\" data-widget_type=\"spacer.default\">\n\t\t\t\t<div class=\"elementor-widget-container\">\n\t\t\t\t\t\t\t<div class=\"elementor-spacer\">\n\t\t\t<div class=\"elementor-spacer-inner\"><\/div>\n\t\t<\/div>\n\t\t\t\t\t\t<\/div>\n\t\t\t\t<\/div>\n\t\t\t\t<div class=\"elementor-element elementor-element-292c147 elementor-widget elementor-widget-heading\" data-id=\"292c147\" data-element_type=\"widget\" data-e-type=\"widget\" data-widget_type=\"heading.default\">\n\t\t\t\t<div class=\"elementor-widget-container\">\n\t\t\t\t\t<h2 class=\"elementor-heading-title elementor-size-default\">Saiba mais<\/h2>\t\t\t\t<\/div>\n\t\t\t\t<\/div>\n\t\t\t\t<section class=\"elementor-section elementor-inner-section elementor-element elementor-element-ef78c4f elementor-section-full_width elementor-section-content-middle elementor-section-height-default elementor-section-height-default\" data-id=\"ef78c4f\" data-element_type=\"section\" data-e-type=\"section\">\n\t\t\t\t\t\t<div class=\"elementor-container elementor-column-gap-default\">\n\t\t\t\t\t<div class=\"elementor-column elementor-col-33 elementor-inner-column elementor-element elementor-element-3886bbd\" data-id=\"3886bbd\" data-element_type=\"column\" data-e-type=\"column\">\n\t\t\t<div class=\"elementor-widget-wrap\">\n\t\t\t\t\t\t\t<\/div>\n\t\t<\/div>\n\t\t\t\t<div class=\"elementor-column elementor-col-33 elementor-inner-column elementor-element elementor-element-bb4f4bc\" data-id=\"bb4f4bc\" data-element_type=\"column\" data-e-type=\"column\">\n\t\t\t<div class=\"elementor-widget-wrap\">\n\t\t\t\t\t\t\t<\/div>\n\t\t<\/div>\n\t\t\t\t<div class=\"elementor-column elementor-col-33 elementor-inner-column elementor-element elementor-element-cfcbc6e\" data-id=\"cfcbc6e\" data-element_type=\"column\" data-e-type=\"column\">\n\t\t\t<div class=\"elementor-widget-wrap\">\n\t\t\t\t\t\t\t<\/div>\n\t\t<\/div>\n\t\t\t\t\t<\/div>\n\t\t<\/section>\n\t\t\t\t<section class=\"elementor-section elementor-inner-section elementor-element elementor-element-20a51bf elementor-section-boxed elementor-section-height-default elementor-section-height-default\" data-id=\"20a51bf\" data-element_type=\"section\" data-e-type=\"section\">\n\t\t\t\t\t\t<div class=\"elementor-container elementor-column-gap-default\">\n\t\t\t\t\t<div class=\"elementor-column elementor-col-50 elementor-inner-column elementor-element elementor-element-e83645d\" data-id=\"e83645d\" data-element_type=\"column\" data-e-type=\"column\">\n\t\t\t<div class=\"elementor-widget-wrap\">\n\t\t\t\t\t\t\t<\/div>\n\t\t<\/div>\n\t\t\t\t<div class=\"elementor-column elementor-col-50 elementor-inner-column elementor-element elementor-element-2bfac23\" data-id=\"2bfac23\" data-element_type=\"column\" data-e-type=\"column\">\n\t\t\t<div class=\"elementor-widget-wrap\">\n\t\t\t\t\t\t\t<\/div>\n\t\t<\/div>\n\t\t\t\t\t<\/div>\n\t\t<\/section>\n\t\t\t\t<section class=\"elementor-section elementor-inner-section elementor-element elementor-element-5bd68d8 elementor-section-boxed elementor-section-height-default elementor-section-height-default\" data-id=\"5bd68d8\" data-element_type=\"section\" data-e-type=\"section\">\n\t\t\t\t\t\t<div class=\"elementor-container elementor-column-gap-default\">\n\t\t\t\t\t<div class=\"elementor-column elementor-col-50 elementor-inner-column elementor-element elementor-element-486c1ae\" data-id=\"486c1ae\" data-element_type=\"column\" data-e-type=\"column\">\n\t\t\t<div class=\"elementor-widget-wrap\">\n\t\t\t\t\t\t\t<\/div>\n\t\t<\/div>\n\t\t\t\t<div class=\"elementor-column elementor-col-50 elementor-inner-column elementor-element elementor-element-862858e\" data-id=\"862858e\" data-element_type=\"column\" data-e-type=\"column\">\n\t\t\t<div class=\"elementor-widget-wrap\">\n\t\t\t\t\t\t\t<\/div>\n\t\t<\/div>\n\t\t\t\t\t<\/div>\n\t\t<\/section>\n\t\t\t\t\t<\/div>\n\t\t<\/div>\n\t\t\t\t\t<\/div>\n\t\t<\/section>\n\t\t\t\t<\/div>\n\t\t","protected":false},"excerpt":{"rendered":"<p>Reconhecimento pelo MEC com conceito m\u00e1ximo. Reconhecido e recomendado pelo CRA. Programa de dupla diploma\u00e7\u00e3o com institui\u00e7\u00f5es europeias. Projeto pedag\u00f3gico diferenciado. Mais de 90% do corpo docente s\u00e3o doutores. Possui Empresa J\u00fanior. Forma\u00e7\u00e3o focada no mercado. Conceito 5 no ENADE, o curso de Administra\u00e7\u00e3o do Campus Curitiba est\u00e1 h\u00e1 10 anos formando profissionais capacitados para &hellip; <\/p>\n<p class=\"link-more\"><a href=\"https:\/\/utfpr.curitiba.br\/dagee\/graduacao\/\" class=\"more-link\">Continue lendo<span class=\"screen-reader-text\"> &#8220;GRADUA\u00c7\u00c3O&#8221;<\/span><\/a><\/p>\n","protected":false},"author":5,"featured_media":0,"parent":0,"menu_order":0,"comment_status":"closed","ping_status":"closed","template":"","meta":{"footnotes":""},"class_list":["post-3031","page","type-page","status-publish","hentry"],"_links":{"self":[{"href":"https:\/\/utfpr.curitiba.br\/dagee\/wp-json\/wp\/v2\/pages\/3031","targetHints":{"allow":["GET"]}}],"collection":[{"href":"https:\/\/utfpr.curitiba.br\/dagee\/wp-json\/wp\/v2\/pages"}],"about":[{"href":"https:\/\/utfpr.curitiba.br\/dagee\/wp-json\/wp\/v2\/types\/page"}],"author":[{"embeddable":true,"href":"https:\/\/utfpr.curitiba.br\/dagee\/wp-json\/wp\/v2\/users\/5"}],"replies":[{"embeddable":true,"href":"https:\/\/utfpr.curitiba.br\/dagee\/wp-json\/wp\/v2\/comments?post=3031"}],"version-history":[{"count":26,"href":"https:\/\/utfpr.curitiba.br\/dagee\/wp-json\/wp\/v2\/pages\/3031\/revisions"}],"predecessor-version":[{"id":4593,"href":"https:\/\/utfpr.curitiba.br\/dagee\/wp-json\/wp\/v2\/pages\/3031\/revisions\/4593"}],"wp:attachment":[{"href":"https:\/\/utfpr.curitiba.br\/dagee\/wp-json\/wp\/v2\/media?parent=3031"}],"curies":[{"name":"wp","href":"https:\/\/api.w.org\/{rel}","templated":true}]}}