{"id":47,"date":"2018-10-20T15:05:34","date_gmt":"2018-10-20T18:05:34","guid":{"rendered":"https:\/\/utfpr.curitiba.br\/dacoc\/?page_id=47"},"modified":"2018-10-20T15:41:16","modified_gmt":"2018-10-20T18:41:16","slug":"informacoes-para-aluno","status":"publish","type":"page","link":"https:\/\/utfpr.curitiba.br\/dacoc\/informacoes-para-aluno\/","title":{"rendered":"Informa\u00e7\u00f5es para alunos"},"content":{"rendered":"<h1 class=\"HH\">EST\u00c1GIO CURRICULAR<\/h1>\n<p class=\"HRT\">O Est\u00e1gio Curricular Obrigat\u00f3rio \u00e9 uma disciplina obrigat\u00f3ria dos Cursos Superiores de Gradua\u00e7\u00e3o e tem por finalidade a complementa\u00e7\u00e3o do ensino e da aprendizagem, adaptando psicol\u00f3gica e social do estudante \u00e0 sua futura atividade profissional, treinamento do estudante para facilitar sua futura absor\u00e7\u00e3o pelo mercado de trabalho e orienta\u00e7\u00e3o do estudante na escolha de sua especializa\u00e7\u00e3o profissional.<\/p>\n<p class=\"HRT\"><a href=\"https:\/\/utfpr.curitiba.br\/dacoc\/index.php\/contatos-do-departamento\/\">Ver professores respons\u00e1veis<\/a><\/p>\n<p>&nbsp;<\/p>\n<h1 class=\"HH\">ATIVIDADES COMPLEMENTARES<\/h1>\n<p class=\"HRT\">Tem por finalidade, enriquecer o processo de ensino-aprendizagem, complementando a forma\u00e7\u00e3o social, humana e profissional, por meio de atividades de cunho comunit\u00e1rio, de assist\u00eancia acad\u00eamica, de inicia\u00e7\u00e3o cient\u00edfica e tecnol\u00f3gica, esportivas e culturais, al\u00e9m de interc\u00e2mbios com institui\u00e7\u00f5es cong\u00eaneres.<\/p>\n<p class=\"HRT\"><a href=\"https:\/\/utfpr.curitiba.br\/dacoc\/index.php\/contatos-do-departamento\/\">Ver professores respons\u00e1veis<\/a><\/p>\n<p>&nbsp;<\/p>\n<h1 class=\"HH\">TRABALHO DE CONCLUS\u00c3O DE CURSO<\/h1>\n<p class=\"HRT\">O Trabalho de Conclus\u00e3o de Curso (TCC) \u00e9 uma atividade obrigat\u00f3ria, constitu\u00edda por disciplinas\/unidades curriculares dos curr\u00edculos dos cursos de Gradua\u00e7\u00e3o da UTFPR e tem como objetivos: Desenvolver a capacidade de aplica\u00e7\u00e3o dos conceitos e teorias adquiridas durante o curso de forma integrada, por meio da execu\u00e7\u00e3o de um projeto de pesquisa; desenvolver a capacidade de planejamento e disciplina para resolver problemas dentro das diversas \u00e1reas de forma\u00e7\u00e3o; despertar o interesse pela pesquisa como meio para a resolu\u00e7\u00e3o de problemas; estimular o esp\u00edrito empreendedor, por meio da execu\u00e7\u00e3o de projetos que levem ao desenvolvimento de produtos, os quais possam ser patenteados e\/ou comercializados; intensificar a extens\u00e3o universit\u00e1ria, por interm\u00e9dio da resolu\u00e7\u00e3o de problemas existentes nos diversos setores da sociedade; estimular a constru\u00e7\u00e3o do conhecimento coletivo; estimular a interdisciplinaridade; estimular a inova\u00e7\u00e3o tecnol\u00f3gica; estimular o esp\u00edrito cr\u00edtico e reflexivo no meio social onde est\u00e1 inserido, e estimular a forma\u00e7\u00e3o continuada.<\/p>\n<p class=\"HRT\"><a href=\"https:\/\/utfpr.curitiba.br\/dacoc\/index.php\/contatos-do-departamento\/\">Ver professores respons\u00e1veis<\/a><\/p>\n","protected":false},"excerpt":{"rendered":"<p>EST\u00c1GIO CURRICULAR O Est\u00e1gio Curricular Obrigat\u00f3rio \u00e9 uma disciplina obrigat\u00f3ria dos Cursos Superiores de Gradua\u00e7\u00e3o e tem por finalidade a complementa\u00e7\u00e3o do ensino e da aprendizagem, adaptando psicol\u00f3gica e social do estudante \u00e0 sua futura atividade profissional, treinamento do estudante &hellip; <a href=\"https:\/\/utfpr.curitiba.br\/dacoc\/informacoes-para-aluno\/\">Continue lendo <span class=\"meta-nav\">&rarr;<\/span><\/a><\/p>\n","protected":false},"author":1,"featured_media":0,"parent":0,"menu_order":0,"comment_status":"closed","ping_status":"closed","template":"","meta":{"footnotes":""},"class_list":["post-47","page","type-page","status-publish","hentry"],"_links":{"self":[{"href":"https:\/\/utfpr.curitiba.br\/dacoc\/wp-json\/wp\/v2\/pages\/47","targetHints":{"allow":["GET"]}}],"collection":[{"href":"https:\/\/utfpr.curitiba.br\/dacoc\/wp-json\/wp\/v2\/pages"}],"about":[{"href":"https:\/\/utfpr.curitiba.br\/dacoc\/wp-json\/wp\/v2\/types\/page"}],"author":[{"embeddable":true,"href":"https:\/\/utfpr.curitiba.br\/dacoc\/wp-json\/wp\/v2\/users\/1"}],"replies":[{"embeddable":true,"href":"https:\/\/utfpr.curitiba.br\/dacoc\/wp-json\/wp\/v2\/comments?post=47"}],"version-history":[{"count":3,"href":"https:\/\/utfpr.curitiba.br\/dacoc\/wp-json\/wp\/v2\/pages\/47\/revisions"}],"predecessor-version":[{"id":52,"href":"https:\/\/utfpr.curitiba.br\/dacoc\/wp-json\/wp\/v2\/pages\/47\/revisions\/52"}],"wp:attachment":[{"href":"https:\/\/utfpr.curitiba.br\/dacoc\/wp-json\/wp\/v2\/media?parent=47"}],"curies":[{"name":"wp","href":"https:\/\/api.w.org\/{rel}","templated":true}]}}

Informações para alunos

<h1 class="HH">ESTÁGIO CURRICULAR</h1>
<p class="HRT">O Estágio Curricular Obrigatório é uma disciplina obrigatória dos Cursos Superiores de Graduação e tem por finalidade a complementação do ensino e da aprendizagem, adaptando psicológica e social do estudante à sua futura atividade profissional, treinamento do estudante para facilitar sua futura absorção pelo mercado de trabalho e orientação do estudante na escolha de sua especialização profissional.</p>
<p class="HRT"><a href="https://utfpr.curitiba.br/dacoc/index.php/contatos-do-departamento/">Ver professores responsáveis</a></p>
<p>&nbsp;</p>
<h1 class="HH">ATIVIDADES COMPLEMENTARES</h1>
<p class="HRT">Tem por finalidade, enriquecer o processo de ensino-aprendizagem, complementando a formação social, humana e profissional, por meio de atividades de cunho comunitário, de assistência acadêmica, de iniciação científica e tecnológica, esportivas e culturais, além de intercâmbios com instituições congêneres.</p>
<p class="HRT"><a href="https://utfpr.curitiba.br/dacoc/index.php/contatos-do-departamento/">Ver professores responsáveis</a></p>
<p>&nbsp;</p>
<h1 class="HH">TRABALHO DE CONCLUSÃO DE CURSO</h1>
<p class="HRT">O Trabalho de Conclusão de Curso (TCC) é uma atividade obrigatória, constituída por disciplinas/unidades curriculares dos currículos dos cursos de Graduação da UTFPR e tem como objetivos: Desenvolver a capacidade de aplicação dos conceitos e teorias adquiridas durante o curso de forma integrada, por meio da execução de um projeto de pesquisa; desenvolver a capacidade de planejamento e disciplina para resolver problemas dentro das diversas áreas de formação; despertar o interesse pela pesquisa como meio para a resolução de problemas; estimular o espírito empreendedor, por meio da execução de projetos que levem ao desenvolvimento de produtos, os quais possam ser patenteados e/ou comercializados; intensificar a extensão universitária, por intermédio da resolução de problemas existentes nos diversos setores da sociedade; estimular a construção do conhecimento coletivo; estimular a interdisciplinaridade; estimular a inovação tecnológica; estimular o espírito crítico e reflexivo no meio social onde está inserido, e estimular a formação continuada.</p>
<p class="HRT"><a href="https://utfpr.curitiba.br/dacoc/index.php/contatos-do-departamento/">Ver professores responsáveis</a></p>

<p>ESTÁGIO CURRICULAR O Estágio Curricular Obrigatório é uma disciplina obrigatória dos Cursos Superiores de Graduação e tem por finalidade a complementação do ensino e da aprendizagem, adaptando psicológica e social do estudante à sua futura atividade profissional, treinamento do estudante &hellip; <a href="https://utfpr.curitiba.br/dacoc/informacoes-para-aluno/">Continue lendo <span class="meta-nav">&rarr;</span></a></p>
