{"id":41,"date":"2018-10-20T14:56:59","date_gmt":"2018-10-20T17:56:59","guid":{"rendered":"https:\/\/utfpr.curitiba.br\/dacoc\/?page_id=41"},"modified":"2019-09-05T18:55:03","modified_gmt":"2019-09-05T21:55:03","slug":"contatos-do-departamento","status":"publish","type":"page","link":"https:\/\/utfpr.curitiba.br\/dacoc\/contatos-do-departamento\/","title":{"rendered":"Contatos do departamento"},"content":{"rendered":"<p class=\"dd\">ADMINISTRA\u00c7\u00c3O<\/p>\n<p><span class=\"ww\">Chefe de Departamento<\/span><br \/>\nMassayuki M\u00e1rio Hara<br \/>\nchefiadacoc-ct@utfpr.edu.br<\/p>\n<p><span class=\"ww\">Chefe de Laborat\u00f3rio<\/span><br \/>\nJanine Nicolossi Correa<br \/>\njanine@utfpr.edu.br<\/p>\n<p><span class=\"ww\">Secret\u00e1ria<\/span><br \/>\nIzabel\u00a0Cristina Kr\u00fcger Siqueira<br \/>\ndacoc-ct@utfpr.edu.br<\/p>\n<p><span class=\"ww\">Secret\u00e1ria<\/span><br \/>\nJanete Fujihara<br \/>\ndacoc-ct@utfpr.edu.br<\/p>\n<p>&nbsp;<\/p>\n<p class=\"a\">CURSO T\u00c9CNICO<\/p>\n<p><span class=\"ww\">Coordena\u00e7\u00e3o do Curso T\u00e9cnico em Edifica\u00e7\u00f5es<\/span><br \/>\nHelena Akemi Umezawa<br \/>\nakemi@utfpr.edu.br<\/p>\n<p><span class=\"ww\">Coordena\u00e7\u00e3o do Curso T\u00e9cnico em Seguran\u00e7a do Trabalho<\/span><br \/>\nHelena Akemi Umezawa<br \/>\nakemi@utfpr.edu.br<\/p>\n<p><span class=\"ww\">Coordena\u00e7\u00e3o do Curso T\u00e9cnico em Constru\u00e7\u00e3o Civil<\/span><br \/>\nHelena Akemi Umezawa<br \/>\nakemi@utfpr.edu.br<\/p>\n<p><span class=\"ww\">Respons\u00e1vel pelo Est\u00e1gio Supervisionado<\/span><\/p>\n<p>&nbsp;<\/p>\n<p class=\"a\">CURSO DE TECNOLOGIA<\/p>\n<p><span class=\"ww\">Coordena\u00e7\u00e3o do Curso de Tecnologia do Concreto<\/span><br \/>\nHelena Akemi Umezawa<\/p>\n<p><span class=\"ww\">Respons\u00e1vel pelo Trabalho de Conclus\u00e3o de Curso<\/span><\/p>\n<p>&nbsp;<\/p>\n<p class=\"a\">CURSO DE GRADUA\u00c7\u00c3O EM ENGENHARIA CIVIL<\/p>\n<p><span class=\"ww\">Coordena\u00e7\u00e3o do Curso de Engenharia Civil<\/span><\/p>\n<p>Renata S\u00e1 Brito Stramandinoli<\/p>\n<p>renatasbs@utfpr.edu.br<\/p>\n<p><span class=\"ww\">Respons\u00e1vel pelo Est\u00e1gio Supervisionado Obrigat\u00f3rio<\/span><br \/>\nA<span class=\"fes\">rthur Medeiros<\/span><br \/>\na<span class=\"fes\">rthurmedeiros@utfpr.edu.br<\/span><\/p>\n<p><span class=\"ww\">Respons\u00e1vel pelo Est\u00e1gio Supervisionado\u00a0N\u00c3O Obrigat\u00f3rio<\/span><\/p>\n<p><span class=\"ww\">Respons\u00e1vel pelo Trabalho de Conclus\u00e3o de Curso\u00a0I<\/span><br \/>\nElisabeth Penner<br \/>\nepenner@utfpr.edu.br<\/p>\n<p><span class=\"ww\">Respons\u00e1vel pelo Trabalho de Conclus\u00e3o de Curso II<\/span><\/p>\n<p>@utfpr.edu.br<\/p>\n<p><span class=\"ww\">Respons\u00e1vel pelas Atividades Complementares<\/span><br \/>\nJos\u00e9 Manoel Caron<br \/>\ncaron@utfpr.edu.br<\/p>\n<p>&nbsp;<\/p>\n<p class=\"a\">CURSOS DE P\u00d3S GRADUA\u00c7\u00c3O<\/p>\n<p><span class=\"ww\">Coordena\u00e7\u00e3o do Programa de Mestrado<\/span><\/p>\n<p>@utfpr.edu.br<\/p>\n<p><span class=\"ww\">Coordena\u00e7\u00e3o da Especializa\u00e7\u00e3o em Seguran\u00e7a do trabalho<\/span><br \/>\nRodrigo Eduardo Catai<br \/>\ncatai@utfpr.edu.br<\/p>\n<p><span class=\"ww\">Coordena\u00e7\u00e3o da Especializa\u00e7\u00e3o em Gerenciamento de Obras<\/span><br \/>\nAdalberto Matoski<br \/>\nadalberto@utfpr.edu.br<\/p>\n<p><span class=\"ww\">Coordena\u00e7\u00e3o da Especializa\u00e7\u00e3o em Patologia das Constru\u00e7\u00f5es<\/span><br \/>\nAmacin Rodrigues Moreira<br \/>\namacinrm@utfpr.edu.br<\/p>\n<p><span class=\"ww\">Coordena\u00e7\u00e3o da Especializa\u00e7\u00e3o em Engenharia de Produ\u00e7\u00e3o<\/span><br \/>\nAlfredo Iarozinski Neto<br \/>\nalfredo.iarozinski@gmail.com<\/p>\n<p><span class=\"ww\">Coordena\u00e7\u00e3o da Especializa\u00e7\u00e3o em Constru\u00e7\u00f5es Sustent\u00e1veis<\/span><br \/>\nEloy Fassi Casagrande Junior<br \/>\nfassi@utfpr.edu.br<\/p>\n","protected":false},"excerpt":{"rendered":"<p>ADMINISTRA\u00c7\u00c3O Chefe de Departamento Massayuki M\u00e1rio Hara chefiadacoc-ct@utfpr.edu.br Chefe de Laborat\u00f3rio Janine Nicolossi Correa janine@utfpr.edu.br Secret\u00e1ria Izabel\u00a0Cristina Kr\u00fcger Siqueira dacoc-ct@utfpr.edu.br Secret\u00e1ria Janete Fujihara dacoc-ct@utfpr.edu.br &nbsp; CURSO T\u00c9CNICO Coordena\u00e7\u00e3o do Curso T\u00e9cnico em Edifica\u00e7\u00f5es Helena Akemi Umezawa akemi@utfpr.edu.br Coordena\u00e7\u00e3o do Curso &hellip; <a href=\"https:\/\/utfpr.curitiba.br\/dacoc\/contatos-do-departamento\/\">Continue lendo <span class=\"meta-nav\">&rarr;<\/span><\/a><\/p>\n","protected":false},"author":1,"featured_media":0,"parent":0,"menu_order":0,"comment_status":"closed","ping_status":"closed","template":"","meta":{"footnotes":""},"class_list":["post-41","page","type-page","status-publish","hentry"],"_links":{"self":[{"href":"https:\/\/utfpr.curitiba.br\/dacoc\/wp-json\/wp\/v2\/pages\/41","targetHints":{"allow":["GET"]}}],"collection":[{"href":"https:\/\/utfpr.curitiba.br\/dacoc\/wp-json\/wp\/v2\/pages"}],"about":[{"href":"https:\/\/utfpr.curitiba.br\/dacoc\/wp-json\/wp\/v2\/types\/page"}],"author":[{"embeddable":true,"href":"https:\/\/utfpr.curitiba.br\/dacoc\/wp-json\/wp\/v2\/users\/1"}],"replies":[{"embeddable":true,"href":"https:\/\/utfpr.curitiba.br\/dacoc\/wp-json\/wp\/v2\/comments?post=41"}],"version-history":[{"count":4,"href":"https:\/\/utfpr.curitiba.br\/dacoc\/wp-json\/wp\/v2\/pages\/41\/revisions"}],"predecessor-version":[{"id":55,"href":"https:\/\/utfpr.curitiba.br\/dacoc\/wp-json\/wp\/v2\/pages\/41\/revisions\/55"}],"wp:attachment":[{"href":"https:\/\/utfpr.curitiba.br\/dacoc\/wp-json\/wp\/v2\/media?parent=41"}],"curies":[{"name":"wp","href":"https:\/\/api.w.org\/{rel}","templated":true}]}}

<p class="dd">ADMINISTRAÇÃO</p>
<p><span class="ww">Chefe de Departamento</span><br />
Massayuki Mário Hara<br />
chefiadacoc-ct@utfpr.edu.br</p>
<p><span class="ww">Chefe de Laboratório</span><br />
Janine Nicolossi Correa<br />
janine@utfpr.edu.br</p>
<p><span class="ww">Secretária</span><br />
Izabel Cristina Krüger Siqueira<br />
dacoc-ct@utfpr.edu.br</p>
<p><span class="ww">Secretária</span><br />
Janete Fujihara<br />
dacoc-ct@utfpr.edu.br</p>
<p>&nbsp;</p>
<p class="a">CURSO TÉCNICO</p>
<p><span class="ww">Coordenação do Curso Técnico em Edificações</span><br />
Helena Akemi Umezawa<br />
akemi@utfpr.edu.br</p>
<p><span class="ww">Coordenação do Curso Técnico em Segurança do Trabalho</span><br />
Helena Akemi Umezawa<br />
akemi@utfpr.edu.br</p>
<p><span class="ww">Coordenação do Curso Técnico em Construção Civil</span><br />
Helena Akemi Umezawa<br />
akemi@utfpr.edu.br</p>
<p><span class="ww">Responsável pelo Estágio Supervisionado</span></p>
<p>&nbsp;</p>
<p class="a">CURSO DE TECNOLOGIA</p>
<p><span class="ww">Coordenação do Curso de Tecnologia do Concreto</span><br />
Helena Akemi Umezawa</p>
<p><span class="ww">Responsável pelo Trabalho de Conclusão de Curso</span></p>
<p>&nbsp;</p>
<p class="a">CURSO DE GRADUAÇÃO EM ENGENHARIA CIVIL</p>
<p><span class="ww">Coordenação do Curso de Engenharia Civil</span></p>
<p>Renata Sá Brito Stramandinoli</p>
<p>renatasbs@utfpr.edu.br</p>
<p><span class="ww">Responsável pelo Estágio Supervisionado Obrigatório</span><br />
A<span class="fes">rthur Medeiros</span><br />
a<span class="fes">rthurmedeiros@utfpr.edu.br</span></p>
<p><span class="ww">Responsável pelo Estágio Supervisionado NÃO Obrigatório</span></p>
<p><span class="ww">Responsável pelo Trabalho de Conclusão de Curso I</span><br />
Elisabeth Penner<br />
epenner@utfpr.edu.br</p>
<p><span class="ww">Responsável pelo Trabalho de Conclusão de Curso II</span></p>
<p>@utfpr.edu.br</p>
<p><span class="ww">Responsável pelas Atividades Complementares</span><br />
José Manoel Caron<br />
caron@utfpr.edu.br</p>
<p>&nbsp;</p>
<p class="a">CURSOS DE PÓS GRADUAÇÃO</p>
<p><span class="ww">Coordenação do Programa de Mestrado</span></p>
<p>@utfpr.edu.br</p>
<p><span class="ww">Coordenação da Especialização em Segurança do trabalho</span><br />
Rodrigo Eduardo Catai<br />
catai@utfpr.edu.br</p>
<p><span class="ww">Coordenação da Especialização em Gerenciamento de Obras</span><br />
Adalberto Matoski<br />
adalberto@utfpr.edu.br</p>
<p><span class="ww">Coordenação da Especialização em Patologia das Construções</span><br />
Amacin Rodrigues Moreira<br />
amacinrm@utfpr.edu.br</p>
<p><span class="ww">Coordenação da Especialização em Engenharia de Produção</span><br />
Alfredo Iarozinski Neto<br />
alfredo.iarozinski@gmail.com</p>
<p><span class="ww">Coordenação da Especialização em Construções Sustentáveis</span><br />
Eloy Fassi Casagrande Junior<br />
fassi@utfpr.edu.br</p>

<p>ADMINISTRAÇÃO Chefe de Departamento Massayuki Mário Hara chefiadacoc-ct@utfpr.edu.br Chefe de Laboratório Janine Nicolossi Correa janine@utfpr.edu.br Secretária Izabel Cristina Krüger Siqueira dacoc-ct@utfpr.edu.br Secretária Janete Fujihara dacoc-ct@utfpr.edu.br &nbsp; CURSO TÉCNICO Coordenação do Curso Técnico em Edificações Helena Akemi Umezawa akemi@utfpr.edu.br Coordenação do Curso &hellip; <a href="https://utfpr.curitiba.br/dacoc/contatos-do-departamento/">Continue lendo <span class="meta-nav">&rarr;</span></a></p>
