{"id":569,"date":"2019-04-16T12:13:16","date_gmt":"2019-04-16T15:13:16","guid":{"rendered":"http:\/\/cursosdeextensao.ct.utfpr.edu.br\/?page_id=569"},"modified":"2026-02-12T13:50:03","modified_gmt":"2026-02-12T16:50:03","slug":"abertura-de-cursos-empresariais","status":"publish","type":"page","link":"https:\/\/utfpr.curitiba.br\/cursosdeextensao\/area-do-coordenador\/abertura-de-cursos-empresariais\/","title":{"rendered":"Abrir Cursos Corporativos"},"content":{"rendered":"\n<p>Reunimos aqui as principais observa\u00e7\u00f5es sobre Cursos de Corporativos, baseados nas principais d\u00favidas decorrentes do processo.<\/p>\n\n\n\n<p>S\u00e3o cursos de qualquer natureza e n\u00edvel, <strong>exclusivamente realizados para institui\u00e7\u00f5es ou empresas<\/strong>, podendo ser locais (ministrados nas depend\u00eancias\/instala\u00e7\u00f5es da UTFPR) ou em localiza\u00e7\u00e3o proposta pela demandante, com clientela por ela definida. <\/p>\n\n\n\n<p>Cursos empresariais abrem a possibilidade de negocia\u00e7\u00e3o em rela\u00e7\u00e3o ao n\u00famero de inscritos. Os casos ser\u00e3o analisados individualmente, diretamente com o Coordenador.<\/p>\n\n\n\n<p class=\"has-text-color\" style=\"color:#ffffff\">_<\/p>\n\n\n\n<h2 class=\"wp-block-heading\" id=\"proposicao-e-abertura\">Proposi\u00e7\u00e3o e abertura<\/h2>\n\n\n\n<p><strong>AVISO<\/strong>: Caso o  curso a ser proposto utilize software espec\u00edfico, o proponente deve  atentar a) ao uso de softwares gratuitos ou b) a compra dos diretos de  uso do software em quest\u00e3o (a licen\u00e7a dever\u00e1 ser encaminhada ao setor  para inclus\u00e3o no Processo SEI de abertura do curso. Programas sem  licen\u00e7a de uso v\u00e1lida n\u00e3o ter\u00e3o a instala\u00e7\u00e3o autorizada. <\/p>\n\n\n\n<p class=\"has-text-color\" style=\"color:#ffffff\">_<\/p>\n\n\n\n<p>1. A proposta do curso precisa ser enviada pelo <a href=\"https:\/\/sistemas2.utfpr.edu.br\/home\">Sistema de Acompanhamento de Projetos (SAP)<\/a>, que est\u00e1 dispon\u00edvel atrav\u00e9s do login no Sistemas Corporativos da UTFPR A proposta \u00e9 preenchida na p\u00e1gina, com as mesmas informa\u00e7\u00f5es do antigo modelo de projeto em Word. Link para o sistema:<\/p>\n\n\n\n<p class=\"has-luminous-vivid-orange-color has-text-color\"> <a href=\"https:\/\/sistemas2.utfpr.edu.br\/home\">Sistema de Acompanhamento de Projetos (SAP)<\/a> <\/p>\n\n\n\n<p>OBS: O SAP, assim como todos os sistemas da UTFPR, funciona integralmente no navegador Mozilla Firefox. Caso utilize outro navegador, algumas das fun\u00e7\u00f5es principais podem aparecer desabilitadas.<\/p>\n\n\n\n<p>A <mark style=\"background-color:#F9FEFD\" class=\"has-inline-color has-cm-color-6-color\">Planilha or\u00e7ament\u00e1ria<\/mark> dever\u00e1 ser anexada no final do processo, em espa\u00e7o espec\u00edfico no pr\u00f3prio SAP.<\/p>\n\n\n\n<p>Link para a Planilha or\u00e7ament\u00e1ria:<\/p>\n\n\n\n<p class=\"has-luminous-vivid-orange-color has-text-color\"><mark class=\"has-inline-color has-luminous-vivid-amber-color\"><a href=\"https:\/\/utfpr-ct-static-content.s3.amazonaws.com\/utfpr.curitiba.br\/wp-content\/uploads\/sites\/60\/2022\/07\/planilhaextensaocurtaduracao_v3jul2021-1.xlsx\"><\/a><\/mark><a href=\"https:\/\/utfpr-ct-static-content.s3.amazonaws.com\/utfpr.curitiba.br\/wp-content\/uploads\/sites\/60\/2026\/02\/planilhaextensaocurtaduracaoatualizada.xlsx\"><mark class=\"has-inline-color has-luminous-vivid-amber-color\">Planilha or\u00e7ament\u00e1ria<\/mark><\/a><mark class=\"has-inline-color has-light-green-cyan-color\"><\/mark><\/p>\n\n\n\n<p>OBS: A Planilha or\u00e7ament\u00e1ria disponibilizada pela FUNTEF em seu site \u00e9 elaborada pela PROREC e aprovada pela PROPLAD. A DIREC-CT n\u00e3o se responsabiliza pelas f\u00f3rmulas aplicadas, e quaisquer modifica\u00e7\u00f5es precisam ser solicitadas \u00e0 Reitoria. <\/p>\n\n\n\n<p class=\"has-text-color\" style=\"color:#ffffff\">_<\/p>\n\n\n\n<p>2. Voc\u00ea, coordenador, precisa avisar \u00e0 Chefia do Departamento em que est\u00e1 lotado que h\u00e1 uma proposta de curso a ser aprovada. Essa proposta s\u00f3 chega \u00e0 DICPRO-CT depois de assinada pela Chefia em quest\u00e3o.<\/p>\n\n\n\n<p class=\"has-text-color\" style=\"color:#ffffff\">_<\/p>\n\n\n\n<p>3. Ao receber o projeto, encaminhamos a planilha financeira \u00e0 DIRPLAD-CT, que tamb\u00e9m dar\u00e1 o aval.<\/p>\n\n\n\n<p class=\"has-text-align-left\">IMPORTANTE: o curso s\u00f3 ter\u00e1 as inscri\u00e7\u00f5es liberadas e sua divulga\u00e7\u00e3o efetuada ap\u00f3s aprova\u00e7\u00e3o no SAP e da DIRPLAD-CT, impreterivelmente.<\/p>\n\n\n\n<p class=\"has-text-color\" style=\"color:#ffffff\">_<\/p>\n\n\n\n<p>4. Aprovado, o curso \u00e9 encaminhado \u00e0 FUNTEF, para libera\u00e7\u00e3o do link de inscri\u00e7\u00e3o, e inclu\u00eddo no site da DICPRO-CT e em nossas redes sociais.<\/p>\n\n\n\n<p>OBS: O Projeto do curso, assinado pelo Coordenador e pela UTFPR, constitui o v\u00ednculo com a Empresa. No caso de cursos com custos elevados, e por solicita\u00e7\u00e3o da empresa, h\u00e1 possibilidade de negocia\u00e7\u00e3o de Conv\u00eanio ou Contrato espec\u00edfico.<\/p>\n\n\n\n<p class=\"has-text-color\" style=\"color:#ffffff\">_<\/p>\n\n\n\n<p><strong>OBS:<\/strong> Os Cursos Empresariais podem ser pagos por boleto, dep\u00f3sito ou nota de empenho. Solicite \u00e0 empresa interessada que especifique a forma de pagamento, e o contato para eventuais d\u00favidas e\/ou solicita\u00e7\u00f5es de informa\u00e7\u00f5es empresariais.<\/p>\n\n\n\n<p>A emiss\u00e3o de Nota Fiscal \u00e9 realizada pela FUNTEF.<\/p>\n\n\n\n<p class=\"has-text-color\" style=\"color:#ffffff\">_<\/p>\n\n\n\n<h2 class=\"wp-block-heading\" id=\"realizacao-do-curso\">Realiza\u00e7\u00e3o do curso<\/h2>\n\n\n\n<p>5. No preenchimento da proposta, h\u00e1 a previs\u00e3o da fun\u00e7\u00e3o de Apoio\/Secretaria. S\u00e3o de sua responsabilidade as atividades administrativas de suporte ao curso.<\/p>\n\n\n\n<p class=\"has-text-color\" style=\"color:#ffffff\">_<\/p>\n\n\n\n<p>6. Essa fun\u00e7\u00e3o pode ser realizada por profissional da UTFPR, \u00e0 escolha da coordena\u00e7\u00e3o (de forma remunerada ou n\u00e3o) ou por aluno do curso, que receber\u00e1 bolsa integral (mas n\u00e3o receber\u00e1 em valor pecuni\u00e1rio).<\/p>\n\n\n\n<p class=\"has-text-color\" style=\"color:#ffffff\">_<\/p>\n\n\n\n<p>7. A DICPRO n\u00e3o se responsabiliza pelo apoio aos cursos.  Caso o coordenador n\u00e3o inclua em seu projeto a fun\u00e7\u00e3o de apoio, esta ser\u00e1 absorvida pelo instrutor ou pelo coordenador do curso.<\/p>\n\n\n\n<p class=\"has-text-color\" style=\"color:#ffffff\">_<\/p>\n\n\n\n<h2 class=\"wp-block-heading\" id=\"finalizacao-do-curso\">Finaliza\u00e7\u00e3o do curso<\/h2>\n\n\n\n<p>8. O curso s\u00f3 ser\u00e1 finalizado, e os valores dos docentes e equipe envolvidos liberado, quando:<br><br>&#8211; o coordenador incluir no SAP o Relat\u00f3rio Final, solicitado de acordo com o Regulamento de Curso de Extens\u00e3o. Ele inclui:<\/p>\n\n\n\n<p>a) A avalia\u00e7\u00e3o de satisfa\u00e7\u00e3o dos estudantes com o curso;<\/p>\n\n\n\n<p>b) Planilha com os dados dos concluintes, para certifica\u00e7\u00e3o;<\/p>\n\n\n\n<p>c) Planilha financeira ajustada, de acordo com o montante arrecadado com o curso (caso o curso tenha arrecada\u00e7\u00e3o de recursos);<\/p>\n\n\n\n<p>d) Apresenta\u00e7\u00e3o das atividades propostas e realizadas.<br><br>&#8211; haver o preenchimento do <a href=\"https:\/\/docs.google.com\/forms\/d\/e\/1FAIpQLSc2PKutiWpHPz5zfiCY7pR3Pfxeu8A1FAjh2OiNPwRbVKRzsA\/viewform\">Registro de Horas Espor\u00e1dicas e Complementares<\/a>, solicita\u00e7\u00e3o do COUNI. Link para o Registro de Horas:<\/p>\n\n\n\n<p class=\"has-luminous-vivid-orange-color has-text-color\"><a href=\"https:\/\/docs.google.com\/forms\/d\/e\/1FAIpQLSc2PKutiWpHPz5zfiCY7pR3Pfxeu8A1FAjh2OiNPwRbVKRzsA\/viewform\"><mark class=\"has-inline-color has-luminous-vivid-amber-color\">Registro de Horas Espor\u00e1dicas e Complementares<\/mark><\/a><\/p>\n\n\n\n<p class=\"has-text-color\" style=\"color:#ffffff\">_<\/p>\n\n\n\n<p>9. Para efetuar a libera\u00e7\u00e3o do pagamento, todos os servidores precisam encaminhar ainda os seguintes documentos:<br><br>Para todos os servidores:<\/p>\n\n\n\n<p class=\"has-luminous-vivid-orange-color has-text-color\"> <a href=\"http:\/\/consultacadastral.inss.gov.br\/Esocial\/pages\/index.xhtml\">&#8211; Consulta cadastral ao E-social<\/a> <\/p>\n\n\n\n<p>Servidores em regime de dedica\u00e7\u00e3o exclusiva:<\/p>\n\n\n\n<p class=\"has-luminous-vivid-orange-color has-text-color\"><a href=\"http:\/\/utfpr-ct-static-content.s3.amazonaws.com\/utfpr.curitiba.br\/wp-content\/uploads\/sites\/60\/2019\/05\/0.DE_Declaracao_Word.docx\"><mark class=\"has-inline-color has-luminous-vivid-amber-color\"> &#8211; Declara\u00e7\u00e3o DE (formato Word) <\/mark><\/a><\/p>\n\n\n\n<p>Servidores fora do regime de Dedica\u00e7\u00e3o Exclusiva:<\/p>\n\n\n\n<p class=\"has-luminous-vivid-orange-color has-text-color\"><a href=\"http:\/\/utfpr-ct-static-content.s3.amazonaws.com\/utfpr.curitiba.br\/wp-content\/uploads\/sites\/60\/2019\/05\/0.DE_Nao_Declaracao_Word.docx\"><mark class=\"has-inline-color has-luminous-vivid-amber-color\">&#8211; Declara\u00e7\u00e3o N\u00e3o DE (formato Word) <\/mark><\/a><\/p>\n\n\n\n<p class=\"has-text-color\" style=\"color:#ffffff\">_<\/p>\n\n\n\n<h2 class=\"wp-block-heading\" id=\"contato\">Contato<\/h2>\n\n\n\n<p>Todos os documentos devem ser enviados pelo e-mail<br> <strong>dicpro-ct@utfpr.edu.br<\/strong> <br><br>Telefones de contato:<br>(41) 3310-4570<\/p>\n","protected":false},"excerpt":{"rendered":"<p>Reunimos aqui as principais observa\u00e7\u00f5es sobre Cursos de Corporativos, baseados nas principais d\u00favidas decorrentes do processo. S\u00e3o cursos de qualquer<\/p>\n","protected":false},"author":2,"featured_media":0,"parent":555,"menu_order":0,"comment_status":"closed","ping_status":"closed","template":"","meta":{"colormag_page_container_layout":"default_layout","colormag_page_sidebar_layout":"default_layout","footnotes":""},"class_list":["post-569","page","type-page","status-publish","hentry"],"_links":{"self":[{"href":"https:\/\/utfpr.curitiba.br\/cursosdeextensao\/wp-json\/wp\/v2\/pages\/569","targetHints":{"allow":["GET"]}}],"collection":[{"href":"https:\/\/utfpr.curitiba.br\/cursosdeextensao\/wp-json\/wp\/v2\/pages"}],"about":[{"href":"https:\/\/utfpr.curitiba.br\/cursosdeextensao\/wp-json\/wp\/v2\/types\/page"}],"author":[{"embeddable":true,"href":"https:\/\/utfpr.curitiba.br\/cursosdeextensao\/wp-json\/wp\/v2\/users\/2"}],"replies":[{"embeddable":true,"href":"https:\/\/utfpr.curitiba.br\/cursosdeextensao\/wp-json\/wp\/v2\/comments?post=569"}],"version-history":[{"count":34,"href":"https:\/\/utfpr.curitiba.br\/cursosdeextensao\/wp-json\/wp\/v2\/pages\/569\/revisions"}],"predecessor-version":[{"id":3445,"href":"https:\/\/utfpr.curitiba.br\/cursosdeextensao\/wp-json\/wp\/v2\/pages\/569\/revisions\/3445"}],"up":[{"embeddable":true,"href":"https:\/\/utfpr.curitiba.br\/cursosdeextensao\/wp-json\/wp\/v2\/pages\/555"}],"wp:attachment":[{"href":"https:\/\/utfpr.curitiba.br\/cursosdeextensao\/wp-json\/wp\/v2\/media?parent=569"}],"curies":[{"name":"wp","href":"https:\/\/api.w.org\/{rel}","templated":true}]}}