{"id":1437,"date":"2023-06-28T12:19:37","date_gmt":"2023-06-28T15:19:37","guid":{"rendered":"https:\/\/utfpr.curitiba.br\/coted\/?page_id=1437"},"modified":"2024-12-09T14:44:19","modified_gmt":"2024-12-09T17:44:19","slug":"noticias","status":"publish","type":"page","link":"https:\/\/utfpr.curitiba.br\/coted\/?page_id=1437","title":{"rendered":"Not\u00edcias"},"content":{"rendered":"\t\t<div data-elementor-type=\"wp-page\" data-elementor-id=\"1437\" class=\"elementor elementor-1437\">\n\t\t\t\t\t\t<section class=\"elementor-section elementor-top-section elementor-element elementor-element-2a21fbb elementor-section-boxed elementor-section-height-default elementor-section-height-default wpr-particle-no wpr-jarallax-no wpr-parallax-no wpr-sticky-section-no wpr-equal-height-no\" data-id=\"2a21fbb\" data-element_type=\"section\" data-e-type=\"section\">\n\t\t\t\t\t\t<div class=\"elementor-container elementor-column-gap-default\">\n\t\t\t\t\t<div class=\"elementor-column elementor-col-100 elementor-top-column elementor-element elementor-element-273e834\" data-id=\"273e834\" data-element_type=\"column\" data-e-type=\"column\">\n\t\t\t<div class=\"elementor-widget-wrap\">\n\t\t\t\t\t\t\t<\/div>\n\t\t<\/div>\n\t\t\t\t\t<\/div>\n\t\t<\/section>\n\t\t\t\t<\/div>\n\t\t","protected":false},"excerpt":{"rendered":"<p>Parceria Coted-CT e Fabtech: projetos criativos na pr\u00e1tica 24 de julho de 2024 Em processo de repagina\u00e7\u00e3o de nossas salas e est\u00fadios, nossa equipe esteve no Fabtech, o fablab do Parque Tecnol\u00f3gico da UTFPR Campus Curitiba, mais um centro propulsor da cultura maker na cidade. Com equipamentos de ponta, o Fabtech nos ajudou a criar os moldes para a aplica\u00e7\u00e3o da marca UTFPR na Sala Multimeios e demais espa\u00e7os. Isso foi feito com a cortadora a laser, que pode cortar formas precisas e gravar detalhes intrincados em diferentes tipos de madeira, desde compensado at\u00e9 MDF. A parceria entre a Coted-CT e o FabTech visa desenvolver novos projetos de inova\u00e7\u00e3o e tecnologia, proporcionando um Sala Multimeios Did\u00e1ticos foi local de abertura e palestras do DESIGNTHON 4 de junho de 2024 Entre os dias 13 e 18 de maio foi realizado o DesignThon, evento da Incubadora Sprint da UTFPR em parceria com o Grupo Botic\u00e1rio para estudantes e rec\u00e9m-formados da universidade. O DesignThon \u00e9 um hackathon de design de embalagens que consiste em propor desafios de design em forma de maratona competitiva, para que os participantes solucionem problemas de forma criativa e inovadora. Al\u00e9m das atividades desafiadoras, o evento contou com 8 palestras abertas \u00e0 comunidade sobre temas relacionados a design de embalagens e produtos, todas elas aconteceram de forma h\u00edbrida a partir da Sala Multimeio Did\u00e1ticos que possui estrutura de Equipe COTED-CT visita o Fab Lab Curitiba 20 de maio de 2024 Na quinta-feira (17), Jo\u00e3o Paulo Kuzma (servidor) e Ian Lages (estagi\u00e1rio), integrantes da equipe Coted-CT, e demais convidados, fizeram uma visita ao Fab Lab Curitiba, o primeiro laborat\u00f3rio p\u00fablico de fabrica\u00e7\u00e3o digital e prototipagem criativa da cidade.Um dos principais objetivos da visita foi conhecer os processos e a infraestrutura desse importante centro de inova\u00e7\u00e3o, e firmar parcerias para o desenvolvimento de projetos que atendam \u00e0s demandas da Coted-CT.Com chancela do Instituto de Tecnologia de Massachusetts (MIT), o Fab Lab \u00e9 um dos principais propulsores da cultura maker em Curitiba. Desde a sua funda\u00e7\u00e3o, em 2019, j\u00e1 apoiou 75 projetos, focados Curso sobre Parkinson do Portal Sophia \u00e9 tema de mat\u00e9ria na RPC 2 de maio de 2024 No \u00faltimo dia primeiro (1), o Portal Sophia ganhou uma reportagem no programa Boa Noite Paran\u00e1 da emissora RPC. O destaque da mat\u00e9ria foi o novo curso dispon\u00edvel na plataforma: Doen\u00e7as Neurodegenerativas: venha aprender sobre o Parkinson, produzido pela Professora Dra. Katia Elisa Prus Pinho com apoio da COTED-CT. A reportagem ressalta a import\u00e2ncia da produ\u00e7\u00e3o de conhecimentos sobre o Parkinson para a comunidade e trouxe como exemplo a viv\u00eancia de um casal que convive com a doen\u00e7a. O curso Doen\u00e7as Neurodegenerativas: venha aprender sobre o Parkinson est\u00e1 dispon\u00edvel de forma gratuita no Portal Sophia, com uma carga hor\u00e1ria de COTED-CT participa de visita ao Centro de Realidade Estendida da PUCPR 1 de novembro de 2023 Na sexta-feira, 27, a COTED-CT participou da visita ao Centro de Realidade Estendida da PUCPR, em Curitiba. Nova sala de videoconfer\u00eancias \u00e9 inaugurada 29 de junho de 2023 Espa\u00e7o para palestras, semin\u00e1rios, reuni\u00f5es e cursos tem equipamentos modernos Sala de produ\u00e7\u00e3o de material digital \u00e9 inaugurada 29 de junho de 2023 Novo ambiente est\u00e1 dispon\u00edvel para a comunidade Reuni\u00e3o de projeto de pesquisa inaugura Sala Multimeios do Ecoville 28 de junho de 2023 Espa\u00e7o re\u00fane diversos recursos tecnol\u00f3gicos Novos ambientes do campus Curitiba s\u00e3o disponibilizados para uso 28 de junho de 2023 Sala de estudos, biblioteca e laborat\u00f3rios foram readequados para receber a comunidade acad\u00eamica SOPHIA comemora dois anos com mais de 2 mil usu\u00e1rios 28 de junho de 2023 Objetivo do portal \u00e9 a democratiza\u00e7\u00e3o do acesso \u00e0 educa\u00e7\u00e3o de qualidade<\/p>\n","protected":false},"author":157,"featured_media":0,"parent":0,"menu_order":0,"comment_status":"closed","ping_status":"closed","template":"","meta":{"site-sidebar-layout":"no-sidebar","site-content-layout":"page-builder","ast-site-content-layout":"default","site-content-style":"default","site-sidebar-style":"default","ast-global-header-display":"","ast-banner-title-visibility":"","ast-main-header-display":"","ast-hfb-above-header-display":"","ast-hfb-below-header-display":"","ast-hfb-mobile-header-display":"","site-post-title":"disabled","ast-breadcrumbs-content":"","ast-featured-img":"disabled","footer-sml-layout":"","ast-disable-related-posts":"","theme-transparent-header-meta":"","adv-header-id-meta":"","stick-header-meta":"","header-above-stick-meta":"","header-main-stick-meta":"","header-below-stick-meta":"","astra-migrate-meta-layouts":"default","ast-page-background-enabled":"default","ast-page-background-meta":{"desktop":{"background-color":"var(--ast-global-color-4)","background-image":"","background-repeat":"repeat","background-position":"center center","background-size":"auto","background-attachment":"scroll","background-type":"","background-media":"","overlay-type":"","overlay-color":"","overlay-opacity":"","overlay-gradient":""},"tablet":{"background-color":"","background-image":"","background-repeat":"repeat","background-position":"center center","background-size":"auto","background-attachment":"scroll","background-type":"","background-media":"","overlay-type":"","overlay-color":"","overlay-opacity":"","overlay-gradient":""},"mobile":{"background-color":"","background-image":"","background-repeat":"repeat","background-position":"center center","background-size":"auto","background-attachment":"scroll","background-type":"","background-media":"","overlay-type":"","overlay-color":"","overlay-opacity":"","overlay-gradient":""}},"ast-content-background-meta":{"desktop":{"background-color":"var(--ast-global-color-5)","background-image":"","background-repeat":"repeat","background-position":"center center","background-size":"auto","background-attachment":"scroll","background-type":"","background-media":"","overlay-type":"","overlay-color":"","overlay-opacity":"","overlay-gradient":""},"tablet":{"background-color":"var(--ast-global-color-5)","background-image":"","background-repeat":"repeat","background-position":"center center","background-size":"auto","background-attachment":"scroll","background-type":"","background-media":"","overlay-type":"","overlay-color":"","overlay-opacity":"","overlay-gradient":""},"mobile":{"background-color":"var(--ast-global-color-5)","background-image":"","background-repeat":"repeat","background-position":"center center","background-size":"auto","background-attachment":"scroll","background-type":"","background-media":"","overlay-type":"","overlay-color":"","overlay-opacity":"","overlay-gradient":""}},"footnotes":""},"class_list":["post-1437","page","type-page","status-publish","hentry"],"yoast_head":"<!-- This site is optimized with the Yoast SEO plugin v27.4 - https:\/\/yoast.com\/product\/yoast-seo-wordpress\/ -->\n<title>Not\u00edcias - Coordena\u00e7\u00e3o de Tecnologia na Educa\u00e7\u00e3o<\/title>\n<meta name=\"robots\" content=\"index, follow, max-snippet:-1, max-image-preview:large, max-video-preview:-1\" \/>\n<link rel=\"canonical\" href=\"https:\/\/utfpr.curitiba.br\/coted\/?page_id=1437\" \/>\n<meta property=\"og:locale\" content=\"pt_BR\" \/>\n<meta property=\"og:type\" content=\"article\" \/>\n<meta property=\"og:title\" content=\"Not\u00edcias - Coordena\u00e7\u00e3o de Tecnologia na Educa\u00e7\u00e3o\" \/>\n<meta property=\"og:description\" content=\"Parceria Coted-CT e Fabtech: projetos criativos na pr\u00e1tica 24 de julho de 2024 Em processo de repagina\u00e7\u00e3o de nossas salas e est\u00fadios, nossa equipe esteve no Fabtech, o fablab do Parque Tecnol\u00f3gico da UTFPR Campus Curitiba, mais um centro propulsor da cultura maker na cidade. Com equipamentos de ponta, o Fabtech nos ajudou a criar os moldes para a aplica\u00e7\u00e3o da marca UTFPR na Sala Multimeios e demais espa\u00e7os. Isso foi feito com a cortadora a laser, que pode cortar formas precisas e gravar detalhes intrincados em diferentes tipos de madeira, desde compensado at\u00e9 MDF. A parceria entre a Coted-CT e o FabTech visa desenvolver novos projetos de inova\u00e7\u00e3o e tecnologia, proporcionando um Sala Multimeios Did\u00e1ticos foi local de abertura e palestras do DESIGNTHON 4 de junho de 2024 Entre os dias 13 e 18 de maio foi realizado o DesignThon, evento da Incubadora Sprint da UTFPR em parceria com o Grupo Botic\u00e1rio para estudantes e rec\u00e9m-formados da universidade. O DesignThon \u00e9 um hackathon de design de embalagens que consiste em propor desafios de design em forma de maratona competitiva, para que os participantes solucionem problemas de forma criativa e inovadora. Al\u00e9m das atividades desafiadoras, o evento contou com 8 palestras abertas \u00e0 comunidade sobre temas relacionados a design de embalagens e produtos, todas elas aconteceram de forma h\u00edbrida a partir da Sala Multimeio Did\u00e1ticos que possui estrutura de Equipe COTED-CT visita o Fab Lab Curitiba 20 de maio de 2024 Na quinta-feira (17), Jo\u00e3o Paulo Kuzma (servidor) e Ian Lages (estagi\u00e1rio), integrantes da equipe Coted-CT, e demais convidados, fizeram uma visita ao Fab Lab Curitiba, o primeiro laborat\u00f3rio p\u00fablico de fabrica\u00e7\u00e3o digital e prototipagem criativa da cidade.Um dos principais objetivos da visita foi conhecer os processos e a infraestrutura desse importante centro de inova\u00e7\u00e3o, e firmar parcerias para o desenvolvimento de projetos que atendam \u00e0s demandas da Coted-CT.Com chancela do Instituto de Tecnologia de Massachusetts (MIT), o Fab Lab \u00e9 um dos principais propulsores da cultura maker em Curitiba. Desde a sua funda\u00e7\u00e3o, em 2019, j\u00e1 apoiou 75 projetos, focados Curso sobre Parkinson do Portal Sophia \u00e9 tema de mat\u00e9ria na RPC 2 de maio de 2024 No \u00faltimo dia primeiro (1), o Portal Sophia ganhou uma reportagem no programa Boa Noite Paran\u00e1 da emissora RPC. O destaque da mat\u00e9ria foi o novo curso dispon\u00edvel na plataforma: Doen\u00e7as Neurodegenerativas: venha aprender sobre o Parkinson, produzido pela Professora Dra. Katia Elisa Prus Pinho com apoio da COTED-CT. A reportagem ressalta a import\u00e2ncia da produ\u00e7\u00e3o de conhecimentos sobre o Parkinson para a comunidade e trouxe como exemplo a viv\u00eancia de um casal que convive com a doen\u00e7a. O curso Doen\u00e7as Neurodegenerativas: venha aprender sobre o Parkinson est\u00e1 dispon\u00edvel de forma gratuita no Portal Sophia, com uma carga hor\u00e1ria de COTED-CT participa de visita ao Centro de Realidade Estendida da PUCPR 1 de novembro de 2023 Na sexta-feira, 27, a COTED-CT participou da visita ao Centro de Realidade Estendida da PUCPR, em Curitiba. Nova sala de videoconfer\u00eancias \u00e9 inaugurada 29 de junho de 2023 Espa\u00e7o para palestras, semin\u00e1rios, reuni\u00f5es e cursos tem equipamentos modernos Sala de produ\u00e7\u00e3o de material digital \u00e9 inaugurada 29 de junho de 2023 Novo ambiente est\u00e1 dispon\u00edvel para a comunidade Reuni\u00e3o de projeto de pesquisa inaugura Sala Multimeios do Ecoville 28 de junho de 2023 Espa\u00e7o re\u00fane diversos recursos tecnol\u00f3gicos Novos ambientes do campus Curitiba s\u00e3o disponibilizados para uso 28 de junho de 2023 Sala de estudos, biblioteca e laborat\u00f3rios foram readequados para receber a comunidade acad\u00eamica SOPHIA comemora dois anos com mais de 2 mil usu\u00e1rios 28 de junho de 2023 Objetivo do portal \u00e9 a democratiza\u00e7\u00e3o do acesso \u00e0 educa\u00e7\u00e3o de qualidade\" \/>\n<meta property=\"og:url\" content=\"https:\/\/utfpr.curitiba.br\/coted\/?page_id=1437\" \/>\n<meta property=\"og:site_name\" content=\"Coordena\u00e7\u00e3o de Tecnologia na Educa\u00e7\u00e3o\" \/>\n<meta property=\"article:modified_time\" content=\"2024-12-09T17:44:19+00:00\" \/>\n<meta property=\"og:image\" content=\"https:\/\/utfpr-ct-static-content.s3.amazonaws.com\/utfpr.curitiba.br\/wp-content\/uploads\/sites\/44\/2024\/07\/WhatsApp-Image-2024-07-24-at-17.33.42.jpeg\" \/>\n<meta name=\"twitter:card\" content=\"summary_large_image\" \/>\n<meta name=\"twitter:label1\" content=\"Est. reading time\" \/>\n\t<meta name=\"twitter:data1\" content=\"6 minutos\" \/>\n<script type=\"application\/ld+json\" class=\"yoast-schema-graph\">{\"@context\":\"https:\\\/\\\/schema.org\",\"@graph\":[{\"@type\":\"WebPage\",\"@id\":\"https:\\\/\\\/utfpr.curitiba.br\\\/coted\\\/?page_id=1437\",\"url\":\"https:\\\/\\\/utfpr.curitiba.br\\\/coted\\\/?page_id=1437\",\"name\":\"Not\u00edcias - Coordena\u00e7\u00e3o de Tecnologia na Educa\u00e7\u00e3o\",\"isPartOf\":{\"@id\":\"https:\\\/\\\/utfpr.curitiba.br\\\/coted\\\/#website\"},\"primaryImageOfPage\":{\"@id\":\"https:\\\/\\\/utfpr.curitiba.br\\\/coted\\\/?page_id=1437#primaryimage\"},\"image\":{\"@id\":\"https:\\\/\\\/utfpr.curitiba.br\\\/coted\\\/?page_id=1437#primaryimage\"},\"thumbnailUrl\":\"https:\\\/\\\/utfpr-ct-static-content.s3.amazonaws.com\\\/utfpr.curitiba.br\\\/wp-content\\\/uploads\\\/sites\\\/44\\\/2024\\\/07\\\/WhatsApp-Image-2024-07-24-at-17.33.42.jpeg\",\"datePublished\":\"2023-06-28T15:19:37+00:00\",\"dateModified\":\"2024-12-09T17:44:19+00:00\",\"breadcrumb\":{\"@id\":\"https:\\\/\\\/utfpr.curitiba.br\\\/coted\\\/?page_id=1437#breadcrumb\"},\"inLanguage\":\"pt-BR\",\"potentialAction\":[{\"@type\":\"ReadAction\",\"target\":[\"https:\\\/\\\/utfpr.curitiba.br\\\/coted\\\/?page_id=1437\"]}]},{\"@type\":\"ImageObject\",\"inLanguage\":\"pt-BR\",\"@id\":\"https:\\\/\\\/utfpr.curitiba.br\\\/coted\\\/?page_id=1437#primaryimage\",\"url\":\"https:\\\/\\\/utfpr-ct-static-content.s3.amazonaws.com\\\/utfpr.curitiba.br\\\/wp-content\\\/uploads\\\/sites\\\/44\\\/2024\\\/07\\\/WhatsApp-Image-2024-07-24-at-17.33.42.jpeg\",\"contentUrl\":\"https:\\\/\\\/utfpr-ct-static-content.s3.amazonaws.com\\\/utfpr.curitiba.br\\\/wp-content\\\/uploads\\\/sites\\\/44\\\/2024\\\/07\\\/WhatsApp-Image-2024-07-24-at-17.33.42.jpeg\"},{\"@type\":\"BreadcrumbList\",\"@id\":\"https:\\\/\\\/utfpr.curitiba.br\\\/coted\\\/?page_id=1437#breadcrumb\",\"itemListElement\":[{\"@type\":\"ListItem\",\"position\":1,\"name\":\"Home\",\"item\":\"https:\\\/\\\/utfpr.curitiba.br\\\/coted\\\/\"},{\"@type\":\"ListItem\",\"position\":2,\"name\":\"Not\u00edcias\"}]},{\"@type\":\"WebSite\",\"@id\":\"https:\\\/\\\/utfpr.curitiba.br\\\/coted\\\/#website\",\"url\":\"https:\\\/\\\/utfpr.curitiba.br\\\/coted\\\/\",\"name\":\"COTED\",\"description\":\"Coordena\u00e7\u00e3o de Tecnologia na Educa\u00e7\u00e3o\",\"publisher\":{\"@id\":\"https:\\\/\\\/utfpr.curitiba.br\\\/coted\\\/#organization\"},\"alternateName\":\"COTED Curitiba\",\"potentialAction\":[{\"@type\":\"SearchAction\",\"target\":{\"@type\":\"EntryPoint\",\"urlTemplate\":\"https:\\\/\\\/utfpr.curitiba.br\\\/coted\\\/?s={search_term_string}\"},\"query-input\":{\"@type\":\"PropertyValueSpecification\",\"valueRequired\":true,\"valueName\":\"search_term_string\"}}],\"inLanguage\":\"pt-BR\"},{\"@type\":\"Organization\",\"@id\":\"https:\\\/\\\/utfpr.curitiba.br\\\/coted\\\/#organization\",\"name\":\"Coordena\u00e7\u00e3o de Tecnologia na Educa\u00e7\u00e3o\",\"alternateName\":\"coted curitiba\",\"url\":\"https:\\\/\\\/utfpr.curitiba.br\\\/coted\\\/\",\"logo\":{\"@type\":\"ImageObject\",\"inLanguage\":\"pt-BR\",\"@id\":\"https:\\\/\\\/utfpr.curitiba.br\\\/coted\\\/#\\\/schema\\\/logo\\\/image\\\/\",\"url\":\"https:\\\/\\\/utfpr-ct-static-content.s3.amazonaws.com\\\/utfpr.curitiba.br\\\/wp-content\\\/uploads\\\/sites\\\/44\\\/2023\\\/10\\\/LogotipoCOTED-campus.png\",\"contentUrl\":\"https:\\\/\\\/utfpr-ct-static-content.s3.amazonaws.com\\\/utfpr.curitiba.br\\\/wp-content\\\/uploads\\\/sites\\\/44\\\/2023\\\/10\\\/LogotipoCOTED-campus.png\",\"width\":1076,\"height\":276,\"caption\":\"Coordena\u00e7\u00e3o de Tecnologia na Educa\u00e7\u00e3o\"},\"image\":{\"@id\":\"https:\\\/\\\/utfpr.curitiba.br\\\/coted\\\/#\\\/schema\\\/logo\\\/image\\\/\"},\"sameAs\":[\"https:\\\/\\\/www.instagram.com\\\/coted.ct\\\/\"]}]}<\/script>\n<!-- \/ Yoast SEO plugin. -->","yoast_head_json":{"title":"Not\u00edcias - Coordena\u00e7\u00e3o de Tecnologia na Educa\u00e7\u00e3o","robots":{"index":"index","follow":"follow","max-snippet":"max-snippet:-1","max-image-preview":"max-image-preview:large","max-video-preview":"max-video-preview:-1"},"canonical":"https:\/\/utfpr.curitiba.br\/coted\/?page_id=1437","og_locale":"pt_BR","og_type":"article","og_title":"Not\u00edcias - Coordena\u00e7\u00e3o de Tecnologia na Educa\u00e7\u00e3o","og_description":"Parceria Coted-CT e Fabtech: projetos criativos na pr\u00e1tica 24 de julho de 2024 Em processo de repagina\u00e7\u00e3o de nossas salas e est\u00fadios, nossa equipe esteve no Fabtech, o fablab do Parque Tecnol\u00f3gico da UTFPR Campus Curitiba, mais um centro propulsor da cultura maker na cidade. Com equipamentos de ponta, o Fabtech nos ajudou a criar os moldes para a aplica\u00e7\u00e3o da marca UTFPR na Sala Multimeios e demais espa\u00e7os. Isso foi feito com a cortadora a laser, que pode cortar formas precisas e gravar detalhes intrincados em diferentes tipos de madeira, desde compensado at\u00e9 MDF. A parceria entre a Coted-CT e o FabTech visa desenvolver novos projetos de inova\u00e7\u00e3o e tecnologia, proporcionando um Sala Multimeios Did\u00e1ticos foi local de abertura e palestras do DESIGNTHON 4 de junho de 2024 Entre os dias 13 e 18 de maio foi realizado o DesignThon, evento da Incubadora Sprint da UTFPR em parceria com o Grupo Botic\u00e1rio para estudantes e rec\u00e9m-formados da universidade. O DesignThon \u00e9 um hackathon de design de embalagens que consiste em propor desafios de design em forma de maratona competitiva, para que os participantes solucionem problemas de forma criativa e inovadora. Al\u00e9m das atividades desafiadoras, o evento contou com 8 palestras abertas \u00e0 comunidade sobre temas relacionados a design de embalagens e produtos, todas elas aconteceram de forma h\u00edbrida a partir da Sala Multimeio Did\u00e1ticos que possui estrutura de Equipe COTED-CT visita o Fab Lab Curitiba 20 de maio de 2024 Na quinta-feira (17), Jo\u00e3o Paulo Kuzma (servidor) e Ian Lages (estagi\u00e1rio), integrantes da equipe Coted-CT, e demais convidados, fizeram uma visita ao Fab Lab Curitiba, o primeiro laborat\u00f3rio p\u00fablico de fabrica\u00e7\u00e3o digital e prototipagem criativa da cidade.Um dos principais objetivos da visita foi conhecer os processos e a infraestrutura desse importante centro de inova\u00e7\u00e3o, e firmar parcerias para o desenvolvimento de projetos que atendam \u00e0s demandas da Coted-CT.Com chancela do Instituto de Tecnologia de Massachusetts (MIT), o Fab Lab \u00e9 um dos principais propulsores da cultura maker em Curitiba. Desde a sua funda\u00e7\u00e3o, em 2019, j\u00e1 apoiou 75 projetos, focados Curso sobre Parkinson do Portal Sophia \u00e9 tema de mat\u00e9ria na RPC 2 de maio de 2024 No \u00faltimo dia primeiro (1), o Portal Sophia ganhou uma reportagem no programa Boa Noite Paran\u00e1 da emissora RPC. O destaque da mat\u00e9ria foi o novo curso dispon\u00edvel na plataforma: Doen\u00e7as Neurodegenerativas: venha aprender sobre o Parkinson, produzido pela Professora Dra. Katia Elisa Prus Pinho com apoio da COTED-CT. A reportagem ressalta a import\u00e2ncia da produ\u00e7\u00e3o de conhecimentos sobre o Parkinson para a comunidade e trouxe como exemplo a viv\u00eancia de um casal que convive com a doen\u00e7a. O curso Doen\u00e7as Neurodegenerativas: venha aprender sobre o Parkinson est\u00e1 dispon\u00edvel de forma gratuita no Portal Sophia, com uma carga hor\u00e1ria de COTED-CT participa de visita ao Centro de Realidade Estendida da PUCPR 1 de novembro de 2023 Na sexta-feira, 27, a COTED-CT participou da visita ao Centro de Realidade Estendida da PUCPR, em Curitiba. Nova sala de videoconfer\u00eancias \u00e9 inaugurada 29 de junho de 2023 Espa\u00e7o para palestras, semin\u00e1rios, reuni\u00f5es e cursos tem equipamentos modernos Sala de produ\u00e7\u00e3o de material digital \u00e9 inaugurada 29 de junho de 2023 Novo ambiente est\u00e1 dispon\u00edvel para a comunidade Reuni\u00e3o de projeto de pesquisa inaugura Sala Multimeios do Ecoville 28 de junho de 2023 Espa\u00e7o re\u00fane diversos recursos tecnol\u00f3gicos Novos ambientes do campus Curitiba s\u00e3o disponibilizados para uso 28 de junho de 2023 Sala de estudos, biblioteca e laborat\u00f3rios foram readequados para receber a comunidade acad\u00eamica SOPHIA comemora dois anos com mais de 2 mil usu\u00e1rios 28 de junho de 2023 Objetivo do portal \u00e9 a democratiza\u00e7\u00e3o do acesso \u00e0 educa\u00e7\u00e3o de qualidade","og_url":"https:\/\/utfpr.curitiba.br\/coted\/?page_id=1437","og_site_name":"Coordena\u00e7\u00e3o de Tecnologia na Educa\u00e7\u00e3o","article_modified_time":"2024-12-09T17:44:19+00:00","og_image":[{"url":"https:\/\/utfpr-ct-static-content.s3.amazonaws.com\/utfpr.curitiba.br\/wp-content\/uploads\/sites\/44\/2024\/07\/WhatsApp-Image-2024-07-24-at-17.33.42.jpeg","type":"","width":"","height":""}],"twitter_card":"summary_large_image","twitter_misc":{"Est. reading time":"6 minutos"},"schema":{"@context":"https:\/\/schema.org","@graph":[{"@type":"WebPage","@id":"https:\/\/utfpr.curitiba.br\/coted\/?page_id=1437","url":"https:\/\/utfpr.curitiba.br\/coted\/?page_id=1437","name":"Not\u00edcias - Coordena\u00e7\u00e3o de Tecnologia na Educa\u00e7\u00e3o","isPartOf":{"@id":"https:\/\/utfpr.curitiba.br\/coted\/#website"},"primaryImageOfPage":{"@id":"https:\/\/utfpr.curitiba.br\/coted\/?page_id=1437#primaryimage"},"image":{"@id":"https:\/\/utfpr.curitiba.br\/coted\/?page_id=1437#primaryimage"},"thumbnailUrl":"https:\/\/utfpr-ct-static-content.s3.amazonaws.com\/utfpr.curitiba.br\/wp-content\/uploads\/sites\/44\/2024\/07\/WhatsApp-Image-2024-07-24-at-17.33.42.jpeg","datePublished":"2023-06-28T15:19:37+00:00","dateModified":"2024-12-09T17:44:19+00:00","breadcrumb":{"@id":"https:\/\/utfpr.curitiba.br\/coted\/?page_id=1437#breadcrumb"},"inLanguage":"pt-BR","potentialAction":[{"@type":"ReadAction","target":["https:\/\/utfpr.curitiba.br\/coted\/?page_id=1437"]}]},{"@type":"ImageObject","inLanguage":"pt-BR","@id":"https:\/\/utfpr.curitiba.br\/coted\/?page_id=1437#primaryimage","url":"https:\/\/utfpr-ct-static-content.s3.amazonaws.com\/utfpr.curitiba.br\/wp-content\/uploads\/sites\/44\/2024\/07\/WhatsApp-Image-2024-07-24-at-17.33.42.jpeg","contentUrl":"https:\/\/utfpr-ct-static-content.s3.amazonaws.com\/utfpr.curitiba.br\/wp-content\/uploads\/sites\/44\/2024\/07\/WhatsApp-Image-2024-07-24-at-17.33.42.jpeg"},{"@type":"BreadcrumbList","@id":"https:\/\/utfpr.curitiba.br\/coted\/?page_id=1437#breadcrumb","itemListElement":[{"@type":"ListItem","position":1,"name":"Home","item":"https:\/\/utfpr.curitiba.br\/coted\/"},{"@type":"ListItem","position":2,"name":"Not\u00edcias"}]},{"@type":"WebSite","@id":"https:\/\/utfpr.curitiba.br\/coted\/#website","url":"https:\/\/utfpr.curitiba.br\/coted\/","name":"COTED","description":"Coordena\u00e7\u00e3o de Tecnologia na Educa\u00e7\u00e3o","publisher":{"@id":"https:\/\/utfpr.curitiba.br\/coted\/#organization"},"alternateName":"COTED Curitiba","potentialAction":[{"@type":"SearchAction","target":{"@type":"EntryPoint","urlTemplate":"https:\/\/utfpr.curitiba.br\/coted\/?s={search_term_string}"},"query-input":{"@type":"PropertyValueSpecification","valueRequired":true,"valueName":"search_term_string"}}],"inLanguage":"pt-BR"},{"@type":"Organization","@id":"https:\/\/utfpr.curitiba.br\/coted\/#organization","name":"Coordena\u00e7\u00e3o de Tecnologia na Educa\u00e7\u00e3o","alternateName":"coted curitiba","url":"https:\/\/utfpr.curitiba.br\/coted\/","logo":{"@type":"ImageObject","inLanguage":"pt-BR","@id":"https:\/\/utfpr.curitiba.br\/coted\/#\/schema\/logo\/image\/","url":"https:\/\/utfpr-ct-static-content.s3.amazonaws.com\/utfpr.curitiba.br\/wp-content\/uploads\/sites\/44\/2023\/10\/LogotipoCOTED-campus.png","contentUrl":"https:\/\/utfpr-ct-static-content.s3.amazonaws.com\/utfpr.curitiba.br\/wp-content\/uploads\/sites\/44\/2023\/10\/LogotipoCOTED-campus.png","width":1076,"height":276,"caption":"Coordena\u00e7\u00e3o de Tecnologia na Educa\u00e7\u00e3o"},"image":{"@id":"https:\/\/utfpr.curitiba.br\/coted\/#\/schema\/logo\/image\/"},"sameAs":["https:\/\/www.instagram.com\/coted.ct\/"]}]}},"_links":{"self":[{"href":"https:\/\/utfpr.curitiba.br\/coted\/index.php?rest_route=\/wp\/v2\/pages\/1437","targetHints":{"allow":["GET"]}}],"collection":[{"href":"https:\/\/utfpr.curitiba.br\/coted\/index.php?rest_route=\/wp\/v2\/pages"}],"about":[{"href":"https:\/\/utfpr.curitiba.br\/coted\/index.php?rest_route=\/wp\/v2\/types\/page"}],"author":[{"embeddable":true,"href":"https:\/\/utfpr.curitiba.br\/coted\/index.php?rest_route=\/wp\/v2\/users\/157"}],"replies":[{"embeddable":true,"href":"https:\/\/utfpr.curitiba.br\/coted\/index.php?rest_route=%2Fwp%2Fv2%2Fcomments&post=1437"}],"version-history":[{"count":34,"href":"https:\/\/utfpr.curitiba.br\/coted\/index.php?rest_route=\/wp\/v2\/pages\/1437\/revisions"}],"predecessor-version":[{"id":2340,"href":"https:\/\/utfpr.curitiba.br\/coted\/index.php?rest_route=\/wp\/v2\/pages\/1437\/revisions\/2340"}],"wp:attachment":[{"href":"https:\/\/utfpr.curitiba.br\/coted\/index.php?rest_route=%2Fwp%2Fv2%2Fmedia&parent=1437"}],"curies":[{"name":"wp","href":"https:\/\/api.w.org\/{rel}","templated":true}]}}