{"id":3572,"date":"2016-03-01T13:18:54","date_gmt":"2016-03-01T16:18:54","guid":{"rendered":"http:\/\/cautec.ct.utfpr.edu.br\/?page_id=3572"},"modified":"2020-05-13T18:23:18","modified_gmt":"2020-05-13T21:23:18","slug":"eventos-externos","status":"publish","type":"page","link":"https:\/\/utfpr.curitiba.br\/cautec\/?page_id=3572","title":{"rendered":"Eventos Externos"},"content":{"rendered":"<p style=\"text-align: center;\"><strong>Selecione o ano e o m\u00eas\u00a0abaixo para ver as fotos:<\/strong><\/p>\n<p style=\"text-align: left;\">[su_spoiler title=&#8221;09 de Abril de 2016 &#8211; Churrasco &#8211; OACEP&#8221; style=&#8221;fancy&#8221; icon=&#8221;arrow&#8221;]<\/p>\n<p style=\"text-align: left;\">[su_custom_gallery source=&#8221;media: 3770,3769,3768,3767,3766,3765,3756&#8243; limit=&#8221;7&#8243; link=&#8221;lightbox&#8221; width=&#8221;200&#8243; height=&#8221;200&#8243; title=&#8221;never&#8221;]<\/p>\n<p style=\"text-align: left;\">[\/su_spoiler]<\/p>\n<p style=\"text-align: left;\">[su_spoiler title=&#8221;08 de Abril de 2016 &#8211; Palestra e Observa\u00e7\u00e3o p\u00fablica &#8211; IFPR\u00a0&#8221; style=&#8221;fancy&#8221; icon=&#8221;arrow&#8221;]<\/p>\n<p style=\"text-align: left;\">[su_custom_gallery source=&#8221;media: 3778,3777,3776,3775,3774&#8243; limit=&#8221;6&#8243; link=&#8221;lightbox&#8221; width=&#8221;200&#8243; height=&#8221;200&#8243; title=&#8221;never&#8221;]<\/p>\n<p style=\"text-align: left;\">[\/su_spoiler]<\/p>\n<p>[su_spoiler title=&#8221;2015&#8243; style=&#8221;fancy&#8221;]<br \/>\n[su_accordion]<br \/>\n[_su_spoiler title=Outrubro]<\/p>\n<p><strong><span style=\"font-size: 19.2px; line-height: 28.8px;\">Dia 05: Oculta\u00e7\u00e3o Estelar, asteroide Amycus<\/span><\/strong><br \/>\n[su_carousel source=&#8221;media: 3679,3678,3677,3676,3675&#8243; width=&#8221;600&#8243; title=&#8221;no&#8221; autoplay=&#8221;3000&#8243; link=&#8221;lightbox&#8221;] [_\/su_spoiler]<br \/>\n[\/su_accordion]<br \/>\n[\/su_spoiler]<\/p>\n","protected":false},"excerpt":{"rendered":"<p>Selecione o ano e o m\u00eas\u00a0abaixo para ver as fotos: [su_spoiler title=&#8221;09 de Abril de 2016 &#8211; Churrasco &#8211; OACEP&#8221; style=&#8221;fancy&#8221; icon=&#8221;arrow&#8221;] [su_custom_gallery source=&#8221;media: 3770,3769,3768,3767,3766,3765,3756&#8243; limit=&#8221;7&#8243; link=&#8221;lightbox&#8221; width=&#8221;200&#8243; height=&#8221;200&#8243; title=&#8221;never&#8221;] [\/su_spoiler] [su_spoiler title=&#8221;08 de Abril de 2016 &#8211; Palestra e Observa\u00e7\u00e3o p\u00fablica &#8211; IFPR\u00a0&#8221; style=&#8221;fancy&#8221; icon=&#8221;arrow&#8221;] [su_custom_gallery source=&#8221;media: 3778,3777,3776,3775,3774&#8243; limit=&#8221;6&#8243; link=&#8221;lightbox&#8221; width=&#8221;200&#8243; height=&#8221;200&#8243; title=&#8221;never&#8221;] [\/su_spoiler]&hellip;&nbsp;<a href=\"https:\/\/utfpr.curitiba.br\/cautec\/?page_id=3572\" rel=\"bookmark\">Continue a ler &raquo;<span class=\"screen-reader-text\">Eventos Externos<\/span><\/a><\/p>\n","protected":false},"author":2,"featured_media":0,"parent":0,"menu_order":0,"comment_status":"closed","ping_status":"closed","template":"","meta":{"neve_meta_sidebar":"","neve_meta_container":"","neve_meta_enable_content_width":"","neve_meta_content_width":0,"neve_meta_title_alignment":"","neve_meta_author_avatar":"","neve_post_elements_order":"","neve_meta_disable_header":"","neve_meta_disable_footer":"","neve_meta_disable_title":"","footnotes":""},"class_list":["post-3572","page","type-page","status-publish","hentry"],"_links":{"self":[{"href":"https:\/\/utfpr.curitiba.br\/cautec\/index.php?rest_route=\/wp\/v2\/pages\/3572","targetHints":{"allow":["GET"]}}],"collection":[{"href":"https:\/\/utfpr.curitiba.br\/cautec\/index.php?rest_route=\/wp\/v2\/pages"}],"about":[{"href":"https:\/\/utfpr.curitiba.br\/cautec\/index.php?rest_route=\/wp\/v2\/types\/page"}],"author":[{"embeddable":true,"href":"https:\/\/utfpr.curitiba.br\/cautec\/index.php?rest_route=\/wp\/v2\/users\/2"}],"replies":[{"embeddable":true,"href":"https:\/\/utfpr.curitiba.br\/cautec\/index.php?rest_route=%2Fwp%2Fv2%2Fcomments&post=3572"}],"version-history":[{"count":12,"href":"https:\/\/utfpr.curitiba.br\/cautec\/index.php?rest_route=\/wp\/v2\/pages\/3572\/revisions"}],"predecessor-version":[{"id":3779,"href":"https:\/\/utfpr.curitiba.br\/cautec\/index.php?rest_route=\/wp\/v2\/pages\/3572\/revisions\/3779"}],"wp:attachment":[{"href":"https:\/\/utfpr.curitiba.br\/cautec\/index.php?rest_route=%2Fwp%2Fv2%2Fmedia&parent=3572"}],"curies":[{"name":"wp","href":"https:\/\/api.w.org\/{rel}","templated":true}]}}

<p style="text-align: center;"><strong>Selecione o ano e o mês abaixo para ver as fotos:</strong></p>
<p style="text-align: left;">[su_spoiler title=&#8221;09 de Abril de 2016 &#8211; Churrasco &#8211; OACEP&#8221; style=&#8221;fancy&#8221; icon=&#8221;arrow&#8221;]</p>
<p style="text-align: left;">[su_custom_gallery source=&#8221;media: 3770,3769,3768,3767,3766,3765,3756&#8243; limit=&#8221;7&#8243; link=&#8221;lightbox&#8221; width=&#8221;200&#8243; height=&#8221;200&#8243; title=&#8221;never&#8221;]</p>
<p style="text-align: left;">[/su_spoiler]</p>
<p style="text-align: left;">[su_spoiler title=&#8221;08 de Abril de 2016 &#8211; Palestra e Observação pública &#8211; IFPR &#8221; style=&#8221;fancy&#8221; icon=&#8221;arrow&#8221;]</p>
<p style="text-align: left;">[su_custom_gallery source=&#8221;media: 3778,3777,3776,3775,3774&#8243; limit=&#8221;6&#8243; link=&#8221;lightbox&#8221; width=&#8221;200&#8243; height=&#8221;200&#8243; title=&#8221;never&#8221;]</p>
<p style="text-align: left;">[/su_spoiler]</p>
<p>[su_spoiler title=&#8221;2015&#8243; style=&#8221;fancy&#8221;]<br />
[su_accordion]<br />
[_su_spoiler title=Outrubro]</p>
<p><strong><span style="font-size: 19.2px; line-height: 28.8px;">Dia 05: Ocultação Estelar, asteroide Amycus</span></strong><br />
[su_carousel source=&#8221;media: 3679,3678,3677,3676,3675&#8243; width=&#8221;600&#8243; title=&#8221;no&#8221; autoplay=&#8221;3000&#8243; link=&#8221;lightbox&#8221;] [_/su_spoiler]<br />
[/su_accordion]<br />
[/su_spoiler]</p>

<p>Selecione o ano e o mês abaixo para ver as fotos: [su_spoiler title=&#8221;09 de Abril de 2016 &#8211; Churrasco &#8211; OACEP&#8221; style=&#8221;fancy&#8221; icon=&#8221;arrow&#8221;] [su_custom_gallery source=&#8221;media: 3770,3769,3768,3767,3766,3765,3756&#8243; limit=&#8221;7&#8243; link=&#8221;lightbox&#8221; width=&#8221;200&#8243; height=&#8221;200&#8243; title=&#8221;never&#8221;] [/su_spoiler] [su_spoiler title=&#8221;08 de Abril de 2016 &#8211; Palestra e Observação pública &#8211; IFPR &#8221; style=&#8221;fancy&#8221; icon=&#8221;arrow&#8221;] [su_custom_gallery source=&#8221;media: 3778,3777,3776,3775,3774&#8243; limit=&#8221;6&#8243; link=&#8221;lightbox&#8221; width=&#8221;200&#8243; height=&#8221;200&#8243; title=&#8221;never&#8221;] [/su_spoiler]&hellip;&nbsp;<a href="https://utfpr.curitiba.br/cautec/?page_id=3572" rel="bookmark">Continue a ler &raquo;<span class="screen-reader-text">Eventos Externos</span></a></p>
