{"id":3394,"date":"2015-12-05T02:09:02","date_gmt":"2015-12-05T05:09:02","guid":{"rendered":"http:\/\/cautec.ct.utfpr.edu.br\/?page_id=3394"},"modified":"2024-11-06T15:52:30","modified_gmt":"2024-11-06T18:52:30","slug":"observacoes-publicas","status":"publish","type":"page","link":"https:\/\/utfpr.curitiba.br\/cautec\/?page_id=3394","title":{"rendered":"Observa\u00e7\u00f5es P\u00fablicas"},"content":{"rendered":"<p style=\"text-align: justify\">O CAUTEC promove semanalmente as atividades: \u201cNoites de Observa\u00e7\u00e3o\u201d e \u201cTarde de observa\u00e7\u00e3o\u201d, na UTFPR. Atividades essas que s\u00e3o abertas ao p\u00fablico, sendo que n\u00e3o ocorrem quando as condi\u00e7\u00f5es clim\u00e1ticas para observa\u00e7\u00e3o s\u00e3o desfavor\u00e1veis.<\/p>\n<p style=\"text-align: justify\"><strong>Noites de Observa\u00e7\u00e3o:<\/strong> Toda segunda e quarta-feira em frente ao mini-audit\u00f3rio, a partir das 18h30min*, s\u00e3o realizadas atividades de observa\u00e7\u00f5es com os telesc\u00f3pios do clube.<br \/>\n* 19h30min quando for hor\u00e1rio de ver\u00e3o.<\/p>\n<p style=\"text-align: justify\"><strong>Tardes de Observa\u00e7\u00e3o:<\/strong> Toda sexta-feira em frente ao mini-audit\u00f3rio, a partir das 11h30min, \u00e9 realizada atividade de observa\u00e7\u00e3o do Sol com os telesc\u00f3pios do clube, preparados com toda seguran\u00e7a e precau\u00e7\u00e3o necess\u00e1rias para a observa\u00e7\u00e3o.<\/p>\n","protected":false},"excerpt":{"rendered":"<p>O CAUTEC promove semanalmente as atividades: \u201cNoites de Observa\u00e7\u00e3o\u201d e \u201cTarde de observa\u00e7\u00e3o\u201d, na UTFPR. Atividades essas que s\u00e3o abertas ao p\u00fablico, sendo que n\u00e3o ocorrem quando as condi\u00e7\u00f5es clim\u00e1ticas para observa\u00e7\u00e3o s\u00e3o desfavor\u00e1veis. Noites de Observa\u00e7\u00e3o: Toda segunda e quarta-feira em frente ao mini-audit\u00f3rio, a partir das 18h30min*, s\u00e3o realizadas atividades de observa\u00e7\u00f5es com&hellip;&nbsp;<a href=\"https:\/\/utfpr.curitiba.br\/cautec\/?page_id=3394\" rel=\"bookmark\">Continue a ler &raquo;<span class=\"screen-reader-text\">Observa\u00e7\u00f5es P\u00fablicas<\/span><\/a><\/p>\n","protected":false},"author":2,"featured_media":3395,"parent":0,"menu_order":0,"comment_status":"closed","ping_status":"closed","template":"","meta":{"neve_meta_sidebar":"","neve_meta_container":"","neve_meta_enable_content_width":"","neve_meta_content_width":0,"neve_meta_title_alignment":"","neve_meta_author_avatar":"","neve_post_elements_order":"","neve_meta_disable_header":"","neve_meta_disable_footer":"","neve_meta_disable_title":"","footnotes":""},"class_list":["post-3394","page","type-page","status-publish","has-post-thumbnail","hentry"],"_links":{"self":[{"href":"https:\/\/utfpr.curitiba.br\/cautec\/index.php?rest_route=\/wp\/v2\/pages\/3394","targetHints":{"allow":["GET"]}}],"collection":[{"href":"https:\/\/utfpr.curitiba.br\/cautec\/index.php?rest_route=\/wp\/v2\/pages"}],"about":[{"href":"https:\/\/utfpr.curitiba.br\/cautec\/index.php?rest_route=\/wp\/v2\/types\/page"}],"author":[{"embeddable":true,"href":"https:\/\/utfpr.curitiba.br\/cautec\/index.php?rest_route=\/wp\/v2\/users\/2"}],"replies":[{"embeddable":true,"href":"https:\/\/utfpr.curitiba.br\/cautec\/index.php?rest_route=%2Fwp%2Fv2%2Fcomments&post=3394"}],"version-history":[{"count":15,"href":"https:\/\/utfpr.curitiba.br\/cautec\/index.php?rest_route=\/wp\/v2\/pages\/3394\/revisions"}],"predecessor-version":[{"id":4429,"href":"https:\/\/utfpr.curitiba.br\/cautec\/index.php?rest_route=\/wp\/v2\/pages\/3394\/revisions\/4429"}],"wp:featuredmedia":[{"embeddable":true,"href":"https:\/\/utfpr.curitiba.br\/cautec\/index.php?rest_route=\/wp\/v2\/media\/3395"}],"wp:attachment":[{"href":"https:\/\/utfpr.curitiba.br\/cautec\/index.php?rest_route=%2Fwp%2Fv2%2Fmedia&parent=3394"}],"curies":[{"name":"wp","href":"https:\/\/api.w.org\/{rel}","templated":true}]}}

Observações Públicas

<p style="text-align: justify">O CAUTEC promove semanalmente as atividades: “Noites de Observação” e “Tarde de observação”, na UTFPR. Atividades essas que são abertas ao público, sendo que não ocorrem quando as condições climáticas para observação são desfavoráveis.</p>
<p style="text-align: justify"><strong>Noites de Observação:</strong> Toda segunda e quarta-feira em frente ao mini-auditório, a partir das 18h30min*, são realizadas atividades de observações com os telescópios do clube.<br />
* 19h30min quando for horário de verão.</p>
<p style="text-align: justify"><strong>Tardes de Observação:</strong> Toda sexta-feira em frente ao mini-auditório, a partir das 11h30min, é realizada atividade de observação do Sol com os telescópios do clube, preparados com toda segurança e precaução necessárias para a observação.</p>

<p>O CAUTEC promove semanalmente as atividades: “Noites de Observação” e “Tarde de observação”, na UTFPR. Atividades essas que são abertas ao público, sendo que não ocorrem quando as condições climáticas para observação são desfavoráveis. Noites de Observação: Toda segunda e quarta-feira em frente ao mini-auditório, a partir das 18h30min*, são realizadas atividades de observações com&hellip;&nbsp;<a href="https://utfpr.curitiba.br/cautec/?page_id=3394" rel="bookmark">Continue a ler &raquo;<span class="screen-reader-text">Observações Públicas</span></a></p>
