{"id":746,"date":"2024-02-07T08:36:39","date_gmt":"2024-02-07T11:36:39","guid":{"rendered":"https:\/\/utfpr.curitiba.br\/ajudagestao\/?page_id=746"},"modified":"2025-01-30T10:00:12","modified_gmt":"2025-01-30T13:00:12","slug":"orcamento","status":"publish","type":"page","link":"https:\/\/utfpr.curitiba.br\/ajudagestao\/?page_id=746","title":{"rendered":"Or\u00e7amento"},"content":{"rendered":"\n<p>O or\u00e7amento \u00e9 o planejamento da Administra\u00e7\u00e3o P\u00fablica para cumprir, em um per\u00edodo determinado, os planos e programas de trabalho, organizando as receitas e despesas para garantir a continuidade e a melhoria dos servi\u00e7os prestados \u00e0 sociedade.<\/p>\n\n\n\n<p>O or\u00e7amento consiste nas autoriza\u00e7\u00f5es previstas na Lei Or\u00e7ament\u00e1ria para realizar despesas, detalhando as a\u00e7\u00f5es e estabelecendo o limite de recursos financeiros dispon\u00edveis (dota\u00e7\u00e3o). J\u00e1 o financeiro, enviado pelo Minist\u00e9rio da Educa\u00e7\u00e3o via SIAFI, \u00e9 o dinheiro necess\u00e1rio para pagar as despesas executadas, como aquisi\u00e7\u00f5es, servi\u00e7os, di\u00e1rias, passagens e bolsas. A execu\u00e7\u00e3o do or\u00e7amento \u00e9 feita por meio de empenho, sendo este obrigat\u00f3rio antes de qualquer pagamento. Para realizar o empenho \u00e9 necess\u00e1rio ter or\u00e7amento, e para efetuar o pagamento \u00e9 necess\u00e1rio ter o recurso financeiro.<\/p>\n\n\n\n<hr class=\"wp-block-separator has-text-color has-nv-light-bg-color has-alpha-channel-opacity has-nv-light-bg-background-color has-background\" \/>\n\n\n\n<p class=\"has-nv-c-2-color has-text-color has-link-color has-medium-font-size wp-elements-6df42dd2ded0ca19d87b3d9481ae5779\"><strong>Processos<\/strong><\/p>\n\n\n\n<div class=\"wp-block-buttons has-custom-font-size is-horizontal is-content-justification-center is-layout-flex wp-container-core-buttons-is-layout-769315fb wp-block-buttons-is-layout-flex\" style=\"font-size:16px\">\n<div class=\"wp-block-button has-custom-width wp-block-button__width-75 has-custom-font-size is-style-default has-small-font-size\"><a class=\"wp-block-button__link has-neve-link-color-background-color has-background wp-element-button\" href=\"https:\/\/utfpr.curitiba.br\/dirplad\/procedimentos\/deofi\/\" style=\"border-radius:11px;padding-top:var(--wp--preset--spacing--40);padding-bottom:var(--wp--preset--spacing--40)\">Procedimentos DEOFI<\/a><\/div>\n\n\n\n<div class=\"wp-block-button has-custom-width wp-block-button__width-75 has-custom-font-size is-style-default has-small-font-size\"><a class=\"wp-block-button__link has-neve-link-color-background-color has-background wp-element-button\" href=\"https:\/\/utfpr-ct-static-content.s3.amazonaws.com\/utfpr.curitiba.br\/wp-content\/uploads\/sites\/144\/2023\/08\/Tutorial-requisicao.pdf\" style=\"border-radius:11px;padding-top:var(--wp--preset--spacing--40);padding-bottom:var(--wp--preset--spacing--40)\">Requisi\u00e7\u00e3o do Empenho<\/a><\/div>\n\n\n\n<div class=\"wp-block-button has-custom-width wp-block-button__width-75 has-custom-font-size is-style-default has-small-font-size\"><a class=\"wp-block-button__link has-neve-link-color-background-color has-background wp-element-button\" href=\"https:\/\/utfpr-ct-static-content.s3.amazonaws.com\/utfpr.curitiba.br\/wp-content\/uploads\/sites\/144\/2023\/08\/Tutorial-remanejamento.pdf\" style=\"border-radius:11px;padding-top:var(--wp--preset--spacing--40);padding-bottom:var(--wp--preset--spacing--40)\">Remanejamento da Despesa<\/a><\/div>\n\n\n\n<div class=\"wp-block-button has-custom-width wp-block-button__width-75 has-custom-font-size is-style-default has-small-font-size\"><a class=\"wp-block-button__link has-neve-link-color-background-color has-background wp-element-button\" href=\"https:\/\/utfpr-ct-static-content.s3.amazonaws.com\/utfpr.curitiba.br\/wp-content\/uploads\/sites\/144\/2023\/08\/Tutorial-Processo-Restituicao.pdf\" style=\"border-radius:11px;padding-top:var(--wp--preset--spacing--40);padding-bottom:var(--wp--preset--spacing--40)\">Processo de Restitui\u00e7\u00e3o<\/a><\/div>\n\n\n\n<div class=\"wp-block-button has-custom-width wp-block-button__width-75 has-custom-font-size is-style-default has-small-font-size\"><a class=\"wp-block-button__link has-neve-link-color-background-color has-background wp-element-button\" href=\"https:\/\/utfpr.curitiba.br\/dirppg\/area-do-professor-secretaria\/financeiro\/elementos-de-despesas\/\" style=\"border-radius:11px;padding-right:var(--wp--preset--spacing--40);padding-left:var(--wp--preset--spacing--40)\">Elementos de Despesa<\/a><\/div>\n<\/div>\n\n\n\n<hr class=\"wp-block-separator has-text-color has-nv-text-dark-bg-color has-alpha-channel-opacity has-nv-text-dark-bg-background-color has-background\" \/>\n\n\n\n<hr class=\"wp-block-separator has-text-color has-nv-light-bg-color has-alpha-channel-opacity has-nv-light-bg-background-color has-background\" \/>\n\n\n\n<p class=\"has-nv-c-2-color has-text-color has-medium-font-size\"><strong>P\u00e1ginas \u00fateis<\/strong><\/p>\n\n\n\n<p class=\"has-text-align-center has-nv-light-bg-background-color has-background\"><a href=\"https:\/\/sei.utfpr.edu.br\/sip\/login.php?sigla_orgao_sistema=UTFPR&amp;sigla_sistema=SEI&amp;infra_url=L3NlaS8=\" data-type=\"link\" data-id=\"https:\/\/sei.utfpr.edu.br\/sip\/login.php?sigla_orgao_sistema=UTFPR&amp;sigla_sistema=SEI&amp;infra_url=L3NlaS8=\">SEI<\/a> | <a href=\"https:\/\/utfpr.curitiba.br\/dirplad\/procedimentos\/deofi\/\" data-type=\"link\" data-id=\"https:\/\/utfpr.curitiba.br\/dirplad\/procedimentos\/deofi\/\">DEOFI<\/a> | <a href=\"https:\/\/utfpr.curitiba.br\/dirppg\/area-do-professor-secretaria\/financeiro\/\" data-type=\"link\" data-id=\"https:\/\/utfpr.curitiba.br\/dirppg\/area-do-professor-secretaria\/financeiro\/\">DIRPPG &#8211; Financeiro<\/a><\/p>\n\n\n\n<p><\/p>\n","protected":false},"excerpt":{"rendered":"<p>O or\u00e7amento \u00e9 o planejamento da Administra\u00e7\u00e3o P\u00fablica para cumprir, em um per\u00edodo determinado, os planos e programas de trabalho, organizando as receitas e despesas para garantir a continuidade e a melhoria dos servi\u00e7os prestados \u00e0 sociedade. O or\u00e7amento consiste nas autoriza\u00e7\u00f5es previstas na Lei Or\u00e7ament\u00e1ria para realizar despesas, detalhando as a\u00e7\u00f5es e estabelecendo o&hellip;&nbsp;<a href=\"https:\/\/utfpr.curitiba.br\/ajudagestao\/?page_id=746\" rel=\"bookmark\">Continue a ler &raquo;<span class=\"screen-reader-text\">Or\u00e7amento<\/span><\/a><\/p>\n","protected":false},"author":270,"featured_media":0,"parent":0,"menu_order":0,"comment_status":"closed","ping_status":"closed","template":"","meta":{"neve_meta_sidebar":"","neve_meta_container":"","neve_meta_enable_content_width":"","neve_meta_content_width":0,"neve_meta_title_alignment":"","neve_meta_author_avatar":"","neve_post_elements_order":"","neve_meta_disable_header":"","neve_meta_disable_footer":"","neve_meta_disable_title":"","footnotes":""},"class_list":["post-746","page","type-page","status-publish","hentry"],"_links":{"self":[{"href":"https:\/\/utfpr.curitiba.br\/ajudagestao\/index.php?rest_route=\/wp\/v2\/pages\/746","targetHints":{"allow":["GET"]}}],"collection":[{"href":"https:\/\/utfpr.curitiba.br\/ajudagestao\/index.php?rest_route=\/wp\/v2\/pages"}],"about":[{"href":"https:\/\/utfpr.curitiba.br\/ajudagestao\/index.php?rest_route=\/wp\/v2\/types\/page"}],"author":[{"embeddable":true,"href":"https:\/\/utfpr.curitiba.br\/ajudagestao\/index.php?rest_route=\/wp\/v2\/users\/270"}],"replies":[{"embeddable":true,"href":"https:\/\/utfpr.curitiba.br\/ajudagestao\/index.php?rest_route=%2Fwp%2Fv2%2Fcomments&post=746"}],"version-history":[{"count":6,"href":"https:\/\/utfpr.curitiba.br\/ajudagestao\/index.php?rest_route=\/wp\/v2\/pages\/746\/revisions"}],"predecessor-version":[{"id":1621,"href":"https:\/\/utfpr.curitiba.br\/ajudagestao\/index.php?rest_route=\/wp\/v2\/pages\/746\/revisions\/1621"}],"wp:attachment":[{"href":"https:\/\/utfpr.curitiba.br\/ajudagestao\/index.php?rest_route=%2Fwp%2Fv2%2Fmedia&parent=746"}],"curies":[{"name":"wp","href":"https:\/\/api.w.org\/{rel}","templated":true}]}}