{"id":431,"date":"2023-11-01T14:37:27","date_gmt":"2023-11-01T17:37:27","guid":{"rendered":"https:\/\/utfpr.curitiba.br\/ajudagestao\/?page_id=431"},"modified":"2025-01-30T09:21:45","modified_gmt":"2025-01-30T12:21:45","slug":"estrutura-da-coordenacao","status":"publish","type":"page","link":"https:\/\/utfpr.curitiba.br\/ajudagestao\/?page_id=431","title":{"rendered":"Estrutura da Coordena\u00e7\u00e3o de Cursos de Gradua\u00e7\u00e3o"},"content":{"rendered":"\n<p>A estrutura da coordena\u00e7\u00e3o de curso \u00e9 composta por diferentes fun\u00e7\u00f5es que garantem o funcionamento e desenvolvimento acad\u00eamico:<\/p>\n\n\n\n<ul class=\"wp-block-list\">\n<li><strong>Coordenador(a) de Curso:<\/strong> respons\u00e1vel pela gest\u00e3o geral do curso.<\/li>\n\n\n\n<li><strong>Colegiado:<\/strong> grupo que delibera sobre decis\u00f5es acad\u00eamicas e administrativas do curso.<\/li>\n\n\n\n<li><strong>N\u00facleo Docente Estruturante (NDE):<\/strong> equipe de professores que planeja e atualiza o projeto pedag\u00f3gico do curso.<\/li>\n\n\n\n<li><strong>Corpo Discente:<\/strong> conjunto de estudantes que participam das decis\u00f5es e atividades do curso.<\/li>\n\n\n\n<li><strong>Corpo Docente:<\/strong> professores que ministram as disciplinas e participam das atividades acad\u00eamicas.<\/li>\n\n\n\n<li><strong>PRAE \/ Professor(a) Respons\u00e1vel pela Atividade de Est\u00e1gio:<\/strong> respons\u00e1vel pelo acompanhamento e orienta\u00e7\u00e3o das atividades de est\u00e1gio dos alunos.<\/li>\n\n\n\n<li><strong>PRAC \/ Professor(a) Respons\u00e1vel pelas Atividades Complementares:<\/strong> respons\u00e1vel pela organiza\u00e7\u00e3o e valida\u00e7\u00e3o das atividades complementares dos estudantes.<\/li>\n\n\n\n<li><strong>PRATCC \/ Professor(a) Respons\u00e1vel pelo Trabalho de Conclus\u00e3o de Curso:<\/strong> respons\u00e1vel pela orienta\u00e7\u00e3o e organiza\u00e7\u00e3o dos trabalhos de conclus\u00e3o de curso.<\/li>\n\n\n\n<li><strong>PRAInt \/ Professor(a) Respons\u00e1vel pela Internacionaliza\u00e7\u00e3o:<\/strong> respons\u00e1vel por a\u00e7\u00f5es e oportunidades de internacionaliza\u00e7\u00e3o para o curso.<\/li>\n\n\n\n<li><strong>PRAExt \/ Professor(a) Respons\u00e1vel pela Extens\u00e3o:<\/strong> respons\u00e1vel pelas atividades de extens\u00e3o que integram o curso com a comunidade externa.<\/li>\n\n\n\n<li><strong>Chefe de Laborat\u00f3rio:<\/strong> professor(a) respons\u00e1vel pela libera\u00e7\u00e3o e gest\u00e3o dos laborat\u00f3rios para uso acad\u00eamico.<\/li>\n<\/ul>\n\n\n\n<p>Essa estrutura trabalha em conjunto para garantir a qualidade e efici\u00eancia das atividades acad\u00eamicas e administrativas do curso.<\/p>\n\n\n\n<hr class=\"wp-block-separator has-text-color has-nv-light-bg-color has-alpha-channel-opacity has-nv-light-bg-background-color has-background\" \/>\n","protected":false},"excerpt":{"rendered":"<p>A estrutura da coordena\u00e7\u00e3o de curso \u00e9 composta por diferentes fun\u00e7\u00f5es que garantem o funcionamento e desenvolvimento acad\u00eamico: Essa estrutura trabalha em conjunto para garantir a qualidade e efici\u00eancia das atividades acad\u00eamicas e administrativas do curso.<\/p>\n","protected":false},"author":270,"featured_media":0,"parent":0,"menu_order":0,"comment_status":"closed","ping_status":"closed","template":"","meta":{"neve_meta_sidebar":"","neve_meta_container":"","neve_meta_enable_content_width":"","neve_meta_content_width":0,"neve_meta_title_alignment":"","neve_meta_author_avatar":"","neve_post_elements_order":"","neve_meta_disable_header":"","neve_meta_disable_footer":"","neve_meta_disable_title":"","footnotes":""},"class_list":["post-431","page","type-page","status-publish","hentry"],"_links":{"self":[{"href":"https:\/\/utfpr.curitiba.br\/ajudagestao\/index.php?rest_route=\/wp\/v2\/pages\/431","targetHints":{"allow":["GET"]}}],"collection":[{"href":"https:\/\/utfpr.curitiba.br\/ajudagestao\/index.php?rest_route=\/wp\/v2\/pages"}],"about":[{"href":"https:\/\/utfpr.curitiba.br\/ajudagestao\/index.php?rest_route=\/wp\/v2\/types\/page"}],"author":[{"embeddable":true,"href":"https:\/\/utfpr.curitiba.br\/ajudagestao\/index.php?rest_route=\/wp\/v2\/users\/270"}],"replies":[{"embeddable":true,"href":"https:\/\/utfpr.curitiba.br\/ajudagestao\/index.php?rest_route=%2Fwp%2Fv2%2Fcomments&post=431"}],"version-history":[{"count":7,"href":"https:\/\/utfpr.curitiba.br\/ajudagestao\/index.php?rest_route=\/wp\/v2\/pages\/431\/revisions"}],"predecessor-version":[{"id":1590,"href":"https:\/\/utfpr.curitiba.br\/ajudagestao\/index.php?rest_route=\/wp\/v2\/pages\/431\/revisions\/1590"}],"wp:attachment":[{"href":"https:\/\/utfpr.curitiba.br\/ajudagestao\/index.php?rest_route=%2Fwp%2Fv2%2Fmedia&parent=431"}],"curies":[{"name":"wp","href":"https:\/\/api.w.org\/{rel}","templated":true}]}}