{"id":398,"date":"2023-11-01T14:02:23","date_gmt":"2023-11-01T17:02:23","guid":{"rendered":"https:\/\/utfpr.curitiba.br\/ajudagestao\/?page_id=398"},"modified":"2025-01-30T12:04:18","modified_gmt":"2025-01-30T15:04:18","slug":"requerimentos","status":"publish","type":"page","link":"https:\/\/utfpr.curitiba.br\/ajudagestao\/?page_id=398","title":{"rendered":"Discentes \/ Requerimentos"},"content":{"rendered":"\n<p>Para fazer um requerimento, o aluno deve preencher o formul\u00e1rio espec\u00edfico do c\u00e2mpus, imprimir, assinar e entregar na Secretaria Acad\u00eamica (DERAC). Se entregue pessoalmente, n\u00e3o \u00e9 necess\u00e1ria assinatura reconhecida em cart\u00f3rio. Caso o aluno esteja fora da cidade, deve reconhecer a assinatura em cart\u00f3rio, digitalizar o requerimento e envi\u00e1-lo por e-mail ou correio para o DERAC do seu c\u00e2mpus.<\/p>\n\n\n\n<p>Os tipos de requerimentos dispon\u00edveis incluem:<\/p>\n\n\n\n<ul class=\"wp-block-list\">\n<li>Ingresso e desligamento: desist\u00eancia, jubilamento<\/li>\n\n\n\n<li>Matr\u00edcula: reingresso, trancamento<\/li>\n\n\n\n<li>Unidades curriculares\/disciplinas: abono de faltas, atividades acompanhadas, cancelamento de disciplinas, convalida\u00e7\u00e3o\/equival\u00eancia, exame de sufici\u00eancia, revis\u00e3o das avalia\u00e7\u00f5es, segunda chamada<\/li>\n\n\n\n<li>Diplomas\/certificados: cola\u00e7\u00e3o de grau, dupla diploma\u00e7\u00e3o, revalida\u00e7\u00e3o de diplomas, 2\u00aa via de diplomas, 2\u00aa via de certificados<\/li>\n\n\n\n<li>Outros: afastamento para estudos no exterior, reop\u00e7\u00e3o de cursos, transfer\u00eancia e aproveitamento<\/li>\n<\/ul>\n\n\n\n<p class=\"has-neve-text-color-color has-text-color has-link-color wp-elements-ab77713f0c825ea943e25a667ee5dd4e\">Para outras informa\u00e7\u00f5es, consultar a p\u00e1gina de <a href=\"https:\/\/www.utfpr.edu.br\/secretaria\/requerimentos\">requerimentos <\/a>da UTFPR.<\/p>\n\n\n\n<hr class=\"wp-block-separator has-text-color has-nv-light-bg-color has-alpha-channel-opacity has-nv-light-bg-background-color has-background\" \/>\n\n\n\n<p class=\"has-nv-c-2-color has-text-color has-medium-font-size\"><strong>Paginas \u00fateis<\/strong><\/p>\n\n\n\n<p class=\"has-text-align-center has-nv-light-bg-background-color has-background\"><a href=\"https:\/\/www.utfpr.edu.br\/secretaria\/requerimentos\" data-type=\"link\" data-id=\"https:\/\/www.utfpr.edu.br\/secretaria\/requerimentos\">Requerimentos<\/a>  |  <a href=\"https:\/\/www.utfpr.edu.br\/secretaria\" data-type=\"link\" data-id=\"https:\/\/www.utfpr.edu.br\/secretaria\">Secretaria Acad\u00eamica<\/a><\/p>\n","protected":false},"excerpt":{"rendered":"<p>Para fazer um requerimento, o aluno deve preencher o formul\u00e1rio espec\u00edfico do c\u00e2mpus, imprimir, assinar e entregar na Secretaria Acad\u00eamica (DERAC). Se entregue pessoalmente, n\u00e3o \u00e9 necess\u00e1ria assinatura reconhecida em cart\u00f3rio. Caso o aluno esteja fora da cidade, deve reconhecer a assinatura em cart\u00f3rio, digitalizar o requerimento e envi\u00e1-lo por e-mail ou correio para o&hellip;&nbsp;<a href=\"https:\/\/utfpr.curitiba.br\/ajudagestao\/?page_id=398\" rel=\"bookmark\">Continue a ler &raquo;<span class=\"screen-reader-text\">Discentes \/ Requerimentos<\/span><\/a><\/p>\n","protected":false},"author":270,"featured_media":0,"parent":0,"menu_order":0,"comment_status":"closed","ping_status":"closed","template":"","meta":{"neve_meta_sidebar":"","neve_meta_container":"","neve_meta_enable_content_width":"","neve_meta_content_width":0,"neve_meta_title_alignment":"","neve_meta_author_avatar":"","neve_post_elements_order":"","neve_meta_disable_header":"","neve_meta_disable_footer":"","neve_meta_disable_title":"","footnotes":""},"class_list":["post-398","page","type-page","status-publish","hentry"],"_links":{"self":[{"href":"https:\/\/utfpr.curitiba.br\/ajudagestao\/index.php?rest_route=\/wp\/v2\/pages\/398","targetHints":{"allow":["GET"]}}],"collection":[{"href":"https:\/\/utfpr.curitiba.br\/ajudagestao\/index.php?rest_route=\/wp\/v2\/pages"}],"about":[{"href":"https:\/\/utfpr.curitiba.br\/ajudagestao\/index.php?rest_route=\/wp\/v2\/types\/page"}],"author":[{"embeddable":true,"href":"https:\/\/utfpr.curitiba.br\/ajudagestao\/index.php?rest_route=\/wp\/v2\/users\/270"}],"replies":[{"embeddable":true,"href":"https:\/\/utfpr.curitiba.br\/ajudagestao\/index.php?rest_route=%2Fwp%2Fv2%2Fcomments&post=398"}],"version-history":[{"count":7,"href":"https:\/\/utfpr.curitiba.br\/ajudagestao\/index.php?rest_route=\/wp\/v2\/pages\/398\/revisions"}],"predecessor-version":[{"id":1677,"href":"https:\/\/utfpr.curitiba.br\/ajudagestao\/index.php?rest_route=\/wp\/v2\/pages\/398\/revisions\/1677"}],"wp:attachment":[{"href":"https:\/\/utfpr.curitiba.br\/ajudagestao\/index.php?rest_route=%2Fwp%2Fv2%2Fmedia&parent=398"}],"curies":[{"name":"wp","href":"https:\/\/api.w.org\/{rel}","templated":true}]}}