{"id":278,"date":"2023-10-31T15:30:39","date_gmt":"2023-10-31T18:30:39","guid":{"rendered":"https:\/\/utfpr.curitiba.br\/ajudagestao\/?page_id=278"},"modified":"2025-01-30T10:34:03","modified_gmt":"2025-01-30T13:34:03","slug":"praext","status":"publish","type":"page","link":"https:\/\/utfpr.curitiba.br\/ajudagestao\/?page_id=278","title":{"rendered":"PRAExt \/ Professor Respons\u00e1vel pela Extens\u00e3o"},"content":{"rendered":"\n<p>O Professor Respons\u00e1vel pela Extens\u00e3o (PRAExt) gerencia a atividade de Extens\u00e3o do seu curso, que segue regulamento pr\u00f3prio e instru\u00e7\u00f5es definidas pelo campus.<\/p>\n\n\n\n<p>A Lei de Curriculariza\u00e7\u00e3o da Extens\u00e3o determina que 10% das cargas hor\u00e1rias de cada curso devem ser cumpridas em atividades extensionista. Envolve atividades que tenham contato com a comunidade externa e promovam mudan\u00e7as importantes na sociedade brasileira.<\/p>\n\n\n\n<p>Cada curso pode optar por diferentes modelos de reconhecimento dos 10% de carga hor\u00e1ria de extens\u00e3o, incluindo disciplinas obrigat\u00f3rias, maior liberdade de escolha de projetos de outros cursos ou modelos h\u00edbridos. A responsabilidade de registrar as atividades de extens\u00e3o nos hist\u00f3ricos dos estudantes \u00e9 dos professores respons\u00e1veis pela extens\u00e3o.<\/p>\n\n\n\n<p>Os certificados de participa\u00e7\u00e3o em projetos de extens\u00e3o s\u00e3o emitidos pela DEPEX.<\/p>\n\n\n\n<ul class=\"wp-block-list\">\n<li>Os programas de extens\u00e3o passam por avalia\u00e7\u00f5es, incluindo aquelas feitas pelos coordenadores de projetos e pelo COEMP.<\/li>\n<\/ul>\n\n\n\n<p class=\"has-neve-text-color-color has-text-color has-link-color wp-elements-90829845e6bf8a0ce9ec1e09eba633e8\">Para mais informa\u00e7\u00f5es, acessa a p\u00e1gina da <a href=\"https:\/\/utfpr.curitiba.br\/extensao\/\" data-type=\"link\" data-id=\"https:\/\/utfpr.curitiba.br\/extensao\/\">DEPEX<\/a> ou o <a href=\"https:\/\/www.utfpr.edu.br\/documentos\/relacoes-empresariais-e-comunitarias\/dirext\" data-type=\"link\" data-id=\"https:\/\/www.utfpr.edu.br\/documentos\/relacoes-empresariais-e-comunitarias\/dirext\">Portal da UTFPR<\/a>.<\/p>\n\n\n\n<hr class=\"wp-block-separator has-text-color has-nv-light-bg-color has-alpha-channel-opacity has-nv-light-bg-background-color has-background\" \/>\n\n\n\n<p class=\"has-nv-c-2-color has-text-color has-medium-font-size\"><strong>Paginas \u00fateis<\/strong><\/p>\n\n\n\n<p class=\"has-text-align-center has-nv-light-bg-background-color has-background\"><a href=\"https:\/\/www.utfpr.edu.br\/documentos\/relacoes-empresariais-e-comunitarias\/dirext\" data-type=\"link\" data-id=\"https:\/\/www.utfpr.edu.br\/documentos\/relacoes-empresariais-e-comunitarias\/dirext\">Portal UTFPR<\/a> | <a href=\"https:\/\/utfpr.curitiba.br\/extensao\/\" data-type=\"link\" data-id=\"https:\/\/utfpr.curitiba.br\/extensao\/\">Site DEPEX<\/a><\/p>\n","protected":false},"excerpt":{"rendered":"<p>O Professor Respons\u00e1vel pela Extens\u00e3o (PRAExt) gerencia a atividade de Extens\u00e3o do seu curso, que segue regulamento pr\u00f3prio e instru\u00e7\u00f5es definidas pelo campus. A Lei de Curriculariza\u00e7\u00e3o da Extens\u00e3o determina que 10% das cargas hor\u00e1rias de cada curso devem ser cumpridas em atividades extensionista. Envolve atividades que tenham contato com a comunidade externa e promovam&hellip;&nbsp;<a href=\"https:\/\/utfpr.curitiba.br\/ajudagestao\/?page_id=278\" rel=\"bookmark\">Continue a ler &raquo;<span class=\"screen-reader-text\">PRAExt \/ Professor Respons\u00e1vel pela Extens\u00e3o<\/span><\/a><\/p>\n","protected":false},"author":270,"featured_media":0,"parent":0,"menu_order":0,"comment_status":"closed","ping_status":"closed","template":"","meta":{"neve_meta_sidebar":"","neve_meta_container":"","neve_meta_enable_content_width":"","neve_meta_content_width":0,"neve_meta_title_alignment":"","neve_meta_author_avatar":"","neve_post_elements_order":"","neve_meta_disable_header":"","neve_meta_disable_footer":"","neve_meta_disable_title":"","footnotes":""},"class_list":["post-278","page","type-page","status-publish","hentry"],"_links":{"self":[{"href":"https:\/\/utfpr.curitiba.br\/ajudagestao\/index.php?rest_route=\/wp\/v2\/pages\/278","targetHints":{"allow":["GET"]}}],"collection":[{"href":"https:\/\/utfpr.curitiba.br\/ajudagestao\/index.php?rest_route=\/wp\/v2\/pages"}],"about":[{"href":"https:\/\/utfpr.curitiba.br\/ajudagestao\/index.php?rest_route=\/wp\/v2\/types\/page"}],"author":[{"embeddable":true,"href":"https:\/\/utfpr.curitiba.br\/ajudagestao\/index.php?rest_route=\/wp\/v2\/users\/270"}],"replies":[{"embeddable":true,"href":"https:\/\/utfpr.curitiba.br\/ajudagestao\/index.php?rest_route=%2Fwp%2Fv2%2Fcomments&post=278"}],"version-history":[{"count":9,"href":"https:\/\/utfpr.curitiba.br\/ajudagestao\/index.php?rest_route=\/wp\/v2\/pages\/278\/revisions"}],"predecessor-version":[{"id":1642,"href":"https:\/\/utfpr.curitiba.br\/ajudagestao\/index.php?rest_route=\/wp\/v2\/pages\/278\/revisions\/1642"}],"wp:attachment":[{"href":"https:\/\/utfpr.curitiba.br\/ajudagestao\/index.php?rest_route=%2Fwp%2Fv2%2Fmedia&parent=278"}],"curies":[{"name":"wp","href":"https:\/\/api.w.org\/{rel}","templated":true}]}}