{"id":210,"date":"2023-10-31T13:32:30","date_gmt":"2023-10-31T16:32:30","guid":{"rendered":"https:\/\/utfpr.curitiba.br\/ajudagestao\/?page_id=210"},"modified":"2025-01-30T11:43:24","modified_gmt":"2025-01-30T14:43:24","slug":"cargos-especiais","status":"publish","type":"page","link":"https:\/\/utfpr.curitiba.br\/ajudagestao\/?page_id=210","title":{"rendered":"Professores Respons\u00e1veis"},"content":{"rendered":"\n<p>Os Professores Respons\u00e1veis dentro de uma coordena\u00e7\u00e3o acad\u00eamica desempenham um papel fundamental no suporte ao desenvolvimento integral dos alunos e no enriquecimento das atividades acad\u00eamicas. <\/p>\n\n\n\n<p>Entre esses cargos, destacam-se PRAInt, respons\u00e1vel pelas parcerias e programas internacionais, o PRAExt, encarregado de conectar a institui\u00e7\u00e3o com a comunidade atrav\u00e9s de projetos para o p\u00fablico externo, o PRAC, respons\u00e1vel por validar e acompanhar as atividades dos alunos para complementar sua forma\u00e7\u00e3o, o PRATCC, orientando os alunos na elabora\u00e7\u00e3o de suas pesquisas finais, e o PRAE, supervisionando a inser\u00e7\u00e3o dos estudantes no mercado de trabalho atrav\u00e9s de est\u00e1gios curriculares.<\/p>\n\n\n\n<hr class=\"wp-block-separator has-text-color has-nv-light-bg-color has-alpha-channel-opacity has-nv-light-bg-background-color has-background\" \/>\n\n\n\n<div class=\"wp-block-buttons is-content-justification-center is-layout-flex wp-container-core-buttons-is-layout-16018d1d wp-block-buttons-is-layout-flex\">\n<div class=\"wp-block-button has-custom-width wp-block-button__width-75 has-custom-font-size has-small-font-size\"><a class=\"wp-block-button__link has-neve-link-color-background-color has-background wp-element-button\" href=\"https:\/\/utfpr.curitiba.br\/ajudagestao\/?page_id=276\" style=\"border-radius:11px;padding-top:var(--wp--preset--spacing--40);padding-bottom:var(--wp--preset--spacing--40)\">PRAInt<\/a><\/div>\n\n\n\n<div class=\"wp-block-button has-custom-width wp-block-button__width-75 has-custom-font-size has-small-font-size\"><a class=\"wp-block-button__link has-neve-link-color-background-color has-background wp-element-button\" href=\"https:\/\/utfpr.curitiba.br\/ajudagestao\/?page_id=278\" style=\"border-radius:11px;padding-top:var(--wp--preset--spacing--40);padding-bottom:var(--wp--preset--spacing--40)\">PRAExt<\/a><\/div>\n\n\n\n<div class=\"wp-block-button has-custom-width wp-block-button__width-75 has-custom-font-size has-small-font-size\"><a class=\"wp-block-button__link has-neve-link-color-background-color has-background wp-element-button\" href=\"https:\/\/utfpr.curitiba.br\/ajudagestao\/?page_id=280\" style=\"border-radius:11px;padding-top:var(--wp--preset--spacing--40);padding-bottom:var(--wp--preset--spacing--40)\">PRATCC<\/a><\/div>\n\n\n\n<div class=\"wp-block-button has-custom-width wp-block-button__width-75 has-custom-font-size has-small-font-size\"><a class=\"wp-block-button__link has-neve-link-color-background-color has-background wp-element-button\" href=\"https:\/\/utfpr.curitiba.br\/ajudagestao\/?page_id=282tares\/\" style=\"border-radius:11px;padding-top:var(--wp--preset--spacing--40);padding-bottom:var(--wp--preset--spacing--40)\">PRAC<\/a><\/div>\n\n\n\n<div class=\"wp-block-button has-custom-width wp-block-button__width-75 has-custom-font-size has-small-font-size\"><a class=\"wp-block-button__link has-neve-link-color-background-color has-background wp-element-button\" href=\"https:\/\/utfpr.curitiba.br\/ajudagestao\/?page_id=284\" style=\"border-radius:11px;padding-top:var(--wp--preset--spacing--40);padding-bottom:var(--wp--preset--spacing--40)\">PRAE<\/a><\/div>\n<\/div>\n\n\n\n<hr class=\"wp-block-separator has-text-color has-nv-site-bg-color has-alpha-channel-opacity has-nv-site-bg-background-color has-background\" \/>\n\n\n\n<hr class=\"wp-block-separator has-text-color has-nv-light-bg-color has-alpha-channel-opacity has-nv-light-bg-background-color has-background\" \/>\n\n\n\n<p>Para encontrar mais informa\u00e7\u00f5es sobre os respons\u00e1veis por cada um dos cargos especiais dos cursos de gradua\u00e7\u00e3o, acesse o site da UTFPR em: cursos &gt; gradua\u00e7\u00e3o &gt; (curso escolhido) &gt; acontece na \u00e1rea &gt; (\u00e1rea escolhida).<\/p>\n\n\n\n<hr class=\"wp-block-separator has-text-color has-nv-light-bg-color has-alpha-channel-opacity has-nv-light-bg-background-color has-background\" \/>\n\n\n\n<p class=\"has-nv-c-2-color has-text-color has-medium-font-size\"><strong>Paginas \u00fateis<\/strong><\/p>\n\n\n\n<p class=\"has-text-align-center has-nv-light-bg-background-color has-background\"><a href=\"https:\/\/utfpr.curitiba.br\/ajudagestao\/?page_id=203\" data-type=\"link\" data-id=\"https:\/\/utfpr.curitiba.br\/ajudagestao\/?page_id=203\">Portarias<\/a>  |  <a href=\"https:\/\/utfpr.curitiba.br\/ajudagestao\/?page_id=199\" data-type=\"link\" data-id=\"https:\/\/utfpr.curitiba.br\/ajudagestao\/?page_id=199\">Regulamentos<\/a>  |  <a href=\"https:\/\/www.utfpr.edu.br\/cursos\/graduacao\" data-type=\"link\" data-id=\"https:\/\/www.utfpr.edu.br\/cursos\/graduacao\">Portal UTFPR<\/a><\/p>\n","protected":false},"excerpt":{"rendered":"<p>Os Professores Respons\u00e1veis dentro de uma coordena\u00e7\u00e3o acad\u00eamica desempenham um papel fundamental no suporte ao desenvolvimento integral dos alunos e no enriquecimento das atividades acad\u00eamicas. Entre esses cargos, destacam-se PRAInt, respons\u00e1vel pelas parcerias e programas internacionais, o PRAExt, encarregado de conectar a institui\u00e7\u00e3o com a comunidade atrav\u00e9s de projetos para o p\u00fablico externo, o PRAC,&hellip;&nbsp;<a href=\"https:\/\/utfpr.curitiba.br\/ajudagestao\/?page_id=210\" rel=\"bookmark\">Continue a ler &raquo;<span class=\"screen-reader-text\">Professores Respons\u00e1veis<\/span><\/a><\/p>\n","protected":false},"author":270,"featured_media":0,"parent":0,"menu_order":0,"comment_status":"closed","ping_status":"closed","template":"","meta":{"neve_meta_sidebar":"","neve_meta_container":"","neve_meta_enable_content_width":"","neve_meta_content_width":0,"neve_meta_title_alignment":"","neve_meta_author_avatar":"","neve_post_elements_order":"","neve_meta_disable_header":"","neve_meta_disable_footer":"","neve_meta_disable_title":"","footnotes":""},"class_list":["post-210","page","type-page","status-publish","hentry"],"_links":{"self":[{"href":"https:\/\/utfpr.curitiba.br\/ajudagestao\/index.php?rest_route=\/wp\/v2\/pages\/210","targetHints":{"allow":["GET"]}}],"collection":[{"href":"https:\/\/utfpr.curitiba.br\/ajudagestao\/index.php?rest_route=\/wp\/v2\/pages"}],"about":[{"href":"https:\/\/utfpr.curitiba.br\/ajudagestao\/index.php?rest_route=\/wp\/v2\/types\/page"}],"author":[{"embeddable":true,"href":"https:\/\/utfpr.curitiba.br\/ajudagestao\/index.php?rest_route=\/wp\/v2\/users\/270"}],"replies":[{"embeddable":true,"href":"https:\/\/utfpr.curitiba.br\/ajudagestao\/index.php?rest_route=%2Fwp%2Fv2%2Fcomments&post=210"}],"version-history":[{"count":12,"href":"https:\/\/utfpr.curitiba.br\/ajudagestao\/index.php?rest_route=\/wp\/v2\/pages\/210\/revisions"}],"predecessor-version":[{"id":1657,"href":"https:\/\/utfpr.curitiba.br\/ajudagestao\/index.php?rest_route=\/wp\/v2\/pages\/210\/revisions\/1657"}],"wp:attachment":[{"href":"https:\/\/utfpr.curitiba.br\/ajudagestao\/index.php?rest_route=%2Fwp%2Fv2%2Fmedia&parent=210"}],"curies":[{"name":"wp","href":"https:\/\/api.w.org\/{rel}","templated":true}]}}