{"id":206,"date":"2023-10-31T13:31:43","date_gmt":"2023-10-31T16:31:43","guid":{"rendered":"https:\/\/utfpr.curitiba.br\/ajudagestao\/?page_id=206"},"modified":"2025-01-29T13:41:12","modified_gmt":"2025-01-29T16:41:12","slug":"declaracoes","status":"publish","type":"page","link":"https:\/\/utfpr.curitiba.br\/ajudagestao\/?page_id=206","title":{"rendered":"Declara\u00e7\u00f5es"},"content":{"rendered":"\n<p>Frequentemente os alunos\/professores solicitam declara\u00e7\u00f5es dos mais variados tipos, entre elas: previs\u00e3o de formatura, CH de est\u00e1gio, matr\u00edcula, participa\u00e7\u00e3o em bancas, entre outras.<\/p>\n\n\n\n<p>Se necess\u00e1rio, a coordena\u00e7\u00e3o pode emitir declara\u00e7\u00f5es solicitadas por estudantes, docentes e outras pessoas da institui\u00e7\u00e3o. Para a realiza\u00e7\u00e3o das declara\u00e7\u00f5es \u00e9 necess\u00e1rio:<\/p>\n\n\n\n<ul class=\"wp-block-list\">\n<li class=\"has-neve-text-color-color has-text-color has-link-color wp-elements-a0b0d56a8eeb7063bb7d4eac9aa2058d\">Criar um processo do tipo \u201cGeral: an\u00e1lise e encaminhamento de documentos\u201d, no <a href=\"https:\/\/sei.utfpr.edu.br\/sip\/login.php?sigla_orgao_sistema=UTFPR&amp;sigla_sistema=SEI&amp;infra_url=L3NlaS8=\" data-type=\"URL\" data-id=\"https:\/\/sei.utfpr.edu.br\/sip\/login.php?sigla_orgao_sistema=UTFPR&amp;sigla_sistema=SEI&amp;infra_url=L3NlaS8=\" target=\"_blank\" rel=\"noreferrer noopener\">SEI!<\/a><\/li>\n\n\n\n<li>Anexar documentos relevantes para o processo (ex.: apresenta\u00e7\u00f5es de slides de eventos, lista de presen\u00e7a escaneada, fotos)<\/li>\n\n\n\n<li>Preencher as declara\u00e7\u00f5es<\/li>\n\n\n\n<li>Salv\u00e1-las em PDF para envio \u00e0s partes interessadas<\/li>\n<\/ul>\n\n\n\n<p class=\"has-nv-c-2-color has-text-color has-medium-font-size\"><strong>Paginas \u00fateis<\/strong><\/p>\n\n\n\n<p class=\"has-text-align-center has-nv-light-bg-background-color has-background\"><a href=\"https:\/\/sei.utfpr.edu.br\/sip\/login.php?sigla_orgao_sistema=UTFPR&amp;sigla_sistema=SEI&amp;infra_url=L3NlaS8=\" data-type=\"link\" data-id=\"https:\/\/sei.utfpr.edu.br\/sip\/login.php?sigla_orgao_sistema=UTFPR&amp;sigla_sistema=SEI&amp;infra_url=L3NlaS8=\">SEI!<\/a><\/p>\n","protected":false},"excerpt":{"rendered":"<p>Frequentemente os alunos\/professores solicitam declara\u00e7\u00f5es dos mais variados tipos, entre elas: previs\u00e3o de formatura, CH de est\u00e1gio, matr\u00edcula, participa\u00e7\u00e3o em bancas, entre outras. Se necess\u00e1rio, a coordena\u00e7\u00e3o pode emitir declara\u00e7\u00f5es solicitadas por estudantes, docentes e outras pessoas da institui\u00e7\u00e3o. Para a realiza\u00e7\u00e3o das declara\u00e7\u00f5es \u00e9 necess\u00e1rio: Paginas \u00fateis SEI!<\/p>\n","protected":false},"author":270,"featured_media":0,"parent":0,"menu_order":0,"comment_status":"closed","ping_status":"closed","template":"","meta":{"neve_meta_sidebar":"","neve_meta_container":"","neve_meta_enable_content_width":"","neve_meta_content_width":0,"neve_meta_title_alignment":"","neve_meta_author_avatar":"","neve_post_elements_order":"","neve_meta_disable_header":"","neve_meta_disable_footer":"","neve_meta_disable_title":"","footnotes":""},"class_list":["post-206","page","type-page","status-publish","hentry"],"_links":{"self":[{"href":"https:\/\/utfpr.curitiba.br\/ajudagestao\/index.php?rest_route=\/wp\/v2\/pages\/206","targetHints":{"allow":["GET"]}}],"collection":[{"href":"https:\/\/utfpr.curitiba.br\/ajudagestao\/index.php?rest_route=\/wp\/v2\/pages"}],"about":[{"href":"https:\/\/utfpr.curitiba.br\/ajudagestao\/index.php?rest_route=\/wp\/v2\/types\/page"}],"author":[{"embeddable":true,"href":"https:\/\/utfpr.curitiba.br\/ajudagestao\/index.php?rest_route=\/wp\/v2\/users\/270"}],"replies":[{"embeddable":true,"href":"https:\/\/utfpr.curitiba.br\/ajudagestao\/index.php?rest_route=%2Fwp%2Fv2%2Fcomments&post=206"}],"version-history":[{"count":7,"href":"https:\/\/utfpr.curitiba.br\/ajudagestao\/index.php?rest_route=\/wp\/v2\/pages\/206\/revisions"}],"predecessor-version":[{"id":1546,"href":"https:\/\/utfpr.curitiba.br\/ajudagestao\/index.php?rest_route=\/wp\/v2\/pages\/206\/revisions\/1546"}],"wp:attachment":[{"href":"https:\/\/utfpr.curitiba.br\/ajudagestao\/index.php?rest_route=%2Fwp%2Fv2%2Fmedia&parent=206"}],"curies":[{"name":"wp","href":"https:\/\/api.w.org\/{rel}","templated":true}]}}